{"id":13,"date":"2023-04-27T12:36:53","date_gmt":"2023-04-27T12:36:53","guid":{"rendered":"https:\/\/www.iseg.ulisboa.pt\/advance\/?page_id=13"},"modified":"2025-06-24T10:53:59","modified_gmt":"2025-06-24T10:53:59","slug":"sobre","status":"publish","type":"page","link":"https:\/\/www.iseg.ulisboa.pt\/advance\/sobre\/","title":{"rendered":"Sobre"},"content":{"rendered":"\n<section class=\"block-hero-full-width course-hero wf-section\">\n        <div class=\"course-hero__name\">\n            <h1 class=\"course-hero__heading has-iseg-red-color\">Sobre o <span class=\"course-hero__heading-span\">Advance<\/span><\/h1>\n    <\/div>\n            <div class=\"course-hero__backdrop has-iseg-white-background\"><\/div>\n    \n    <div class=\"course-hero__image\">\n    <img decoding=\"async\" src=\"https:\/\/www.iseg.ulisboa.pt\/advance\/wp-content\/uploads\/sites\/21\/2024\/03\/cover_3.png\" class=\"image-cover\" alt=\"\" srcset=\"https:\/\/www.iseg.ulisboa.pt\/advance\/wp-content\/uploads\/sites\/21\/2024\/03\/cover_3.png 3200w, https:\/\/www.iseg.ulisboa.pt\/advance\/wp-content\/uploads\/sites\/21\/2024\/03\/cover_3-300x150.png 300w, https:\/\/www.iseg.ulisboa.pt\/advance\/wp-content\/uploads\/sites\/21\/2024\/03\/cover_3-1536x768.png 1536w, https:\/\/www.iseg.ulisboa.pt\/advance\/wp-content\/uploads\/sites\/21\/2024\/03\/cover_3-2048x1024.png 2048w, https:\/\/www.iseg.ulisboa.pt\/advance\/wp-content\/uploads\/sites\/21\/2024\/03\/cover_3-18x9.png 18w\" sizes=\"(max-width: 3200px) 100vw, 3200px\" \/>    <\/div>\n<\/section>\n\n\n<div style=\"height:100px\" aria-hidden=\"true\" class=\"wp-block-spacer\"><\/div>\n\n\n\n<div class=\"block-media-long-text\">\n\t<div class=\"container\">\n\t\t<div class=\"block-media-long-text__container \">\n\t\t\t<div class=\"block-media-long-text__content\">\n\t\t\t\t<p>O ADVANCE tem como uma das suas finalidades apoiar financeira e administrativamente atividades de investiga\u00e7\u00e3o dos seus membros, que s\u00e3o maioritariamente Professores do Departamento de Gest\u00e3o do ISEG.<\/p>\n<p>O apoio \u00e0 divulga\u00e7\u00e3o da investiga\u00e7\u00e3o de elevado n\u00edvel em revistas conceituadas, bem como a sua apresenta\u00e7\u00e3o em conferencias internacionais faz parte do seu objeto.<\/p>\n<p>O Centro promove regularmente conferencias e semin\u00e1rios de investiga\u00e7\u00e3o de \u00e2mbito nacional e internacional permitindo a intera\u00e7\u00e3o dos seus membros com outros investigadores dos v\u00e1rios campos da Gest\u00e3o, alavancando desta forma a qualidade da investiga\u00e7\u00e3o realizada, o seu impacto societal e a sua divulga\u00e7\u00e3o \u00e0 sociedade.<\/p>\n\t\t\t<\/div>\n\t\t\t<div class=\"block-media-long-text__media\">\n\t\t\t\t<img decoding=\"async\" src=\"https:\/\/www.iseg.ulisboa.pt\/advance\/wp-content\/uploads\/sites\/21\/2024\/03\/DCP6402.jpg\" class=\"image-cover\" alt=\"\" srcset=\"https:\/\/www.iseg.ulisboa.pt\/advance\/wp-content\/uploads\/sites\/21\/2024\/03\/DCP6402.jpg 5805w, https:\/\/www.iseg.ulisboa.pt\/advance\/wp-content\/uploads\/sites\/21\/2024\/03\/DCP6402-300x200.jpg 300w, https:\/\/www.iseg.ulisboa.pt\/advance\/wp-content\/uploads\/sites\/21\/2024\/03\/DCP6402-1536x1025.jpg 1536w, https:\/\/www.iseg.ulisboa.pt\/advance\/wp-content\/uploads\/sites\/21\/2024\/03\/DCP6402-2048x1367.jpg 2048w, https:\/\/www.iseg.ulisboa.pt\/advance\/wp-content\/uploads\/sites\/21\/2024\/03\/DCP6402-18x12.jpg 18w\" sizes=\"(max-width: 5805px) 100vw, 5805px\" \/>\t\t\t<\/div>\n\t\t<\/div>\n\t<\/div>\n<\/div>\n\n\n\n<div style=\"height:100px\" aria-hidden=\"true\" class=\"wp-block-spacer\"><\/div>\n\n\n\n<section class=\"block-team \">\n    <div class=\"container\">\n                    <h2 class=\"block-team__text \"><h2><span style=\"color: #e73433\">Equipa de Coordena\u00e7\u00e3o<\/span><\/h2>\n<\/h2>\n                \n\t\t<div class=\"team-list js-lmc-container\" data-columns>\n\t\t\t\n                \t\t\t\t\n                <div class=\"faculty-list__item js-list-item\">\n                    <a href=\"\/faculty\/paulo-lopes-henriques\" class=\"faculty-item__photo \">\n                    <img decoding=\"async\" src=\"\/wp-content\/\/uploads\/lopeshen.jpg\" class=\"image-cover\">                    <\/a>\n                    <a href=\"\/faculty\/paulo-lopes-henriques\" class=\"faculty-item__name \">Paulo Lopes Henriques<\/a>\n                    <div class=\"faculty-item__job\">Presidente<\/div>\n                                                        <\/div>\n\n\t\t\t\n                \t\t\t\t\n                <div class=\"faculty-list__item js-list-item\">\n                    <a href=\"https:\/\/www.iseg.ulisboa.pt\/faculty\/carla-curado\/\" class=\"faculty-item__photo \">\n                    <img decoding=\"async\" src=\"https:\/\/www.iseg.ulisboa.pt\/advance\/wp-content\/uploads\/sites\/21\/2023\/11\/Foto-Carla.jpg\" class=\"image-cover\" alt=\"\" srcset=\"https:\/\/www.iseg.ulisboa.pt\/advance\/wp-content\/uploads\/sites\/21\/2023\/11\/Foto-Carla.jpg 414w, https:\/\/www.iseg.ulisboa.pt\/advance\/wp-content\/uploads\/sites\/21\/2023\/11\/Foto-Carla-269x300.jpg 269w, https:\/\/www.iseg.ulisboa.pt\/advance\/wp-content\/uploads\/sites\/21\/2023\/11\/Foto-Carla-11x12.jpg 11w\" sizes=\"(max-width: 414px) 100vw, 414px\" \/>                    <\/a>\n                    <a href=\"https:\/\/www.iseg.ulisboa.pt\/faculty\/carla-curado\/\" class=\"faculty-item__name \">Carla Curado<\/a>\n                    <div class=\"faculty-item__job\">Vogal<\/div>\n                                                        <\/div>\n\n\t\t\t\n                \t\t\t\t\n                <div class=\"faculty-list__item js-list-item\">\n                    <a href=\"\/faculty\/pedro-verga-matos\" class=\"faculty-item__photo \">\n                    <img decoding=\"async\" src=\"\/wp-content\/\/uploads\/pvmatos.jpg\" class=\"image-cover\">                    <\/a>\n                    <a href=\"\/faculty\/pedro-verga-matos\" class=\"faculty-item__name \">Pedro Verga Matos<\/a>\n                    <div class=\"faculty-item__job\">Vogal<\/div>\n                                                        <\/div>\n\n\t\t\t\t\t<\/div>\n    <\/div>\n<\/section>\n\n\n<section class=\"block-team \">\n    <div class=\"container\">\n                    <h2 class=\"block-team__text \"><h2><span style=\"color: #e73433\">Conselho Fiscal<\/span><\/h2>\n<\/h2>\n                \n\t\t<div class=\"team-list js-lmc-container\" data-columns>\n\t\t\t\n                \t\t\t\t\n                <div class=\"faculty-list__item js-list-item\">\n                    <a href=\"\/faculty\/antonio-samagaio\" class=\"faculty-item__photo \">\n                    <img decoding=\"async\" src=\"\/wp-content\/\/uploads\/antonio.samagaio.jpg\" class=\"image-cover\">                    <\/a>\n                    <a href=\"\/faculty\/antonio-samagaio\" class=\"faculty-item__name \">Ant\u00f3nio Samagaio<\/a>\n                    <div class=\"faculty-item__job\">Presidente <\/div>\n                                                        <\/div>\n\n\t\t\t\n                \t\t\t\t\n                <div class=\"faculty-list__item js-list-item\">\n                    <a href=\"\/faculty\/sandra-oliveira\" class=\"faculty-item__photo \">\n                    <img decoding=\"async\" src=\"\/wp-content\/\/uploads\/sandraoliveira.jpg\" class=\"image-cover\">                    <\/a>\n                    <a href=\"\/faculty\/sandra-oliveira\" class=\"faculty-item__name \">Sandra Oliveira<\/a>\n                    <div class=\"faculty-item__job\">Vogal<\/div>\n                                                        <\/div>\n\n\t\t\t\n                \t\t\t\t\n                <div class=\"faculty-list__item js-list-item\">\n                    <a href=\"\/faculty\/ricardo-rodrigues\" class=\"faculty-item__photo \">\n                    <img decoding=\"async\" src=\"\/wp-content\/\/uploads\/rmrodrigues.jpg\" class=\"image-cover\">                    <\/a>\n                    <a href=\"\/faculty\/ricardo-rodrigues\" class=\"faculty-item__name \">Ricardo Rodrigues<\/a>\n                    <div class=\"faculty-item__job\">Vogal<\/div>\n                                                        <\/div>\n\n\t\t\t\t\t<\/div>\n    <\/div>\n<\/section>\n\n\n<section class=\"block-team \">\n    <div class=\"container\">\n                    <h2 class=\"block-team__text \"><h2><span style=\"color: #e73433\">Mesa da Assembleia Geral<\/span><\/h2>\n<\/h2>\n                \n\t\t<div class=\"team-list js-lmc-container\" data-columns>\n\t\t\t\n                \t\t\t\t\n                <div class=\"faculty-list__item js-list-item\">\n                    <a href=\"https:\/\/www.iseg.ulisboa.pt\/faculty\/pedro-picaluga-nevado\" class=\"faculty-item__photo \">\n                    <img decoding=\"async\" src=\"https:\/\/www.iseg.ulisboa.pt\/advance\/wp-content\/uploads\/sites\/21\/2023\/12\/pedro-picaluga-nevadoa.jpg\" class=\"image-cover\" alt=\"\" srcset=\"https:\/\/www.iseg.ulisboa.pt\/advance\/wp-content\/uploads\/sites\/21\/2023\/12\/pedro-picaluga-nevadoa.jpg 808w, https:\/\/www.iseg.ulisboa.pt\/advance\/wp-content\/uploads\/sites\/21\/2023\/12\/pedro-picaluga-nevadoa-300x300.jpg 300w, https:\/\/www.iseg.ulisboa.pt\/advance\/wp-content\/uploads\/sites\/21\/2023\/12\/pedro-picaluga-nevadoa-150x150.jpg 150w, https:\/\/www.iseg.ulisboa.pt\/advance\/wp-content\/uploads\/sites\/21\/2023\/12\/pedro-picaluga-nevadoa-12x12.jpg 12w\" sizes=\"(max-width: 808px) 100vw, 808px\" \/>                    <\/a>\n                    <a href=\"https:\/\/www.iseg.ulisboa.pt\/faculty\/pedro-picaluga-nevado\" class=\"faculty-item__name \">Pedro Picaluga Nevado<\/a>\n                    <div class=\"faculty-item__job\">Presidente<\/div>\n                                                        <\/div>\n\n\t\t\t\n                \t\t\t\t\n                <div class=\"faculty-list__item js-list-item\">\n                    <a href=\"\/faculty\/filipa-duarte-da-silva\" class=\"faculty-item__photo \">\n                    <img decoding=\"async\" src=\"\/wp-content\/\/uploads\/fps.jpg\" class=\"image-cover\">                    <\/a>\n                    <a href=\"\/faculty\/filipa-duarte-da-silva\" class=\"faculty-item__name \">Filipa Pires Da Silva<\/a>\n                    <div class=\"faculty-item__job\">Secret\u00e1ria<\/div>\n                                                        <\/div>\n\n\t\t\t\t\t<\/div>\n    <\/div>\n<\/section>\n\n\n<div style=\"height:42px\" aria-hidden=\"true\" class=\"wp-block-spacer\"><\/div>\n\n\n<div class=\"block-additional-resources\">\n\t<div class=\"container\">\n\t\t<h3 class=\"has-iseg-red-color\">Identidade Gr\u00e1fica ADVANCE <\/h3>\n\t\t<div class=\"block-resources\">\n\t\t\t\t\t\t\t\t<a href=\"https:\/\/csg.rc.iseg.ulisboa.pt\/wp-content\/uploads\/2024\/04\/Advance-Kit-Logo_2023.zip\" class=\"block-resources__item\" title=\"Kit Logotipo\" target=\"_blank\">\n\t\t\t\t\t\tKit Logotipo\t\t\t\t\t<\/a>\n\t\t\t\t\t\t\t\t\t\t\t\t<a href=\"https:\/\/www.iseg.ulisboa.pt\/advance\/wp-content\/uploads\/sites\/21\/2024\/04\/V-A-Advance-Manual-Normas.pdf\" class=\"block-resources__item\" title=\"Manual de Normas\" target=\"_blank\">\n\t\t\t\t\t\tManual de Normas\t\t\t\t\t<\/a>\n\t\t\t\t\t\t\t\t\t\t\t\t<a href=\"https:\/\/www.iseg.ulisboa.pt\/advance\/wp-content\/uploads\/sites\/21\/2024\/04\/Advance-\u2014-Template-apresentacao_2022.pptx\" class=\"block-resources__item\" title=\"Template de Apresenta\u00e7\u00e3o\" target=\"_self\">\n\t\t\t\t\t\tTemplate de Apresenta\u00e7\u00e3o\t\t\t\t\t<\/a>\n\t\t\t\t\t\t\t\t\t<\/div>\n\t<\/div>\n<\/div>\n","protected":false},"excerpt":{"rendered":"","protected":false},"author":2,"featured_media":0,"parent":0,"menu_order":11,"comment_status":"closed","ping_status":"closed","template":"tpl-page-blocks.php","meta":{"inline_featured_image":false,"_uag_custom_page_level_css":"","footnotes":""},"acf":[],"uagb_featured_image_src":{"full":false,"thumbnail":false,"medium":false,"medium_large":false,"large":false,"1536x1536":false,"2048x2048":false},"uagb_author_info":{"display_name":"Major","author_link":"https:\/\/www.iseg.ulisboa.pt\/advance\/author\/leihla\/"},"uagb_comment_info":0,"uagb_excerpt":null,"_links":{"self":[{"href":"https:\/\/www.iseg.ulisboa.pt\/advance\/wp-json\/wp\/v2\/pages\/13"}],"collection":[{"href":"https:\/\/www.iseg.ulisboa.pt\/advance\/wp-json\/wp\/v2\/pages"}],"about":[{"href":"https:\/\/www.iseg.ulisboa.pt\/advance\/wp-json\/wp\/v2\/types\/page"}],"author":[{"embeddable":true,"href":"https:\/\/www.iseg.ulisboa.pt\/advance\/wp-json\/wp\/v2\/users\/2"}],"replies":[{"embeddable":true,"href":"https:\/\/www.iseg.ulisboa.pt\/advance\/wp-json\/wp\/v2\/comments?post=13"}],"version-history":[{"count":121,"href":"https:\/\/www.iseg.ulisboa.pt\/advance\/wp-json\/wp\/v2\/pages\/13\/revisions"}],"predecessor-version":[{"id":5458,"href":"https:\/\/www.iseg.ulisboa.pt\/advance\/wp-json\/wp\/v2\/pages\/13\/revisions\/5458"}],"wp:attachment":[{"href":"https:\/\/www.iseg.ulisboa.pt\/advance\/wp-json\/wp\/v2\/media?parent=13"}],"curies":[{"name":"wp","href":"https:\/\/api.w.org\/{rel}","templated":true}]}}