{"id":142,"date":"2023-04-28T13:52:00","date_gmt":"2023-04-28T13:52:00","guid":{"rendered":"https:\/\/www.iseg.ulisboa.pt\/advance\/?page_id=142"},"modified":"2025-11-11T12:01:54","modified_gmt":"2025-11-11T12:01:54","slug":"seminarios","status":"publish","type":"page","link":"https:\/\/www.iseg.ulisboa.pt\/advance\/eventos\/seminarios\/","title":{"rendered":"Semin\u00e1rios"},"content":{"rendered":"\n<div class=\"wp-block-pb-accordion-item c-accordion__item js-accordion-item no-js\" data-initially-open=\"false\" data-click-to-close=\"true\" data-auto-close=\"true\" data-scroll=\"false\" data-scroll-offset=\"0\"><h4 id=\"at-1426\" class=\"c-accordion__title js-accordion-controller\" role=\"button\">2024<\/h4><div id=\"ac-1426\" class=\"c-accordion__content\">\n<p>How to publish in international top management journals<\/p>\n\n\n\n<p>U.S. Corporate profits and transfer pricing<\/p>\n\n\n\n<p>Who Wants to Be a Millionaire? Exploring Auditor Comfort over Qualitative Financial Statement Disclosures<\/p>\n\n\n\n<p>Print e Oportunidades de Pesquisa em Inova\u00e7\u00e3o e Empreendedorismo<\/p>\n\n\n\n<p>Startups e Inova\u00e7\u00e3o Social: uma perspectiva comparada entre Brasil e Portugal<\/p>\n\n\n\n<p>Impact of environmental disasters on the stock prices of companies listed on the Brazilian Stock Exchange<\/p>\n\n\n\n<p>Omnicanalidade e Jornada Experiencial do Cliente: defini\u00e7\u00e3o de gargalos e proposta de solu\u00e7\u00f5es<\/p>\n\n\n\n<p>Artificial Intelligence-Powered Project Management: The Beginning of the Revolution<\/p>\n\n\n\n<p>LR e An\u00e1lise Bibliom\u00e9trica com VosViewer<\/p>\n\n\n\n<p>Desastres Ambientais e Retorno Anormal de A\u00e7\u00f5es: uma an\u00e1lise de empresas cotadas na Bolsa de Valores do Brasil<\/p>\n\n\n\n<p>Projeto POWER &#8211; Precisamos de Continuar a Falar de Igualdade de G\u00e9nero?<\/p>\n<\/div><\/div>\n\n\n\n<div class=\"wp-block-pb-accordion-item c-accordion__item js-accordion-item no-js\" data-initially-open=\"false\" data-click-to-close=\"true\" data-auto-close=\"true\" data-scroll=\"false\" data-scroll-offset=\"0\"><h4 id=\"at-14210\" class=\"c-accordion__title js-accordion-controller\" role=\"button\">2023<\/h4><div id=\"ac-14210\" class=\"c-accordion__content\">\n<p>IT &amp; Management Talk &#8211; Gamification in Information Systems<\/p>\n\n\n\n<p>Transi\u00e7\u00e3o para Economia Circular \u2013 Ecossistemas e Modelos de Neg\u00f3cios Circulares<\/p>\n\n\n\n<p>IT &amp; Management Talks &#8211; IT and Auditing<\/p>\n\n\n\n<p>Quando a quest\u00e3o de investiga\u00e7\u00e3o vem da pr\u00e1tica: uma abordagem de interven\u00e7\u00e3o<\/p>\n\n\n\n<p>Antes dos m\u00e9todos, o que ter em considera\u00e7\u00e3o ao iniciar uma investiga\u00e7\u00e3o?<\/p>\n\n\n\n<p>Text Mining: Linhas de investiga\u00e7\u00e3o em contabilidade e finan\u00e7as com an\u00e1lise de texto<\/p>\n\n\n\n<p>Revis\u00e3o da literatura sobre Ecosistemas Empreendedores com a discuss\u00e3o sobre o artigo \u201cBuilding a Bridge: Knowledge Sharing Flows into Entrepreneurial Ecosystems\u201d<\/p>\n\n\n\n<p>Workshop de Contabilidade e Controladoria na Lusofonia &#8211; 1\u00aa edi\u00e7\u00e3o<\/p>\n\n\n\n<p>IT &amp; Management Talks &#8211; AI-generated Text, Synthetic Genres, and Misinformation<\/p>\n\n\n\n<p>AKAM Technical &amp; all day AKAM Workshop<\/p>\n\n\n\n<p>Os Desafios da Atra\u00e7\u00e3o e Reten\u00e7\u00e3o de Talento das Novas Gera\u00e7\u00f5es<\/p>\n\n\n\n<p>Cooperatives in the Gig Economy: A Bright Spot for Workers and Industries<\/p>\n\n\n\n<p>Why Are Women Underrepresented in the American IT Industry? The Role of Explicit and Implicit Gender Identities<\/p>\n<\/div><\/div>\n\n\n\n<div class=\"wp-block-pb-accordion-item c-accordion__item js-accordion-item no-js\" data-initially-open=\"false\" data-click-to-close=\"true\" data-auto-close=\"true\" data-scroll=\"false\" data-scroll-offset=\"0\"><h4 id=\"at-1429\" class=\"c-accordion__title js-accordion-controller\" role=\"button\">2022<\/h4><div id=\"ac-1429\" class=\"c-accordion__content\">\n<p>Para al\u00e9m das redes de inova\u00e7\u00e3o<\/p>\n\n\n\n<p>Economia Social, Organiza\u00e7\u00f5es sem Fins Lucrativos e os desafios \u00e0 Gest\u00e3o<\/p>\n\n\n\n<p>IT &amp; Management Talks #1 \u2013 Blockchain Technology<\/p>\n\n\n\n<p>Capital Humano e a Digitaliza\u00e7\u00e3o da Economia: Desafios Estrat\u00e9gicos para a Auditoria<\/p>\n\n\n\n<p>Ciclo dos Livros do Nosso Tempo \u2013 The Gun, the Ship and the Pen<\/p>\n\n\n\n<p>IT &amp; Management Talks #2 \u2013 Cybersecurit<\/p>\n\n\n\n<p>How has the performance management system changed in a family firm with the entry of a private equity fund?<\/p>\n\n\n\n<p>IT &amp; Management Talks #3 \u2013 Digital Transformation and Sustainability<\/p>\n<\/div><\/div>\n\n\n\n<div class=\"wp-block-pb-accordion-item c-accordion__item js-accordion-item no-js\" data-initially-open=\"false\" data-click-to-close=\"true\" data-auto-close=\"true\" data-scroll=\"false\" data-scroll-offset=\"0\"><h4 id=\"at-1420\" class=\"c-accordion__title js-accordion-controller\" role=\"button\">2021<\/h4><div id=\"ac-1420\" class=\"c-accordion__content\">\n<p>Para al\u00e9m das redes de inova\u00e7\u00e3o<\/p>\n<\/div><\/div>\n\n\n\n<div class=\"wp-block-pb-accordion-item c-accordion__item js-accordion-item no-js\" data-initially-open=\"false\" data-click-to-close=\"true\" data-auto-close=\"true\" data-scroll=\"false\" data-scroll-offset=\"0\"><h4 id=\"at-1427\" class=\"c-accordion__title js-accordion-controller\" role=\"button\">2020<\/h4><div id=\"ac-1427\" class=\"c-accordion__content\">\n<p>Advancing sustainable Wte worldwide: contribution in circular economy<\/p>\n\n\n\n<p>Webinar &#8211; Digital Infrastructure of the Institutional Environment<\/p>\n<\/div><\/div>\n\n\n\n<div class=\"wp-block-pb-accordion-item c-accordion__item js-accordion-item no-js\" data-initially-open=\"false\" data-click-to-close=\"true\" data-auto-close=\"true\" data-scroll=\"false\" data-scroll-offset=\"0\"><h4 id=\"at-1428\" class=\"c-accordion__title js-accordion-controller\" role=\"button\">2019<\/h4><div id=\"ac-1428\" class=\"c-accordion__content\">\n<p>Investiga\u00e7\u00e3o em Turismo<\/p>\n\n\n\n<p>Diversidade e Mudan\u00e7a Organizacional<\/p>\n\n\n\n<p>Cultural factors and Perceived Opportunity: a cross-national view<\/p>\n\n\n\n<p>Financial Reporting Quality in the Banking Industry<\/p>\n\n\n\n<p>Encontro de boas pr\u00e1ticas pedag\u00f3gicas<\/p>\n\n\n\n<p>Ubuntu: An Operating System, a Community and Business<\/p>\n\n\n\n<p>The Rules of Attraction: The Evaluative Benefits of Corporate Philanthropy and the Selection of Recipient Cultural Organizations<\/p>\n\n\n\n<p>Introdu\u00e7\u00e3o ao Smart PLS 3.0<\/p>\n\n\n\n<p>Compartilhamento de conhecimento: Comportamentos desej\u00e1veis e indesej\u00e1veis<\/p>\n\n\n\n<p>Changing Enterprise Business Model: Functions and Measures in the Context of Secular Economies, technology progress<\/p>\n\n\n\n<p>Tax Compliance: Factors that Influence Taxpayers&#8217; Invoice Request<\/p>\n\n\n\n<p>How to publish in WoS ranked journals<\/p>\n\n\n\n<p>Sustainability accounting and reporting: What we know? Methodologies, Theories and future perspectives<\/p>\n\n\n\n<p>Lan\u00e7amento de Livro Inova\u00e7\u00e3o Social \u2013 Estrutura de Miss\u00e3o Portugal Inova\u00e7\u00e3o Social<\/p>\n\n\n\n<p>Sistema de Inova\u00e7\u00e3o em Ensino e Aprendizagem no Brasil<\/p>\n\n\n\n<p>1st Symposium on the Effects of Sustainability and Socially Responsible Practices on Society<\/p>\n\n\n\n<p>A Otimiza\u00e7\u00e3o da Gest\u00e3o de Recursos em Turismo: Modelando Prefer\u00eancias<\/p>\n\n\n\n<p>Tecnologia e Trabalho: Controv\u00e9rsias do Passado e do Presente<\/p>\n\n\n\n<p>Social innovation development in Portugal: the importance of public policies<\/p>\n\n\n\n<p>A cria\u00e7\u00e3o de fundos de impacto em Portugal: oportunidades para as finan\u00e7as sustent\u00e1veis<\/p>\n\n\n\n<p>Quais os objectivos das empresas? Uma leitura<\/p>\n\n\n\n<p>Firm value and accounting profitability impacts on U.S. hospitality companies: evidence from the operational segment of timeshare<\/p>\n\n\n\n<p>Corporate Governance y Responsabilidad Social Corporativa: Pistas de investigaci\u00f3n<\/p>\n<\/div><\/div>\n\n\n\n<div class=\"wp-block-pb-accordion-item c-accordion__item js-accordion-item no-js\" data-initially-open=\"false\" data-click-to-close=\"true\" data-auto-close=\"true\" data-scroll=\"false\" data-scroll-offset=\"0\"><h4 id=\"at-1425\" class=\"c-accordion__title js-accordion-controller\" role=\"button\">2018<\/h4><div id=\"ac-1425\" class=\"c-accordion__content\">\n<p>Examining the relationship between institutional logics and trust in complex organisational environments: the case of renegotiations in Portuguese Public-Private Partnerships<\/p>\n\n\n\n<p>O papel dos cidad\u00e3os na nova administra\u00e7\u00e3o publica e o desempenho das For\u00e7as Armadas Portuguesas<\/p>\n\n\n\n<p>Uso dos estudos meta anal\u00edticos na investiga\u00e7\u00e3o acad\u00e9mica<\/p>\n\n\n\n<p>Workshop: Meta analise<\/p>\n\n\n\n<p>2018 Global Azure Bootcamp<\/p>\n\n\n\n<p>Values in management control: Routines of measurement and deliberation<\/p>\n\n\n\n<p>Selected information systems research approaches with a focus on the knowledge management characteristics of specific organizations<\/p>\n\n\n\n<p>Hierarchical (tree-like) data presentation in relational databases<\/p>\n\n\n\n<p>The dynamic of the co-innovation process: an analysis of multi-actor interactions<\/p>\n\n\n\n<p>Knowledge cycles on software development<\/p>\n\n\n\n<p>How does what happens beyond the threshold of our consciousness affect our lives? About the conscious and unconscious brain<\/p>\n\n\n\n<p>Price Promotions and Customer Behavior<\/p>\n\n\n\n<p>Aplica\u00e7\u00e3o do Design Thinking integrado com m\u00e9todos \u00e1geis na Gest\u00e3o de Projetos de Software<\/p>\n<\/div><\/div>\n\n\n\n<div class=\"wp-block-pb-accordion-item c-accordion__item js-accordion-item no-js\" data-initially-open=\"false\" data-click-to-close=\"true\" data-auto-close=\"true\" data-scroll=\"false\" data-scroll-offset=\"0\"><h4 id=\"at-1421\" class=\"c-accordion__title js-accordion-controller\" role=\"button\">2015<\/h4><div id=\"ac-1421\" class=\"c-accordion__content\">\n<p>Corporate Reputation`s Contribution to Value Co-Creation from Stakeholder`s Perspective: The Cases of Costumers and Employees ( <a href=\"https:\/\/www.iseg.ulisboa.pt\/aquila\/getFile.do?method=getFile&amp;fileId=531914&amp;_request_checksum_=321ad0ee92e9ccf4ecc4576e15a4161b571b17c7\">Click here<\/a>)<\/p>\n\n\n\n<p>As fun\u00e7\u00f5es atuais do Banco de Portugal no quadro do mecanismo \u00fanico de supervis\u00e3o europeu (click here)<\/p>\n\n\n\n<p>Conduting research (click here)<\/p>\n\n\n\n<p>Preparing a manuscript for submission (click here)<\/p>\n\n\n\n<p>A mobilidade intradestino dos turistas. Contributos para a sua modela\u00e7\u00e3o (click here)<\/p>\n\n\n\n<p>&#8220;Investiga\u00e7\u00e3o em Gest\u00e3o &#8211; Novas prespectivas&#8221; (JUN2015), CISDI Researcher, Institute of Higher Military Studies, Portugal.<\/p>\n\n\n\n<p>&#8220;CEO turnover: The role of firm performance and board homophily &#8220;, por&nbsp; Siri Terjensen, Kelley School of Business, Indiana University, ISEG Seminar Series, Lisboa 15 de Maio de 2015<\/p>\n\n\n\n<p>&#8220;Corporate Political Activity in Emerging Markets: Deploying Reactive Political Capabilities Under Weak Institutional Contexts&#8221;, por Tazeeb Rajvani,&nbsp; Cranfield UK, ISEG Seminar Series, Lisboa 27 de Fevereiro de 2015.<\/p>\n\n\n\n<p>&#8220;Supporting entrepreneurs and post-graduate students in Small Business Growth through Interactive Learning Environments (ILEs) based on the System Dynamics Methodology &#8220;, por&nbsp; Enzo Bivona, Universit\u00e1 de Palermo, ISEG Seminar Series, Lisboa 27 de Mar\u00e7o de 2015<\/p>\n\n\n\n<p>Cycle of Books of Our Time &#8220;O Capital no Seculo XXI&#8221; de Thomas Piketty &#8211; Comentado pelo Professor Nuno Val\u00e9rio. ISEG, Universidade de Lisboa 15\/10\/2015<\/p>\n\n\n\n<p>Cycle of Books of Our Time &#8221; Strategy: A History&#8221; de Lawrence Freedman &#8211; Lido e comentado pelo Professor Tiago Card\u00e3o-Pito. ISEG, Universidade de Lisboa 12\/11\/2015<\/p>\n\n\n\n<p>Cycle of Books of Our Time &#8220;Why Nations Fail: The Origins of Power, Prosperity, and Poverty&#8221; de Daron Acemoglu&nbsp; e James A. Robinson &#8211; Lido e comentado pelo Professor Jos\u00e9 Ant\u00f3nio Pereirinha; ISEG, Universidade de Lisboa 9\/12\/2015.<\/p>\n<\/div><\/div>\n\n\n\n<div class=\"wp-block-pb-accordion-item c-accordion__item js-accordion-item no-js\" data-initially-open=\"false\" data-click-to-close=\"true\" data-auto-close=\"true\" data-scroll=\"false\" data-scroll-offset=\"0\"><h4 id=\"at-1422\" class=\"c-accordion__title js-accordion-controller\" role=\"button\">2014<\/h4><div id=\"ac-1422\" class=\"c-accordion__content\">\n<p>O Instituto Federal de Educa\u00e7\u00e3o, Ci\u00eancia e Tecnologia Sul-rio-grandense (IFSul &#8211; Brasil) e a sua atua\u00e7\u00e3o nas \u00e1reas de Ensino, Pesquisa e Extens\u00e3o ( <a href=\"https:\/\/www.iseg.ulisboa.pt\/aquila\/getFile.do?method=getFile&amp;fileId=530064&amp;_request_checksum_=f0ddd476ab3750456f91416abb5d73bcbdd65f98\">Click here<\/a>)<\/p>\n\n\n\n<p>New Marketing Techniques for Customer Loyalty. Application of a Viral Communication System adapted to a Hotel Chain Loyalty Program Strategy ( <a href=\"https:\/\/www.iseg.ulisboa.pt\/aquila\/getFile.do?method=getFile&amp;fileId=527556&amp;_request_checksum_=d68f1336f206d51021a4d09a6acf829c5b20690a\">Click here<\/a>)<\/p>\n\n\n\n<p>The Impact of Costumer Reference Marketing on Organizational Buying Behavior: Evidence from the Portuguese Energy Industry ( <a href=\"https:\/\/www.iseg.ulisboa.pt\/aquila\/getFile.do?method=getFile&amp;fileId=522103&amp;_request_checksum_=97ed30ef1a098728b17dd29c0c3c0fc61190ddae\">Click here<\/a>)<\/p>\n\n\n\n<p>Horizontal Relationships in Industrial Networks: A Study of Strategic Alliances in the Portuguese Pharmaceutical Industry ( <a href=\"https:\/\/www.iseg.ulisboa.pt\/aquila\/getFile.do?method=getFile&amp;fileId=517871&amp;_request_checksum_=d1ef5e08227a64a1df704198010fcb23c2de1891\">Click here<\/a>)<\/p>\n\n\n\n<p>A Pr\u00e1tica Estrat\u00e9gica em Micro e Pequenas Empresas Brasileiras: Uma Agenda para Novas Pesquisas ( <a href=\"https:\/\/www.iseg.ulisboa.pt\/aquila\/getFile.do?method=getFile&amp;fileId=500303&amp;_request_checksum_=ca15ae1452e19b8691d5960dab4c2d9dc5cc91fa\">Click here<\/a>)<\/p>\n\n\n\n<p>Twofold nature of social capital: benefits, threats and development opportunities ( <a href=\"https:\/\/www.iseg.ulisboa.pt\/aquila\/getFile.do?method=getFile&amp;fileId=498678&amp;_request_checksum_=35393109ff3e6412610378a0bcf1ceb853c11a94\">Click here<\/a>)<\/p>\n\n\n\n<p>Modelos Te\u00f3ricos-empiricos de Avalia\u00e7\u00e3o de Ativos Intang\u00edveis ( <a href=\"https:\/\/www.iseg.ulisboa.pt\/aquila\/getFile.do?method=getFile&amp;fileId=478461&amp;_request_checksum_=71c5d5f7a4a61807777af63a21fa3594d470661b\">Click here<\/a>)<\/p>\n\n\n\n<p>Disclosure of Income Taxes and Firm Value: A Cross Country Comparison of IFRS Adopters ( <a href=\"https:\/\/www.iseg.ulisboa.pt\/aquila\/getFile.do?method=getFile&amp;fileId=471861&amp;_request_checksum_=2de5e4d1cfe1bfea8624189d1fbc558540c86d61\">Click here<\/a>)<\/p>\n\n\n\n<p>As pr\u00e1ticas de Governance das empresas nas associa\u00e7\u00f5es mutualistas &#8211; especificidades, justifica\u00e7\u00f5es e consequ\u00eancias: um poss\u00edvel modelo de equil\u00edbrio ( <a href=\"https:\/\/www.iseg.ulisboa.pt\/aquila\/getFile.do?method=getFile&amp;fileId=466866&amp;_request_checksum_=3f5f8b11a2df655f287785dbc55a23f2e02605e3\">Click here<\/a>)<\/p>\n\n\n\n<p>&nbsp;Portofolio Insurance: Friend or Foe? ( <a href=\"https:\/\/www.iseg.ulisboa.pt\/aquila\/getFile.do?method=getFile&amp;fileId=454308&amp;_request_checksum_=6ea5a63150ef2abee34522a3374cf6ec29f76c64\">Click here<\/a>)<\/p>\n<\/div><\/div>\n\n\n\n<div class=\"wp-block-pb-accordion-item c-accordion__item js-accordion-item no-js\" data-initially-open=\"false\" data-click-to-close=\"true\" data-auto-close=\"true\" data-scroll=\"false\" data-scroll-offset=\"0\"><h4 id=\"at-1423\" class=\"c-accordion__title js-accordion-controller\" role=\"button\">2013<\/h4><div id=\"ac-1423\" class=\"c-accordion__content\">\n<p>International Entrepreneurship: a review and future directions (clik here)<\/p>\n\n\n\n<p>A Din\u00e2mica entre Inova\u00e7\u00e3o e Internacionaliza\u00e7\u00e3o na Industria Brasileira (Click here)<\/p>\n\n\n\n<p>A colabora\u00e7\u00e3o Interorganizacional no Quadro da Inova\u00e7\u00e3o Empresarial em Portugal (Click here)<\/p>\n\n\n\n<p>Mobilidade Empresarial: Casos pr\u00e1ticos no contexto brasileiro<\/p>\n\n\n\n<p>( <a href=\"https:\/\/www.iseg.ulisboa.pt\/aquila\/getFile.do?method=getFile&amp;fileId=368085&amp;_request_checksum_=8b091d930f7d20646eefab0c1cb6fbcb28c629eb\">Click here<\/a>)<\/p>\n\n\n\n<p>Understanding Leadership Effectiveness Inside Organizations: an integrative approach ( <a href=\"https:\/\/www.iseg.ulisboa.pt\/aquila\/getFile.do?method=getFile&amp;fileId=368106&amp;_request_checksum_=c5c864aa70db97702f60dd3af61ad6870d306f78\">Click here<\/a>)<\/p>\n\n\n\n<p>Innovation Microenterprises ( <a href=\"https:\/\/www.iseg.ulisboa.pt\/aquila\/getFile.do?method=getFile&amp;fileId=368105&amp;_request_checksum_=ed01f82c5bda20d0a920fc76d6f013568be9ef6e\">Click here<\/a>)<\/p>\n\n\n\n<p>Comparative Corporate Governance: The Role of Political Preferences and Institutions.( <a href=\"https:\/\/www.iseg.ulisboa.pt\/aquila\/getFile.do?method=getFile&amp;fileId=357891&amp;_request_checksum_=98f332843e3ba2820fc03b60d16fbd230d5fd4e5\">Click here<\/a>)<\/p>\n\n\n\n<p>Sistemas Internos de Gest\u00e3o de Qualidade nas Universidades Portuguesas. ( <a href=\"https:\/\/www.iseg.ulisboa.pt\/aquila\/getFile.do?method=getFile&amp;fileId=357890&amp;_request_checksum_=80957641ea82ac617e1e5b255788cc787988fdda\">Click here<\/a>)<\/p>\n<\/div><\/div>\n\n\n\n<div class=\"wp-block-pb-accordion-item c-accordion__item js-accordion-item no-js\" data-initially-open=\"false\" data-click-to-close=\"true\" data-auto-close=\"true\" data-scroll=\"false\" data-scroll-offset=\"0\"><h4 id=\"at-1424\" class=\"c-accordion__title js-accordion-controller\" role=\"button\">2012<\/h4><div id=\"ac-1424\" class=\"c-accordion__content\">\n<p>An Integrative Approach to Leadership Effectiveness: Undersenting the Antecedents, Self-regulatory Mechanisms and Processes of Leadership in Organizational Settings. ( <a href=\"https:\/\/www.iseg.ulisboa.pt\/aquila\/getFile.do?method=getFile&amp;fileId=357889&amp;_request_checksum_=05fa6b5b2bc5bb9c99d3dcb72685555abe381533\">Click here<\/a>)<\/p>\n\n\n\n<p>Nuevas T\u00e9cnicas de Aprendizage en la Ens\u00f1anza:La Aplicaci\u00f3n de las TIC en la Ense\u00f1anza. ( <a href=\"https:\/\/www.iseg.ulisboa.pt\/aquila\/getFile.do?method=getFile&amp;fileId=357888&amp;_request_checksum_=392b25fd01daae9ba0869f6bdae1be55b5db2896\">Click here<\/a>)<\/p>\n\n\n\n<p>The Origins of Intergenarational Associations in Entrepreneurship: Evidence From Adaption Data.( <a href=\"https:\/\/www.iseg.ulisboa.pt\/aquila\/getFile.do?method=getFile&amp;fileId=357885&amp;_request_checksum_=d2d81e32a1513bb93475f1a6f6e1a60c04fc28f7\">Click here<\/a>)<\/p>\n\n\n\n<p>Compet\u00eancias Centrais e Capacidades Din\u00e2micas para a Gest\u00e3o do Portfolio de Projetos de TI das Organiza\u00e7\u00f5es. ( <a href=\"https:\/\/www.iseg.ulisboa.pt\/aquila\/getFile.do?method=getFile&amp;fileId=287085&amp;_request_checksum_=cdf5eb29be9ab7343a776d3b9a7cf1f463fca1e8\">Click here<\/a>)<\/p>\n\n\n\n<p>Corporate Governance models &#8211; Performance Measures and its relation with Key Corporate variables and models &#8211; a prespective from some European countries. ( <a href=\"https:\/\/www.iseg.ulisboa.pt\/aquila\/getFile.do?method=getFile&amp;fileId=287087&amp;_request_checksum_=197e7a36f24f52505f92963069e03b96332e7251\">Click here<\/a>)<\/p>\n\n\n\n<p>The Origins of Intergenerational Associations in Entrepreneuship: Evidence from adoption data. ( <a href=\"https:\/\/www.iseg.ulisboa.pt\/aquila\/getFile.do?method=getFile&amp;fileId=287096&amp;_request_checksum_=08cf71f66d7ddd35ce4086c6a292db0c088368e9\">Click here<\/a>)<\/p>\n\n\n\n<p>Nuevas t\u00e9cnicas de aprendizaje en la ense\u00f1anza:La aplicaci\u00f3n de las TIC en la ense\u00f1anza. ( <a href=\"https:\/\/www.iseg.ulisboa.pt\/aquila\/getFile.do?method=getFile&amp;fileId=287095&amp;_request_checksum_=86f9481b607341442500fa47d1601a56f4172db3\">Click here<\/a>)<\/p>\n\n\n\n<p>Industry Location Shift through Technological Change &#8211; A Study of the US semiconductor Industry (1947-1987).( <a href=\"https:\/\/www.iseg.ulisboa.pt\/aquila\/getFile.do?method=getFile&amp;fileId=287097&amp;_request_checksum_=90349fa5f3e25bc861818f990566d84687b4d236\">Click here<\/a>)<\/p>\n<\/div><\/div>\n","protected":false},"excerpt":{"rendered":"","protected":false},"author":2,"featured_media":0,"parent":139,"menu_order":0,"comment_status":"closed","ping_status":"closed","template":"","meta":{"inline_featured_image":false,"_uag_custom_page_level_css":"","footnotes":""},"acf":[],"uagb_featured_image_src":{"full":false,"thumbnail":false,"medium":false,"medium_large":false,"large":false,"1536x1536":false,"2048x2048":false},"uagb_author_info":{"display_name":"Major","author_link":"https:\/\/www.iseg.ulisboa.pt\/advance\/author\/leihla\/"},"uagb_comment_info":0,"uagb_excerpt":null,"_links":{"self":[{"href":"https:\/\/www.iseg.ulisboa.pt\/advance\/wp-json\/wp\/v2\/pages\/142"}],"collection":[{"href":"https:\/\/www.iseg.ulisboa.pt\/advance\/wp-json\/wp\/v2\/pages"}],"about":[{"href":"https:\/\/www.iseg.ulisboa.pt\/advance\/wp-json\/wp\/v2\/types\/page"}],"author":[{"embeddable":true,"href":"https:\/\/www.iseg.ulisboa.pt\/advance\/wp-json\/wp\/v2\/users\/2"}],"replies":[{"embeddable":true,"href":"https:\/\/www.iseg.ulisboa.pt\/advance\/wp-json\/wp\/v2\/comments?post=142"}],"version-history":[{"count":5,"href":"https:\/\/www.iseg.ulisboa.pt\/advance\/wp-json\/wp\/v2\/pages\/142\/revisions"}],"predecessor-version":[{"id":5827,"href":"https:\/\/www.iseg.ulisboa.pt\/advance\/wp-json\/wp\/v2\/pages\/142\/revisions\/5827"}],"up":[{"embeddable":true,"href":"https:\/\/www.iseg.ulisboa.pt\/advance\/wp-json\/wp\/v2\/pages\/139"}],"wp:attachment":[{"href":"https:\/\/www.iseg.ulisboa.pt\/advance\/wp-json\/wp\/v2\/media?parent=142"}],"curies":[{"name":"wp","href":"https:\/\/api.w.org\/{rel}","templated":true}]}}