{"id":155,"date":"2023-04-28T14:18:28","date_gmt":"2023-04-28T14:18:28","guid":{"rendered":"https:\/\/www.iseg.ulisboa.pt\/advance\/?page_id=155"},"modified":"2026-05-04T10:49:33","modified_gmt":"2026-05-04T10:49:33","slug":"working-papers","status":"publish","type":"page","link":"https:\/\/www.iseg.ulisboa.pt\/advance\/working-papers\/","title":{"rendered":"Working Papers"},"content":{"rendered":"\n<div class=\"wp-block-group is-vertical is-layout-flex wp-container-core-group-is-layout-1 wp-block-group-is-layout-flex\">\n<div class=\"wp-block-columns is-layout-flex wp-container-core-columns-is-layout-1 wp-block-columns-is-layout-flex\">\n<div class=\"wp-block-column is-layout-flow wp-block-column-is-layout-flow\" style=\"flex-basis:100%\">\n<div style=\"background-color: #413f4b;\" class=\"block-publications\">\n\t<div class=\"container\">\n\t\t<div class=\"block-header\">\n\t\t\t<h2 style=\"color: #ffffff;\">\n\t\t\t\tPalestra do Professor Doutor V\u00edtor Gon\u00e7alves a prop\u00f3sito do seu Jubileu\t\t\t<\/h2>\n\t\t\t\t\t<\/div>\n\t\t\n\t\t<div class=\"publications-list\">\n\t\t\t\t\t\t\t\t\t\t\t\t<div class=\"publications-list__item has-iseg-white-background\">\n\t\t\t\t\t\t<div class=\"publications__item-title\">Gest\u00e3o e Estrat\u00e9gia em Tempos de Incerteza<\/div>\n\t\t\t\t\t\t<a href=\"https:\/\/www.iseg.ulisboa.pt\/advance\/wp-content\/uploads\/sites\/21\/2026\/05\/Gestao-e-estrategia-em-tempos-de-incerteza-2026.pdf\" class=\"link-learnmore\" title=\"Gest\u00e3o e Estrat\u00e9gia em Tempos de Incerteza\" target=\"_self\">Explorar<\/a>\n\t\t\t\t\t<\/div>\n\t\t\t\t\t\t\t\t\t<\/div>\n\t<\/div>\n<\/div>\n\n\n<div style=\"height:100px\" aria-hidden=\"true\" class=\"wp-block-spacer\"><\/div>\n<\/div>\n<\/div>\n<\/div>\n\n\n\n\n<table id=\"tablepress-2\" class=\"tablepress tablepress-id-2\">\n<thead>\n<tr class=\"row-1 odd\">\n\t<th class=\"column-1\"><\/th><th class=\"column-2\"><\/th><th class=\"column-3\"><\/th>\n<\/tr>\n<\/thead>\n<tbody class=\"row-hover\">\n<tr class=\"row-2 even\">\n\t<td class=\"column-1\">2022<\/td><td class=\"column-2\">Supporting small firms through recessions and recoveries<\/td><td class=\"column-3\">Bonfim, Diana; Cust\u00f3dio, Cl\u00e1udia; Raposo, Clara<\/td>\n<\/tr>\n<tr class=\"row-3 odd\">\n\t<td class=\"column-1\">2019<\/td><td class=\"column-2\">Taxation and public spending efficiency: an international comparison<\/td><td class=\"column-3\">Afonso, Ant\u00f3nio; Jalles, Jo\u00e3o Tovar; Ven\u00e2ncio, Ana<\/td>\n<\/tr>\n<tr class=\"row-4 even\">\n\t<td class=\"column-1\">2019<\/td><td class=\"column-2\">The sensitivity of SME\u2019s investment and employment to the cost of debt financing<\/td><td class=\"column-3\">Bonfim, Diana; Raposo, Clara; Cust\u00f3dio, Cl\u00e1udia<\/td>\n<\/tr>\n<tr class=\"row-5 odd\">\n\t<td class=\"column-1\">2014<\/td><td class=\"column-2\">EU Finance Ministers, capital markets and fiscal outcomes<\/td><td class=\"column-3\">Afonso, Ant\u00f3nio; Guedes, Maria Jo\u00e3o<\/td>\n<\/tr>\n<tr class=\"row-6 even\">\n\t<td class=\"column-1\">2013<\/td><td class=\"column-2\">The relevance of commuting zones for regional spending efficiency<\/td><td class=\"column-3\">Afonso, Ant\u00f3nio; Ven\u00e2ncio, Ana<\/td>\n<\/tr>\n<tr class=\"row-7 odd\">\n\t<td class=\"column-1\">2013<\/td><td class=\"column-2\">Values beliefs and economic behaviors: a regional approach<\/td><td class=\"column-3\">Gra\u00e7a, Jo\u00e3o Carlos; Lopes, Jo\u00e3o Carlos; Niza, Cl\u00e1udia<\/td>\n<\/tr>\n<tr class=\"row-8 even\">\n\t<td class=\"column-1\">2013<\/td><td class=\"column-2\">This movie theater smells different : the effect of ambient scent on moviegoer evaluations and behaviors<\/td><td class=\"column-3\">Ver\u00edssimo, Jos\u00e9; Pereira, Rui Luis Alves<\/td>\n<\/tr>\n<tr class=\"row-9 odd\">\n\t<td class=\"column-1\">2012<\/td><td class=\"column-2\">Exports, productivity and innovation : evidence from Portugal using microdata<\/td><td class=\"column-3\">Faustino, Hor\u00e1cio C.; Lima, Joana C.; Matos, Pedro V.<\/td>\n<\/tr>\n<tr class=\"row-10 even\">\n\t<td class=\"column-1\">2012<\/td><td class=\"column-2\">Using transformational leadership to enhance the development of corporate strategy focused on a community\u2019s common interests<\/td><td class=\"column-3\">Ver\u00edssimo, Jos\u00e9 Manuel; Lacerda, Teresa<\/td>\n<\/tr>\n<tr class=\"row-11 odd\">\n\t<td class=\"column-1\">2012<\/td><td class=\"column-2\">Using transformational leadership to enhance the development of corporate strategy focused on a community\u2019s common interests<\/td><td class=\"column-3\">Ver\u00edssimo, Jos\u00e9; Lacerda, Teresa C.<\/td>\n<\/tr>\n<tr class=\"row-12 even\">\n\t<td class=\"column-1\">2009<\/td><td class=\"column-2\">Funding contract duration of microcredit loans<\/td><td class=\"column-3\">Barroso, Nazar\u00e9; Barros, Carlos Pestana; Borges, Maria Rosa<\/td>\n<\/tr>\n<tr class=\"row-13 odd\">\n\t<td class=\"column-1\">2009<\/td><td class=\"column-2\">Estudo de casos : um curso de ac\u00e7\u00e3o na investiga\u00e7\u00e3o em gest\u00e3o<\/td><td class=\"column-3\">Nevado, Pedro Picaluga<\/td>\n<\/tr>\n<tr class=\"row-14 even\">\n\t<td class=\"column-1\">2009<\/td><td class=\"column-2\">Estudos de casos: um curso de ac\u00e7\u00e3o na investiga\u00e7\u00e3o em Gest\u00e3o<\/td><td class=\"column-3\">Nevado, Pedro Picaluga<\/td>\n<\/tr>\n<tr class=\"row-15 odd\">\n\t<td class=\"column-1\">2008<\/td><td class=\"column-2\">Value Investing: The Book-To-Market Effect, Accounting Information, and Stock Returns<\/td><td class=\"column-3\">Almas, David; Duque, Jo\u00e3o<\/td>\n<\/tr>\n<tr class=\"row-16 even\">\n\t<td class=\"column-1\">2008<\/td><td class=\"column-2\">Value investing: the book-to-market effect, accounting information, and stock returns<\/td><td class=\"column-3\">Almas, David; Duque, Jo\u00e3o<\/td>\n<\/tr>\n<tr class=\"row-17 odd\">\n\t<td class=\"column-1\">2008<\/td><td class=\"column-2\">Electricity market interconnections and electricity price volatility<\/td><td class=\"column-3\">Fonseca, Nuno; Duque, Jo\u00e3o<\/td>\n<\/tr>\n<tr class=\"row-18 even\">\n\t<td class=\"column-1\">2008<\/td><td class=\"column-2\">Convexity adjustments for ATS models<\/td><td class=\"column-3\">Gaspar, Raquel M.; Murgoci, Agatha<\/td>\n<\/tr>\n<tr class=\"row-19 odd\">\n\t<td class=\"column-1\">2008<\/td><td class=\"column-2\">CDOs in the light of the current crisis<\/td><td class=\"column-3\">Gaspar, Raquel M.; Schmidt, Thorsten<\/td>\n<\/tr>\n<tr class=\"row-20 even\">\n\t<td class=\"column-1\">2008<\/td><td class=\"column-2\">Do insiders time their trades? Evidence from Euronext Lisbon<\/td><td class=\"column-3\">Gon\u00e7alves, Pedro; Duque, Jo\u00e3o<\/td>\n<\/tr>\n<tr class=\"row-21 odd\">\n\t<td class=\"column-1\">2008<\/td><td class=\"column-2\">O enquadramento filos\u00f3fico para a investiga\u00e7\u00e3o: algumas reflex\u00f5es introspectivas ao positivismo<\/td><td class=\"column-3\">Nevado, Pedro Picaluga<\/td>\n<\/tr>\n<tr class=\"row-22 even\">\n\t<td class=\"column-1\">2008<\/td><td class=\"column-2\">Popper e a investiga\u00e7\u00e3o: a metodologia hipot\u00e9tica - dedutiva<\/td><td class=\"column-3\">Nevado, Pedro Picaluga<\/td>\n<\/tr>\n<tr class=\"row-23 odd\">\n\t<td class=\"column-1\">2008<\/td><td class=\"column-2\">Efficiency, concentration and competition in the brazilian banking sector: a comparative literature analysis<\/td><td class=\"column-3\">Wolters, Mark; Couto, Eduardo<\/td>\n<\/tr>\n<tr class=\"row-24 even\">\n\t<td class=\"column-1\"><\/td><td class=\"column-2\"><\/td><td class=\"column-3\"><\/td>\n<\/tr>\n<\/tbody>\n<\/table>\n\n","protected":false},"excerpt":{"rendered":"","protected":false},"author":2,"featured_media":0,"parent":9,"menu_order":0,"comment_status":"closed","ping_status":"closed","template":"tpl-default-full-width.php","meta":{"inline_featured_image":false,"_uag_custom_page_level_css":"","footnotes":""},"acf":[],"uagb_featured_image_src":{"full":false,"thumbnail":false,"medium":false,"medium_large":false,"large":false,"1536x1536":false,"2048x2048":false},"uagb_author_info":{"display_name":"Major","author_link":"https:\/\/www.iseg.ulisboa.pt\/advance\/author\/leihla\/"},"uagb_comment_info":0,"uagb_excerpt":null,"_links":{"self":[{"href":"https:\/\/www.iseg.ulisboa.pt\/advance\/wp-json\/wp\/v2\/pages\/155"}],"collection":[{"href":"https:\/\/www.iseg.ulisboa.pt\/advance\/wp-json\/wp\/v2\/pages"}],"about":[{"href":"https:\/\/www.iseg.ulisboa.pt\/advance\/wp-json\/wp\/v2\/types\/page"}],"author":[{"embeddable":true,"href":"https:\/\/www.iseg.ulisboa.pt\/advance\/wp-json\/wp\/v2\/users\/2"}],"replies":[{"embeddable":true,"href":"https:\/\/www.iseg.ulisboa.pt\/advance\/wp-json\/wp\/v2\/comments?post=155"}],"version-history":[{"count":26,"href":"https:\/\/www.iseg.ulisboa.pt\/advance\/wp-json\/wp\/v2\/pages\/155\/revisions"}],"predecessor-version":[{"id":6419,"href":"https:\/\/www.iseg.ulisboa.pt\/advance\/wp-json\/wp\/v2\/pages\/155\/revisions\/6419"}],"up":[{"embeddable":true,"href":"https:\/\/www.iseg.ulisboa.pt\/advance\/wp-json\/wp\/v2\/pages\/9"}],"wp:attachment":[{"href":"https:\/\/www.iseg.ulisboa.pt\/advance\/wp-json\/wp\/v2\/media?parent=155"}],"curies":[{"name":"wp","href":"https:\/\/api.w.org\/{rel}","templated":true}]}}