{"id":16,"date":"2023-04-28T07:52:25","date_gmt":"2023-04-28T07:52:25","guid":{"rendered":"https:\/\/www.iseg.ulisboa.pt\/advance\/?page_id=16"},"modified":"2024-05-23T14:42:36","modified_gmt":"2024-05-23T14:42:36","slug":"projetos-2","status":"publish","type":"page","link":"https:\/\/www.iseg.ulisboa.pt\/advance\/projetos\/","title":{"rendered":""},"content":{"rendered":"\n<h2 class=\"wp-block-heading\">Em Curso<\/h2>\n\n\n\n<div class=\"wp-block-pb-accordion-item c-accordion__item js-accordion-item no-js\" data-initially-open=\"false\" data-click-to-close=\"true\" data-auto-close=\"true\" data-scroll=\"false\" data-scroll-offset=\"0\"><h4 id=\"at-160\" class=\"c-accordion__title js-accordion-controller\" role=\"button\">POWER \u2013&nbsp;<strong>PO<\/strong>rtuguese&nbsp;<strong>W<\/strong>omen\u2019s&nbsp;<strong>E<\/strong>quality&nbsp;<strong>O<\/strong>bse<strong>R<\/strong>vatory<\/h4><div id=\"ac-160\" class=\"c-accordion__content\">\n<p><strong>Project:&nbsp;<\/strong>POWER \u2013 A proposal for developing an ongoing data observatory to change the mindset towards Gender Equality in business<br><br><strong>Ref\u00aa<\/strong>: 2022.08793.PTDC<br><\/p>\n\n\n\n<figure class=\"wp-block-image\"><img loading=\"lazy\" decoding=\"async\" width=\"705\" height=\"270\" src=\"https:\/\/www.iseg.ulisboa.pt\/advance\/wp-content\/uploads\/sites\/21\/2024\/02\/POWER_logo.png\" alt=\"\" class=\"wp-image-1318\" srcset=\"https:\/\/www.iseg.ulisboa.pt\/advance\/wp-content\/uploads\/sites\/21\/2024\/02\/POWER_logo.png 705w, https:\/\/www.iseg.ulisboa.pt\/advance\/wp-content\/uploads\/sites\/21\/2024\/02\/POWER_logo-300x115.png 300w, https:\/\/www.iseg.ulisboa.pt\/advance\/wp-content\/uploads\/sites\/21\/2024\/02\/POWER_logo-18x7.png 18w\" sizes=\"(max-width: 705px) 100vw, 705px\" \/><\/figure>\n\n\n\n<p><strong>Team:<\/strong><\/p>\n\n\n\n<p>Maria Jo\u00e3o Guedes \u2013 Project Coordinator<br><br>Ricardo Rodrigues \u2013 Project Co-Coordinator<br><br>Pankaj Patel, Lu\u00eds Gouveia \u2013 Team Members<\/p>\n\n\n\n<p><strong>Sponsor:&nbsp;<\/strong>FCT \u2013 Funda\u00e7\u00e3o para a Ci\u00eancia e Tecnologia and institutionally hosted by Advance- CSG\/ISEG- ULisboa<br><br><strong>Duration<\/strong>: 1 March 2023 \u2013 31 August 2024<br><br><strong>Website:<\/strong>&nbsp;<a href=\"https:\/\/power-observatory.pt\/\" target=\"_blank\" rel=\"noreferrer noopener\">https:\/\/power-observatory.pt<\/a><br><br>\u2022 \u2022 \u2022<br><\/p>\n\n\n\n<p>This study intends to contribute to assessing the pulse of gender equality in corporate Portugal with an ongoing scientifically validated approach of female aspirations and concerns at various levels of the corporate ladder.<br>The women\u2019s (in)equality in businesses has attracted significant attention. Women remain underrepresented and underpaid at various levels of organizations and face serious challenges to advancements.<\/p>\n\n\n\n<p>Taking a broader scope, the goal is to create a scientifically validated and evidence-based ongoing repository of Observatory that would inform stakeholders and, most importantly, women on the current state of women\u2019s equality in Portuguese businesses.<\/p>\n\n\n\n<p>The proposed approach is central to building the necessary bulwark to improve social and institutional cognitions surrounding this critical issue for Portugal. To that end, we propose a publicly available Observatory that will provide ongoing survey data of participants\u2014college graduates, entry-level, mid-level, and board members from listed large firms to large and medium unlisted firms\u2014in understanding their career concerns and aspirations.<\/p>\n<\/div><\/div>\n\n\n\n<div style=\"height:100px\" aria-hidden=\"true\" class=\"wp-block-spacer\"><\/div>\n\n\n\n<h2 class=\"wp-block-heading\">Conclu\u00eddos<\/h2>\n\n\n\n<div class=\"wp-block-pb-accordion-item c-accordion__item js-accordion-item no-js\" data-initially-open=\"false\" data-click-to-close=\"true\" data-auto-close=\"true\" data-scroll=\"false\" data-scroll-offset=\"0\"><h5 id=\"at-161\" class=\"c-accordion__title js-accordion-controller\" role=\"button\">Beyond innovation networks: Portugal<\/h5><div id=\"ac-161\" class=\"c-accordion__content\">\n<p><strong>Equipa de Investiga\u00e7\u00e3o<\/strong>: Manuel Laranja (Advance) and Ana Sara Gon\u00e7alves (Advance)<\/p>\n\n\n\n<p><strong>Institui\u00e7\u00e3o Principal<\/strong>: ISEG<\/p>\n\n\n\n<p><strong>Per\u00edodo<\/strong>: 01\/10\/2018 &#8211; 30\/9\/2021<\/p>\n\n\n\n<p><strong>Financiamento<\/strong>: Portuguese Foundation for Science and Technology-FCT (PTDC\/EGE-OGE\/30345\/2017).<\/p>\n\n\n\n<p>The research project aims to understand the relationship between two modes of innovation based on knowledge and learning (i.e. the science, technology, and innovation mode and the doing, using, and interacting mode) and the social networks where the innovation process takes place. Furthermore, it is our intent to collect and analyse data from innovation networks in Portugal in order to contribute to the scarce knowledge about innovation in the Portuguese economy. Research will be carried out in three stages: <br><br>1) we intent to propose conceptual models for the agency and structure of STI and DUI networks based on extensive literature review. <br>2) we aim to assemble empirical models for the agency and structure of STI and DUI networks through social network analysis and multiple case studies. <br>3) we will test the empirical models from the second stage through a survey to a sample of Portuguese firms.<\/p>\n\n\n\n<p><strong>Website: <\/strong><a href=\"https:\/\/advance.rc.iseg.ulisboa.pt\/inovnet\/\">https:\/\/advance.rc.iseg.ulisboa.pt\/inovnet\/<\/a><\/p>\n<\/div><\/div>\n\n\n\n<div class=\"wp-block-pb-accordion-item c-accordion__item js-accordion-item no-js\" data-initially-open=\"false\" data-click-to-close=\"true\" data-auto-close=\"true\" data-scroll=\"false\" data-scroll-offset=\"0\"><h5 id=\"at-162\" class=\"c-accordion__title js-accordion-controller\" role=\"button\">Well-Being &amp; Sustainability: The spillover effect of social corporate responsibility practices on consumers&#8217; adoption of sustainable behaviors and on the consumption of sustainable products.<\/h5><div id=\"ac-162\" class=\"c-accordion__content\">\n<p><strong>Equipa de Investiga\u00e7\u00e3o<\/strong>: Rita Vale Coelho (Cat\u00f3lica), Pedro Verga Matos (Advance) and Vera Cola\u00e7o (Cat\u00f3lica)<\/p>\n\n\n\n<p><strong>Institui\u00e7\u00e3o Principal<\/strong>: Universidade Cat\u00f3lica<\/p>\n\n\n\n<p><strong>Per\u00edodo<\/strong>:  1\/10\/2018 &#8211; 30\/9\/2021<\/p>\n\n\n\n<p><strong>Financiamento<\/strong>: Portuguese Foundation for Science and Technology-FCT (PTDC\/EGE-OGE\/30345\/2017).<\/p>\n\n\n\n<p>Although some previous studies already focused on the sustainability phenomenon (Peloza, White and Shang, 2013; Prothero et al., 2011), there are still several unanswered questions about this prevalent issue in consumers shopping reality. With the present research we aim to contribute to this body of literature by highlighting effects of socially responsible and sustainable strategies at the level of consumers? attitudes and perceptions towards the products (project 1), together with the identification of corporate social responsible behaviors that generate a greater spillover effect regarding the consumers? embracement of sustainable behaviors (project 2).<\/p>\n\n\n\n<p><strong>Website<\/strong>:&nbsp;<a href=\"https:\/\/www.clsbe.lisboa.ucp.pt\/sustainability-and-consumer-well-being-project\">https:\/\/www.clsbe.lisboa.ucp.pt\/sustainability-and-consumer-well-being-project<\/a><\/p>\n<\/div><\/div>\n\n\n\n<div class=\"wp-block-pb-accordion-item c-accordion__item js-accordion-item no-js\" data-initially-open=\"false\" data-click-to-close=\"true\" data-auto-close=\"true\" data-scroll=\"false\" data-scroll-offset=\"0\"><h5 id=\"at-163\" class=\"c-accordion__title js-accordion-controller\" role=\"button\">SMEs Certification (Rating), Financing and Bank Relations: Evaluating the Consequences of the SME-Leader Program in Portugal 2008-2016 for SMEs and Banks<\/h5><div id=\"ac-163\" class=\"c-accordion__content\">\n<p><strong>Equipa de Investiga\u00e7\u00e3o<\/strong>: Clara Raposo (Advance), Cl\u00e1udia Cust\u00f3dio (Nova SBE), Diana Bonfim (Banco de Portugal) and Matthijs Oosterveen (Advance)<\/p>\n\n\n\n<p><strong>Institui\u00e7\u00e3o Principal<\/strong>: ISEG<\/p>\n\n\n\n<p><strong>Per\u00edodo<\/strong>:  1\/10\/2018 &#8211; 30\/9\/2021<\/p>\n\n\n\n<p><strong>Financiamento<\/strong>: Funda\u00e7\u00e3o Ci\u00eancia e Tecnologia &#8211; FCT (PTDC\/EGE-OGE\/28603\/2017); Funda\u00e7\u00e3o Francisco Manuel dos Santos<\/p>\n\n\n\n<p>We aim to study a public policy program of certification (rating) of small and mediumsized enterprises (SMEs) that was introduced in Portugal in 2008 by a governmental agency (IAPMEI), jointly with a group of banks and the national system of Mutual Guarantee. Known as SME-Leader, the program gained additional international visibility after winning the European Commission&#8217;s 2016 European Enterprise Promotion Award. <br><br>We want to understand the real effects of the program for SMEs that are certified, including access to financing, investment, and performance, as well as potential network externalities for companies that have business links with these firms. To establish a causal effect between certification of SME and firm-level outcomes we will use regression discontinuity design (RDD). <br><br>We also plan to examine the incentives and effects for banks involved. We will combine firm level financial data (IES database), with Central Credit Register (CCR) data and information from IAPMEI.<\/p>\n<\/div><\/div>\n\n\n\n<div class=\"wp-block-pb-accordion-item c-accordion__item js-accordion-item no-js\" data-initially-open=\"false\" data-click-to-close=\"true\" data-auto-close=\"true\" data-scroll=\"false\" data-scroll-offset=\"0\"><h5 id=\"at-164\" class=\"c-accordion__title js-accordion-controller\" role=\"button\">Impacto da Concorr\u00eancia da China na Industria Manufactura Portuguesa<\/h5><div id=\"ac-164\" class=\"c-accordion__content\">\n<p><strong>Equipa de Investiga\u00e7\u00e3o<\/strong>: Ana Ven\u00e2ncio<\/p>\n\n\n\n<p><strong>Institui\u00e7\u00e3o Principal<\/strong>: ISEG<\/p>\n\n\n\n<p><strong>Per\u00edodo<\/strong>: 1\/4\/2013 &#8211; 31\/3\/2015<\/p>\n\n\n\n<p><strong>Financiamento<\/strong>: Funda\u00e7\u00e3o Ci\u00eancia e Tecnologia &#8211; FCT (PTDC\/IIM-ECO\/3513\/2012)<\/p>\n<\/div><\/div>\n\n\n\n<div class=\"wp-block-pb-accordion-item c-accordion__item js-accordion-item no-js\" data-initially-open=\"false\" data-click-to-close=\"true\" data-auto-close=\"true\" data-scroll=\"false\" data-scroll-offset=\"0\"><h5 id=\"at-165\" class=\"c-accordion__title js-accordion-controller\" role=\"button\">Field Experiments on Incentives<\/h5><div id=\"ac-165\" class=\"c-accordion__content\">\n<p><strong>Equipa de Investiga\u00e7\u00e3o<\/strong>: Sofia Louren\u00e7o<\/p>\n\n\n\n<p><strong>Institui\u00e7\u00e3o Principal<\/strong>: ISEG<\/p>\n\n\n\n<p><strong>Per\u00edodo<\/strong>: 01\/10\/2011 &#8211; 30\/09\/2014<\/p>\n\n\n\n<p><strong>Financiamento<\/strong>: Funda\u00e7\u00e3o Ci\u00eancia e Tecnologia -FCT (PTDC\/EGE-GES\/119607\/201).<\/p>\n<\/div><\/div>\n\n\n\n<div class=\"wp-block-pb-accordion-item c-accordion__item js-accordion-item no-js\" data-initially-open=\"false\" data-click-to-close=\"true\" data-auto-close=\"true\" data-scroll=\"false\" data-scroll-offset=\"0\"><h5 id=\"at-166\" class=\"c-accordion__title js-accordion-controller\" role=\"button\">A Influ\u00eancia das Marcas Pr\u00f3prias na Estrutura de Mercado e no Processo de Decis\u00e3o dos Consumidores<\/h5><div id=\"ac-166\" class=\"c-accordion__content\">\n<p><strong>Equipa de Investiga\u00e7\u00e3o<\/strong>: Rita Vale and Pedro Verga Matos<\/p>\n\n\n\n<p><strong>Institui\u00e7\u00e3o Principal<\/strong>: Cat\u00f3lica-lisbon<\/p>\n\n\n\n<p><strong>Per\u00edodo<\/strong>: 01\/10\/2008 &#8211; 30\/09\/2013<\/p>\n\n\n\n<p><strong>Financiamento<\/strong>: Funda\u00e7\u00e3o Ci\u00eancia e Tecnologia -FCT (PTDC\/EGE-GES\/103899\/2008)<\/p>\n<\/div><\/div>\n\n\n\n<div class=\"wp-block-pb-accordion-item c-accordion__item js-accordion-item no-js\" data-initially-open=\"false\" data-click-to-close=\"true\" data-auto-close=\"true\" data-scroll=\"false\" data-scroll-offset=\"0\"><h5 id=\"at-167\" class=\"c-accordion__title js-accordion-controller\" role=\"button\">Field Experiments on Incentives<\/h5><div id=\"ac-167\" class=\"c-accordion__content\">\n<p><strong>Equipa de Investiga\u00e7\u00e3o<\/strong>: Clara Raposo<\/p>\n\n\n\n<p><strong>Institui\u00e7\u00e3o Principal<\/strong>: ISEG<\/p>\n\n\n\n<p><strong>Per\u00edodo<\/strong>: 01\/10\/2008 &#8211; 30\/09\/2012<\/p>\n\n\n\n<p><strong>Financiamento<\/strong>: Funda\u00e7\u00e3o Ci\u00eancia e Tecnologia -FCT (CMU-PT\/Etech\/0036\/2008)<\/p>\n<\/div><\/div>\n\n\n\n<div class=\"wp-block-pb-accordion-item c-accordion__item js-accordion-item no-js\" data-initially-open=\"false\" data-click-to-close=\"true\" data-auto-close=\"true\" data-scroll=\"false\" data-scroll-offset=\"0\"><h5 id=\"at-168\" class=\"c-accordion__title js-accordion-controller\" role=\"button\">Melhorar a An\u00e1lise do Risco Financeiro usando ferramentas de Data-Mining<\/h5><div id=\"ac-168\" class=\"c-accordion__content\">\n<p><strong>Equipa de Investiga\u00e7\u00e3o<\/strong>: Jo\u00e3o Carvalho das Neves<\/p>\n\n\n\n<p><strong>Institui\u00e7\u00e3o Principal<\/strong>: ISEG<\/p>\n\n\n\n<p><strong>Per\u00edodo<\/strong>: 2008 &#8211; 2011<\/p>\n\n\n\n<p><strong>Financiamento<\/strong>: Funda\u00e7\u00e3o Ci\u00eancia e Tecnologia -FCT (PTDC\/GES\/70168\/2006).<\/p>\n<\/div><\/div>\n\n\n\n<div class=\"wp-block-pb-accordion-item c-accordion__item js-accordion-item no-js\" data-initially-open=\"false\" data-click-to-close=\"true\" data-auto-close=\"true\" data-scroll=\"false\" data-scroll-offset=\"0\"><h5 id=\"at-169\" class=\"c-accordion__title js-accordion-controller\" role=\"button\">Final report project D.: SID da Universidade T\u00e9cnica de Lisboa<\/h5><div id=\"ac-169\" class=\"c-accordion__content\">\n<p><strong>Equipa de Investiga\u00e7\u00e3o<\/strong>: Pedro Picaluga Nevado<\/p>\n\n\n\n<p><strong>Institui\u00e7\u00e3o Principa<\/strong>l: ISEG<\/p>\n\n\n\n<p><strong>Per\u00edodo<\/strong>: 2007 &#8211; 2010<\/p>\n\n\n\n<p><strong>Financiamento<\/strong>: Funda\u00e7\u00e3o Ci\u00eancia e Tecnologia -FCT (PTDC\/AUR\/70607\/2006). <\/p>\n<\/div><\/div>\n\n\n\n<div style=\"height:100px\" aria-hidden=\"true\" class=\"wp-block-spacer\"><\/div>\n\n\n\n<h2 class=\"wp-block-heading\">HR Ahead<\/h2>\n\n\n\n<p>Projeto \u27a4 <a href=\"https:\/\/www.iseg.ulisboa.pt\/advance\/hr-ahead\">iseg.ulisboa.pt\/advance\/hr-ahead<\/a><\/p>\n","protected":false},"excerpt":{"rendered":"Em Curso Conclu\u00eddos HR Ahead Projeto \u27a4 iseg.ulisboa.pt\/advance\/hr-ahead","protected":false},"author":2,"featured_media":0,"parent":0,"menu_order":8,"comment_status":"closed","ping_status":"closed","template":"tpl-default-full-width.php","meta":{"inline_featured_image":false,"_uag_custom_page_level_css":"","footnotes":""},"acf":[],"uagb_featured_image_src":{"full":false,"thumbnail":false,"medium":false,"medium_large":false,"large":false,"1536x1536":false,"2048x2048":false},"uagb_author_info":{"display_name":"Major","author_link":"https:\/\/www.iseg.ulisboa.pt\/advance\/author\/leihla\/"},"uagb_comment_info":0,"uagb_excerpt":"Em Curso Conclu\u00eddos HR Ahead Projeto \u27a4 iseg.ulisboa.pt\/advance\/hr-ahead","_links":{"self":[{"href":"https:\/\/www.iseg.ulisboa.pt\/advance\/wp-json\/wp\/v2\/pages\/16"}],"collection":[{"href":"https:\/\/www.iseg.ulisboa.pt\/advance\/wp-json\/wp\/v2\/pages"}],"about":[{"href":"https:\/\/www.iseg.ulisboa.pt\/advance\/wp-json\/wp\/v2\/types\/page"}],"author":[{"embeddable":true,"href":"https:\/\/www.iseg.ulisboa.pt\/advance\/wp-json\/wp\/v2\/users\/2"}],"replies":[{"embeddable":true,"href":"https:\/\/www.iseg.ulisboa.pt\/advance\/wp-json\/wp\/v2\/comments?post=16"}],"version-history":[{"count":54,"href":"https:\/\/www.iseg.ulisboa.pt\/advance\/wp-json\/wp\/v2\/pages\/16\/revisions"}],"predecessor-version":[{"id":2707,"href":"https:\/\/www.iseg.ulisboa.pt\/advance\/wp-json\/wp\/v2\/pages\/16\/revisions\/2707"}],"wp:attachment":[{"href":"https:\/\/www.iseg.ulisboa.pt\/advance\/wp-json\/wp\/v2\/media?parent=16"}],"curies":[{"name":"wp","href":"https:\/\/api.w.org\/{rel}","templated":true}]}}