{"id":207,"date":"2023-01-23T18:01:06","date_gmt":"2023-01-23T18:01:06","guid":{"rendered":"https:\/\/www.iseg.ulisboa.pt\/biblioteca\/?page_id=207"},"modified":"2026-08-31T10:38:42","modified_gmt":"2026-08-31T10:38:42","slug":"user-training","status":"publish","type":"page","link":"https:\/\/www.iseg.ulisboa.pt\/biblioteca\/en\/information\/user-training\/","title":{"rendered":"User Training"},"content":{"rendered":"<p><\/p>\n\n\n\n<p class=\"has-text-align-left has-huge-font-size\"><strong><mark style=\"background-color:#ffffff\" class=\"has-inline-color has-iseg-red-color\">September 2026<\/mark><\/strong><\/p>\n\n\n\n<div class=\"wp-block-group\"><div class=\"wp-block-group__inner-container is-layout-constrained wp-block-group-is-layout-constrained\">\n<div class=\"wp-block-columns is-layout-flex wp-container-core-columns-is-layout-1 wp-block-columns-is-layout-flex\">\n<div class=\"wp-block-column is-layout-flow wp-block-column-is-layout-flow\" style=\"flex-basis:100%\">\n<div class=\"wp-block-group\"><div class=\"wp-block-group__inner-container is-layout-constrained wp-block-group-is-layout-constrained\">\n<div class=\"wp-block-group\"><div class=\"wp-block-group__inner-container is-layout-constrained wp-block-group-is-layout-constrained\">\n<figure class=\"wp-block-table block-table-studyplan has-iseg-red-thead\"><table><thead><tr><th>Date<\/th><th>Training programme<\/th><th>Modality<\/th><th>Enrollment<\/th><th>Agenda<\/th><\/tr><\/thead><tbody><tr><td>\/09\/2026,<\/td><td><\/td><td><\/td><td>Enrollment<\/td><td>Agenda<\/td><\/tr><\/tbody><\/table><\/figure>\n<\/div><\/div>\n<\/div><\/div>\n<\/div>\n<\/div>\n<\/div><\/div>\n\n\n\n<p class=\"has-small-font-size\"><strong>Training on Demand<\/strong>&nbsp;\u2013 Intended for internal users (can be requested by students, faculty, and researchers) of ISEG, and aims to promote the optimization of electronic resources subscribed to by ISEG. Sessions vary in duration and number of participants. To request these sessions, please send an email to&nbsp;<a href=\"mailto:formacaobib@iseg.ulisboa.pt\">formacaobib@iseg.ulisboa.pt<\/a>.<\/p>","protected":false},"excerpt":{"rendered":"September 2026 DateTraining ActionModalityRegistrationAgenda\/09\/2026,Registration Agenda On-demand training \u2013 intended for internal users (can be requested by students, teaching staff and researchers) of ISEG and aims to promote the optimisation of electronic resources [\u2026]","protected":false},"author":2,"featured_media":0,"parent":83,"menu_order":10,"comment_status":"closed","ping_status":"closed","template":"","meta":{"inline_featured_image":false,"_uag_custom_page_level_css":"","footnotes":""},"acf":[],"uagb_featured_image_src":{"full":false,"thumbnail":false,"medium":false,"medium_large":false,"large":false,"1536x1536":false,"2048x2048":false,"trp-custom-language-flag":false},"uagb_author_info":{"display_name":"Major","author_link":"https:\/\/www.iseg.ulisboa.pt\/biblioteca\/en\/author\/leihla\/"},"uagb_comment_info":0,"uagb_excerpt":"Setembro 2026 DataA\u00e7\u00e3o de forma\u00e7\u00e3oModalidadeInscri\u00e7\u00e3oAgenda\/09\/2026,Inscri\u00e7\u00e3oAgenda Forma\u00e7\u00e3o a pedido&nbsp;\u2013 destina-se a utilizadores internos (podem ser solicitadas por alunos, docentes e investigadores) do ISEG e pretende promover a otimiza\u00e7\u00e3o dos recursos eletr\u00f3nicos&nbsp;[...]","_links":{"self":[{"href":"https:\/\/www.iseg.ulisboa.pt\/biblioteca\/en\/wp-json\/wp\/v2\/pages\/207"}],"collection":[{"href":"https:\/\/www.iseg.ulisboa.pt\/biblioteca\/en\/wp-json\/wp\/v2\/pages"}],"about":[{"href":"https:\/\/www.iseg.ulisboa.pt\/biblioteca\/en\/wp-json\/wp\/v2\/types\/page"}],"author":[{"embeddable":true,"href":"https:\/\/www.iseg.ulisboa.pt\/biblioteca\/en\/wp-json\/wp\/v2\/users\/2"}],"replies":[{"embeddable":true,"href":"https:\/\/www.iseg.ulisboa.pt\/biblioteca\/en\/wp-json\/wp\/v2\/comments?post=207"}],"version-history":[{"count":471,"href":"https:\/\/www.iseg.ulisboa.pt\/biblioteca\/en\/wp-json\/wp\/v2\/pages\/207\/revisions"}],"predecessor-version":[{"id":5822,"href":"https:\/\/www.iseg.ulisboa.pt\/biblioteca\/en\/wp-json\/wp\/v2\/pages\/207\/revisions\/5822"}],"up":[{"embeddable":true,"href":"https:\/\/www.iseg.ulisboa.pt\/biblioteca\/en\/wp-json\/wp\/v2\/pages\/83"}],"wp:attachment":[{"href":"https:\/\/www.iseg.ulisboa.pt\/biblioteca\/en\/wp-json\/wp\/v2\/media?parent=207"}],"curies":[{"name":"wp","href":"https:\/\/api.w.org\/{rel}","templated":true}]}}

Setembro 2026 DataAção de formaçãoModalidadeInscriçãoAgenda/09/2026,InscriçãoAgenda Formação a pedido&nbsp;– destina-se a utilizadores internos (podem ser solicitadas por alunos, docentes e investigadores) do ISEG e pretende promover a otimização dos recursos eletrónicos&nbsp;[...]
