{"id":1218,"date":"2023-04-13T13:18:38","date_gmt":"2023-04-13T13:18:38","guid":{"rendered":"https:\/\/www.iseg.ulisboa.pt\/biblioteca\/?page_id=1218"},"modified":"2026-02-27T11:05:18","modified_gmt":"2026-02-27T11:05:18","slug":"emprestimo-interbibliotecas-eib","status":"publish","type":"page","link":"https:\/\/www.iseg.ulisboa.pt\/biblioteca\/informacoes\/emprestimo-interbibliotecas-eib\/","title":{"rendered":"Empr\u00e9stimo Interbibliotecas (EIB)"},"content":{"rendered":"\n<p>O Empr\u00e9stimo Interbibliotecas (EIB) permite o acesso a obras que n\u00e3o existem no fundo documental da Biblioteca Francisco Pereira de Moura, mediante solicita\u00e7\u00e3o dos utilizadores, atrav\u00e9s de coopera\u00e7\u00e3o com outras bibliotecas nacionais ou internacionais.<\/p>\n\n\n\n<p>O servi\u00e7o abrange exclusivamente o empr\u00e9stimo de livros para consulta domicili\u00e1ria, de acordo com as condi\u00e7\u00f5es definidas pela biblioteca fornecedora.<\/p>\n\n\n\n<div class=\"wp-block-pb-accordion-item c-accordion__item js-accordion-item no-js\" data-initially-open=\"false\" data-click-to-close=\"true\" data-auto-close=\"true\" data-scroll=\"false\" data-scroll-offset=\"0\"><h5 id=\"at-12180\" class=\"c-accordion__title js-accordion-controller\" role=\"button\"><strong>Quem pode solicitar<\/strong><\/h5><div id=\"ac-12180\" class=\"c-accordion__content\">\n<p>Podem recorrer ao servi\u00e7o de EIB os utilizadores internos do ISEG (alunos, docentes, investigadores e colaboradores), devidamente registados na Biblioteca.<\/p>\n\n\n\n<p>Os pedidos de utilizadores externos est\u00e3o sujeitos a an\u00e1lise e autoriza\u00e7\u00e3o.<\/p>\n<\/div><\/div>\n\n\n\n<div class=\"wp-block-pb-accordion-item c-accordion__item js-accordion-item no-js\" data-initially-open=\"false\" data-click-to-close=\"true\" data-auto-close=\"true\" data-scroll=\"false\" data-scroll-offset=\"0\"><h5 id=\"at-12181\" class=\"c-accordion__title js-accordion-controller\" role=\"button\"><strong>Procedimento<\/strong><\/h5><div id=\"ac-12181\" class=\"c-accordion__content\">\n<p>O pedido deve ser efetuado atrav\u00e9s do formul\u00e1rio dispon\u00edvel online<br>ou por e-mail para <strong><a>biblioteca@iseg.ulisboa.pt<\/a><\/strong>.<\/p>\n\n\n\n<p>A requisi\u00e7\u00e3o, levantamento e devolu\u00e7\u00e3o das obras recebidas ao abrigo do EIB s\u00e3o efetuados nos balc\u00f5es de atendimento da Biblioteca.<\/p>\n<\/div><\/div>\n\n\n\n<div class=\"wp-block-pb-accordion-item c-accordion__item js-accordion-item no-js\" data-initially-open=\"false\" data-click-to-close=\"true\" data-auto-close=\"true\" data-scroll=\"false\" data-scroll-offset=\"0\"><h5 id=\"at-12182\" class=\"c-accordion__title js-accordion-controller\" role=\"button\"><strong>Prazos<\/strong><\/h5><div id=\"ac-12182\" class=\"c-accordion__content\">\n<p>Os prazos de empr\u00e9stimo s\u00e3o definidos pela biblioteca fornecedora e devem ser rigorosamente cumpridos.<\/p>\n<\/div><\/div>\n\n\n\n<div class=\"wp-block-pb-accordion-item c-accordion__item js-accordion-item no-js\" data-initially-open=\"false\" data-click-to-close=\"true\" data-auto-close=\"true\" data-scroll=\"false\" data-scroll-offset=\"0\"><h5 id=\"at-12183\" class=\"c-accordion__title js-accordion-controller\" role=\"button\"><strong>Custos<\/strong><\/h5><div id=\"ac-12183\" class=\"c-accordion__content\">\n<p>O servi\u00e7o de Empr\u00e9stimo Interbibliotecas \u00e9 gratuito no caso de pedidos realizados junto de bibliotecas com as quais o ISEG tenha protocolo de coopera\u00e7\u00e3o ativo.<\/p>\n\n\n\n<p>Nos restantes casos, poder\u00e3o existir custos associados, definidos pela biblioteca cedente, sendo o utilizador previamente informado antes da confirma\u00e7\u00e3o do pedido.<\/p>\n\n\n\n<p><\/p>\n\n\n\n<p><\/p>\n<\/div><\/div>\n\n\n\n<hr class=\"wp-block-separator has-alpha-channel-opacity\" \/>\n\n\n\n<h6 class=\"wp-block-heading\"><a rel=\"noreferrer noopener\" href=\"https:\/\/docs.google.com\/forms\/d\/1UOWd2njcB3tsW0bq1qYCPDoBkEt2OoAscHM6XtJHu9c\/\" target=\"_blank\"><strong>Formul\u00e1rio (EIB)<\/strong><\/a><\/h6>\n","protected":false},"excerpt":{"rendered":"O Empr\u00e9stimo Interbibliotecas (EIB) permite o acesso a obras que n\u00e3o existem no fundo documental da Biblioteca Francisco Pereira de Moura, mediante solicita\u00e7\u00e3o dos utilizadores, atrav\u00e9s de coopera\u00e7\u00e3o com outras&nbsp;[&#8230;]","protected":false},"author":37,"featured_media":0,"parent":83,"menu_order":1,"comment_status":"closed","ping_status":"closed","template":"","meta":{"inline_featured_image":false,"_uag_custom_page_level_css":"","footnotes":""},"acf":[],"uagb_featured_image_src":{"full":false,"thumbnail":false,"medium":false,"medium_large":false,"large":false,"1536x1536":false,"2048x2048":false,"trp-custom-language-flag":false},"uagb_author_info":{"display_name":"","author_link":"https:\/\/www.iseg.ulisboa.pt\/biblioteca\/author\/"},"uagb_comment_info":0,"uagb_excerpt":"O Empr\u00e9stimo Interbibliotecas (EIB) permite o acesso a obras que n\u00e3o existem no fundo documental da Biblioteca Francisco Pereira de Moura, mediante solicita\u00e7\u00e3o dos utilizadores, atrav\u00e9s de coopera\u00e7\u00e3o com outras&nbsp;[...]","_links":{"self":[{"href":"https:\/\/www.iseg.ulisboa.pt\/biblioteca\/wp-json\/wp\/v2\/pages\/1218"}],"collection":[{"href":"https:\/\/www.iseg.ulisboa.pt\/biblioteca\/wp-json\/wp\/v2\/pages"}],"about":[{"href":"https:\/\/www.iseg.ulisboa.pt\/biblioteca\/wp-json\/wp\/v2\/types\/page"}],"author":[{"embeddable":true,"href":"https:\/\/www.iseg.ulisboa.pt\/biblioteca\/wp-json\/wp\/v2\/users\/37"}],"replies":[{"embeddable":true,"href":"https:\/\/www.iseg.ulisboa.pt\/biblioteca\/wp-json\/wp\/v2\/comments?post=1218"}],"version-history":[{"count":17,"href":"https:\/\/www.iseg.ulisboa.pt\/biblioteca\/wp-json\/wp\/v2\/pages\/1218\/revisions"}],"predecessor-version":[{"id":5405,"href":"https:\/\/www.iseg.ulisboa.pt\/biblioteca\/wp-json\/wp\/v2\/pages\/1218\/revisions\/5405"}],"up":[{"embeddable":true,"href":"https:\/\/www.iseg.ulisboa.pt\/biblioteca\/wp-json\/wp\/v2\/pages\/83"}],"wp:attachment":[{"href":"https:\/\/www.iseg.ulisboa.pt\/biblioteca\/wp-json\/wp\/v2\/media?parent=1218"}],"curies":[{"name":"wp","href":"https:\/\/api.w.org\/{rel}","templated":true}]}}