{"id":5655,"date":"2026-04-30T17:57:40","date_gmt":"2026-04-30T17:57:40","guid":{"rendered":"https:\/\/www.iseg.ulisboa.pt\/biblioteca\/?page_id=5655"},"modified":"2026-04-30T18:24:46","modified_gmt":"2026-04-30T18:24:46","slug":"descoberta-do-mes","status":"publish","type":"page","link":"https:\/\/www.iseg.ulisboa.pt\/biblioteca\/descoberta-do-mes\/","title":{"rendered":"Descoberta do m\u00eas"},"content":{"rendered":"<div class=\"block-course-features\">\n    <div class=\"container\">\n                        <div class=\"course-features__intro\"><p>Todos os meses, a rubrica \u201cDescoberta do m\u00eas\u201d convida a explorar hist\u00f3rias, documentos e curiosidades preservadas na Biblioteca Francisco Pereira de Moura.<\/p>\n<\/div>\n                <div class=\"course-features__grid\">\n        \n            <div class=\"course-features__item\">\n                                    <div class=\"course-features__image\">\n                        <img decoding=\"async\" src=\"https:\/\/www.iseg.ulisboa.pt\/biblioteca\/wp-content\/uploads\/sites\/9\/2026\/04\/studio-showde-16.png\" loading=\"lazy\" sizes=\"(max-width: 479px) 86vw, (max-width: 767px) 82vw, (max-width: 991px) 41vw, 32vw\" srcset=\"https:\/\/www.iseg.ulisboa.pt\/biblioteca\/wp-content\/uploads\/sites\/9\/2026\/04\/studio-showde-16.png 500w, https:\/\/www.iseg.ulisboa.pt\/biblioteca\/wp-content\/uploads\/sites\/9\/2026\/04\/studio-showde-16.png 800w, https:\/\/www.iseg.ulisboa.pt\/biblioteca\/wp-content\/uploads\/sites\/9\/2026\/04\/studio-showde-16.png 1080w, https:\/\/www.iseg.ulisboa.pt\/biblioteca\/wp-content\/uploads\/sites\/9\/2026\/04\/studio-showde-16.png 1340w\" alt=\"\" class=\"image-cover\">\n                    <\/div>\n                                <div class=\"course-features__content\">\n                    <div class=\"course-features__topcut\"><\/div>\n                    <h4 class=\"course-features__heading\">\n                                                    <a href=\"https:\/\/www.linkedin.com\/posts\/biblioteca-francisco-pereira-de-moura-iseg_iseg-bibliotecaiseg-arquivohistaejrico-activity-7436392039845629952-w0i8?utm_source=share&amp;utm_medium=member_desktop&amp;rcm=ACoAAEKIE88BLKFmH00OJCXOcSPjY4nVwKmfjZ4\">Descoberta do m\u00eas #1<\/a>\n                                            <\/h4>\n                    <div class=\"course-features__text\">Edi\u00e7\u00e3o especial Dia Mundial das Mulheres <\/div>\n                                            <a href=\"https:\/\/www.linkedin.com\/posts\/biblioteca-francisco-pereira-de-moura-iseg_iseg-bibliotecaiseg-arquivohistaejrico-activity-7436392039845629952-w0i8?utm_source=share&amp;utm_medium=member_desktop&amp;rcm=ACoAAEKIE88BLKFmH00OJCXOcSPjY4nVwKmfjZ4\"  class=\"link-learnmore\">Aceda aqui<\/a>\n                                    <\/div>\n            <\/div>\n\n        \n            <div class=\"course-features__item\">\n                                    <div class=\"course-features__image\">\n                        <img decoding=\"async\" src=\"https:\/\/www.iseg.ulisboa.pt\/biblioteca\/wp-content\/uploads\/sites\/9\/2026\/04\/studio-showde-17.png\" loading=\"lazy\" sizes=\"(max-width: 479px) 86vw, (max-width: 767px) 82vw, (max-width: 991px) 41vw, 32vw\" srcset=\"https:\/\/www.iseg.ulisboa.pt\/biblioteca\/wp-content\/uploads\/sites\/9\/2026\/04\/studio-showde-17.png 500w, https:\/\/www.iseg.ulisboa.pt\/biblioteca\/wp-content\/uploads\/sites\/9\/2026\/04\/studio-showde-17.png 800w, https:\/\/www.iseg.ulisboa.pt\/biblioteca\/wp-content\/uploads\/sites\/9\/2026\/04\/studio-showde-17.png 1080w, https:\/\/www.iseg.ulisboa.pt\/biblioteca\/wp-content\/uploads\/sites\/9\/2026\/04\/studio-showde-17.png 1340w\" alt=\"\" class=\"image-cover\">\n                    <\/div>\n                                <div class=\"course-features__content\">\n                    <div class=\"course-features__topcut\"><\/div>\n                    <h4 class=\"course-features__heading\">\n                                                    <a href=\"https:\/\/www.linkedin.com\/feed\/update\/urn:li:activity:7455666214036525056\">Descoberta do m\u00eas #2<\/a>\n                                            <\/h4>\n                    <div class=\"course-features__text\">Edi\u00e7\u00e3o sobre Bento Jesus Cara\u00e7a<\/div>\n                                            <a href=\"https:\/\/www.linkedin.com\/feed\/update\/urn:li:activity:7455666214036525056\"  class=\"link-learnmore\">Aceda aqui<\/a>\n                                    <\/div>\n            <\/div>\n\n                <\/div>\n        <\/div>\n<\/div>","protected":false},"excerpt":{"rendered":"","protected":false},"author":36,"featured_media":0,"parent":0,"menu_order":0,"comment_status":"closed","ping_status":"closed","template":"","meta":{"inline_featured_image":false,"_uag_custom_page_level_css":"","footnotes":""},"acf":[],"uagb_featured_image_src":{"full":false,"thumbnail":false,"medium":false,"medium_large":false,"large":false,"1536x1536":false,"2048x2048":false,"trp-custom-language-flag":false},"uagb_author_info":{"display_name":"lcarmo","author_link":"https:\/\/www.iseg.ulisboa.pt\/biblioteca\/author\/lcarmo\/"},"uagb_comment_info":0,"uagb_excerpt":null,"_links":{"self":[{"href":"https:\/\/www.iseg.ulisboa.pt\/biblioteca\/wp-json\/wp\/v2\/pages\/5655"}],"collection":[{"href":"https:\/\/www.iseg.ulisboa.pt\/biblioteca\/wp-json\/wp\/v2\/pages"}],"about":[{"href":"https:\/\/www.iseg.ulisboa.pt\/biblioteca\/wp-json\/wp\/v2\/types\/page"}],"author":[{"embeddable":true,"href":"https:\/\/www.iseg.ulisboa.pt\/biblioteca\/wp-json\/wp\/v2\/users\/36"}],"replies":[{"embeddable":true,"href":"https:\/\/www.iseg.ulisboa.pt\/biblioteca\/wp-json\/wp\/v2\/comments?post=5655"}],"version-history":[{"count":15,"href":"https:\/\/www.iseg.ulisboa.pt\/biblioteca\/wp-json\/wp\/v2\/pages\/5655\/revisions"}],"predecessor-version":[{"id":5681,"href":"https:\/\/www.iseg.ulisboa.pt\/biblioteca\/wp-json\/wp\/v2\/pages\/5655\/revisions\/5681"}],"wp:attachment":[{"href":"https:\/\/www.iseg.ulisboa.pt\/biblioteca\/wp-json\/wp\/v2\/media?parent=5655"}],"curies":[{"name":"wp","href":"https:\/\/api.w.org\/{rel}","templated":true}]}}

Descoberta do mês

<div class="block-course-features">
    <div class="container">
                        <div class="course-features__intro"><p>Todos os meses, a rubrica “Descoberta do mês” convida a explorar histórias, documentos e curiosidades preservadas na Biblioteca Francisco Pereira de Moura.</p>
</div>
                <div class="course-features__grid">
        
            <div class="course-features__item">
                                    <div class="course-features__image">
                        <img decoding="async" src="https://www.iseg.ulisboa.pt/biblioteca/wp-content/uploads/sites/9/2026/04/studio-showde-16.png" loading="lazy" sizes="(max-width: 479px) 86vw, (max-width: 767px) 82vw, (max-width: 991px) 41vw, 32vw" srcset="https://www.iseg.ulisboa.pt/biblioteca/wp-content/uploads/sites/9/2026/04/studio-showde-16.png 500w, https://www.iseg.ulisboa.pt/biblioteca/wp-content/uploads/sites/9/2026/04/studio-showde-16.png 800w, https://www.iseg.ulisboa.pt/biblioteca/wp-content/uploads/sites/9/2026/04/studio-showde-16.png 1080w, https://www.iseg.ulisboa.pt/biblioteca/wp-content/uploads/sites/9/2026/04/studio-showde-16.png 1340w" alt="" class="image-cover">
                    </div>
                                <div class="course-features__content">
                    <div class="course-features__topcut"></div>
                    <h4 class="course-features__heading">
                                                    <a href="https://www.linkedin.com/posts/biblioteca-francisco-pereira-de-moura-iseg_iseg-bibliotecaiseg-arquivohistaejrico-activity-7436392039845629952-w0i8?utm_source=share&amp;utm_medium=member_desktop&amp;rcm=ACoAAEKIE88BLKFmH00OJCXOcSPjY4nVwKmfjZ4">Descoberta do mês #1</a>
                                            </h4>
                    <div class="course-features__text">Edição especial Dia Mundial das Mulheres </div>
                                            <a href="https://www.linkedin.com/posts/biblioteca-francisco-pereira-de-moura-iseg_iseg-bibliotecaiseg-arquivohistaejrico-activity-7436392039845629952-w0i8?utm_source=share&amp;utm_medium=member_desktop&amp;rcm=ACoAAEKIE88BLKFmH00OJCXOcSPjY4nVwKmfjZ4"  class="link-learnmore">Aceda aqui</a>
                                    </div>
            </div>

        
            <div class="course-features__item">
                                    <div class="course-features__image">
                        <img decoding="async" src="https://www.iseg.ulisboa.pt/biblioteca/wp-content/uploads/sites/9/2026/04/studio-showde-17.png" loading="lazy" sizes="(max-width: 479px) 86vw, (max-width: 767px) 82vw, (max-width: 991px) 41vw, 32vw" srcset="https://www.iseg.ulisboa.pt/biblioteca/wp-content/uploads/sites/9/2026/04/studio-showde-17.png 500w, https://www.iseg.ulisboa.pt/biblioteca/wp-content/uploads/sites/9/2026/04/studio-showde-17.png 800w, https://www.iseg.ulisboa.pt/biblioteca/wp-content/uploads/sites/9/2026/04/studio-showde-17.png 1080w, https://www.iseg.ulisboa.pt/biblioteca/wp-content/uploads/sites/9/2026/04/studio-showde-17.png 1340w" alt="" class="image-cover">
                    </div>
                                <div class="course-features__content">
                    <div class="course-features__topcut"></div>
                    <h4 class="course-features__heading">
                                                    <a href="https://www.linkedin.com/feed/update/urn:li:activity:7455666214036525056">Descoberta do mês #2</a>
                                            </h4>
                    <div class="course-features__text">Edição sobre Bento Jesus Caraça</div>
                                            <a href="https://www.linkedin.com/feed/update/urn:li:activity:7455666214036525056"  class="link-learnmore">Aceda aqui</a>
                                    </div>
            </div>

                </div>
        </div>
</div>
