{"id":86,"date":"2023-03-28T21:41:51","date_gmt":"2023-03-28T21:41:51","guid":{"rendered":"https:\/\/www.iseg.ulisboa.pt\/careers\/?page_id=86"},"modified":"2026-04-07T10:41:54","modified_gmt":"2026-04-07T10:41:54","slug":"construindo-experiencias","status":"publish","type":"page","link":"https:\/\/www.iseg.ulisboa.pt\/careers\/estudantes\/construindo-experiencias\/","title":{"rendered":"Experi\u00eancias Extracurriculares"},"content":{"rendered":"\n<p class=\"has-large-font-size\"><em>Learning by doing<\/em>! As experi\u00eancias s\u00e3o importantes e d\u00e3o-te hist\u00f3rias para contar numa entrevista e noutras situa\u00e7\u00f5es relacionadas com os processos de recrutamento. Que tipo de experi\u00eancias?<\/p>\n\n\n\n<p>No mercado de trabalho atual, j\u00e1 n\u00e3o \u00e9 suficiente sair da universidade apenas com uma boa forma\u00e7\u00e3o acad\u00e9mica. Adquirir experi\u00eancias extracurriculares e de trabalho de alta qualidade podem diferenciar-te e mostrar aos empregadores que tens as compet\u00eancias, conhecimentos e experi\u00eancia que eles procuram.<\/p>\n\n\n\n<p><strong><strong>Estas experi\u00eancias podem ser adquiridas atrav\u00e9s de:<\/strong><\/strong><\/p>\n\n\n\n<ul>\n<li><strong>Est\u00e1gios:\u00a0<\/strong>extracurriculares ou de ver\u00e3o. A realiza\u00e7\u00e3o de um est\u00e1gio pode aumentar consideravelmente a probabilidade de seres recrutado pela mesma empresa, ou por outra no mesmo sector. Podes, e deves, candidatar-te a est\u00e1gios de ver\u00e3o a partir do segundo ano da sua licenciatura.<\/li>\n\n\n\n<li><strong>Voluntariado:&nbsp;<\/strong>Escolhe um trabalho volunt\u00e1rio onde possas efetivamente adquirir experi\u00eancia e desenvolver compet\u00eancias.<\/li>\n\n\n\n<li><strong>Atividades Associativas:&nbsp;<\/strong>Faz parte de atividades associativas do ISEG (ou fora deste) e participa em eventos, <em>business challenges<\/em> e outras competi\u00e7\u00f5es que as empresas, associa\u00e7\u00f5es ou clubes organizam.<\/li>\n\n\n\n<li><strong>Desporto, m\u00fasica, teatro, etc.<\/strong><\/li>\n<\/ul>\n","protected":false},"excerpt":{"rendered":"Learning by doing! As experi\u00eancias s\u00e3o importantes e d\u00e3o-te hist\u00f3rias para contar numa entrevista e noutras situa\u00e7\u00f5es relacionadas com os processos de recrutamento. Que tipo de experi\u00eancias? No mercado de&nbsp;[&#8230;]","protected":false},"author":5,"featured_media":0,"parent":73,"menu_order":0,"comment_status":"closed","ping_status":"closed","template":"","meta":{"inline_featured_image":false,"_uag_custom_page_level_css":"","footnotes":""},"acf":[],"uagb_featured_image_src":{"full":false,"thumbnail":false,"medium":false,"medium_large":false,"large":false,"1536x1536":false,"2048x2048":false,"trp-custom-language-flag":false},"uagb_author_info":{"display_name":"diogoalmeida","author_link":"https:\/\/www.iseg.ulisboa.pt\/careers\/author\/diogoalmeida\/"},"uagb_comment_info":0,"uagb_excerpt":"Learning by doing! As experi\u00eancias s\u00e3o importantes e d\u00e3o-te hist\u00f3rias para contar numa entrevista e noutras situa\u00e7\u00f5es relacionadas com os processos de recrutamento. Que tipo de experi\u00eancias? No mercado de&nbsp;[...]","_links":{"self":[{"href":"https:\/\/www.iseg.ulisboa.pt\/careers\/wp-json\/wp\/v2\/pages\/86"}],"collection":[{"href":"https:\/\/www.iseg.ulisboa.pt\/careers\/wp-json\/wp\/v2\/pages"}],"about":[{"href":"https:\/\/www.iseg.ulisboa.pt\/careers\/wp-json\/wp\/v2\/types\/page"}],"author":[{"embeddable":true,"href":"https:\/\/www.iseg.ulisboa.pt\/careers\/wp-json\/wp\/v2\/users\/5"}],"replies":[{"embeddable":true,"href":"https:\/\/www.iseg.ulisboa.pt\/careers\/wp-json\/wp\/v2\/comments?post=86"}],"version-history":[{"count":4,"href":"https:\/\/www.iseg.ulisboa.pt\/careers\/wp-json\/wp\/v2\/pages\/86\/revisions"}],"predecessor-version":[{"id":827,"href":"https:\/\/www.iseg.ulisboa.pt\/careers\/wp-json\/wp\/v2\/pages\/86\/revisions\/827"}],"up":[{"embeddable":true,"href":"https:\/\/www.iseg.ulisboa.pt\/careers\/wp-json\/wp\/v2\/pages\/73"}],"wp:attachment":[{"href":"https:\/\/www.iseg.ulisboa.pt\/careers\/wp-json\/wp\/v2\/media?parent=86"}],"curies":[{"name":"wp","href":"https:\/\/api.w.org\/{rel}","templated":true}]}}