{"id":24,"date":"2023-01-31T15:36:58","date_gmt":"2023-01-31T15:36:58","guid":{"rendered":"https:\/\/www.iseg.ulisboa.pt\/cete\/?page_id=24"},"modified":"2023-01-31T15:41:58","modified_gmt":"2023-01-31T15:41:58","slug":"orgaos-sociais","status":"publish","type":"page","link":"https:\/\/www.iseg.ulisboa.pt\/cege\/orgaos-sociais\/","title":{"rendered":"\u00d3rg\u00e3os Sociais"},"content":{"rendered":"\n<section class=\"block-team \">\n    <div class=\"container\">\n                    <h2 class=\"block-team__text \"><h4>Dire\u00e7\u00e3o<\/h4>\n<\/h2>\n                \n\t\t<div class=\"team-list js-lmc-container\" data-columns>\n\t\t\t\n                \t\t\t\t\n                <div class=\"faculty-list__item js-list-item\">\n                    <a href=\"\" class=\"faculty-item__photo disabled-link\">\n                    <img decoding=\"async\" src=\"https:\/\/www.iseg.ulisboa.pt\/cege\/wp-content\/uploads\/sites\/12\/2023\/01\/faculty-default.png\" class=\"image-cover\">                    <\/a>\n                    <a href=\"\" class=\"faculty-item__name disabled-link\">Prof. Doutor J. Augusto Fel\u00edcio<\/a>\n                    <div class=\"faculty-item__job\">Presidente<\/div>\n                                                        <\/div>\n\n\t\t\t\n                \t\t\t\t\n                <div class=\"faculty-list__item js-list-item\">\n                    <a href=\"\" class=\"faculty-item__photo disabled-link\">\n                    <img decoding=\"async\" src=\"https:\/\/www.iseg.ulisboa.pt\/cege\/wp-content\/uploads\/sites\/12\/2023\/01\/faculty-default.png\" class=\"image-cover\">                    <\/a>\n                    <a href=\"\" class=\"faculty-item__name disabled-link\"> Prof. Doutor Ant\u00f3nio Samagaio<\/a>\n                    <div class=\"faculty-item__job\"><\/div>\n                                                        <\/div>\n\n\t\t\t\n                \t\t\t\t\n                <div class=\"faculty-list__item js-list-item\">\n                    <a href=\"\" class=\"faculty-item__photo disabled-link\">\n                    <img decoding=\"async\" src=\"https:\/\/www.iseg.ulisboa.pt\/cege\/wp-content\/uploads\/sites\/12\/2023\/01\/faculty-default.png\" class=\"image-cover\">                    <\/a>\n                    <a href=\"\" class=\"faculty-item__name disabled-link\">Prof. Doutor Ricardo Rodrigues<\/a>\n                    <div class=\"faculty-item__job\"><\/div>\n                                                        <\/div>\n\n\t\t\t\t\t<\/div>\n    <\/div>\n<\/section>\n\n\n<section class=\"block-team \">\n    <div class=\"container\">\n                    <h2 class=\"block-team__text \"><h3>Assembleia Geral<\/h3>\n<\/h2>\n                \n\t\t<div class=\"team-list js-lmc-container\" data-columns>\n\t\t\t\n                \t\t\t\t\n                <div class=\"faculty-list__item js-list-item\">\n                    <a href=\"\" class=\"faculty-item__photo disabled-link\">\n                    <img decoding=\"async\" src=\"https:\/\/www.iseg.ulisboa.pt\/cege\/wp-content\/uploads\/sites\/12\/2023\/01\/faculty-default.png\" class=\"image-cover\">                    <\/a>\n                    <a href=\"\" class=\"faculty-item__name disabled-link\"> Prof. Doutor V\u00edtor da Concei\u00e7\u00e3o Gon\u00e7alves<\/a>\n                    <div class=\"faculty-item__job\">Presidente <\/div>\n                                                        <\/div>\n\n\t\t\t\n                \t\t\t\t\n                <div class=\"faculty-list__item js-list-item\">\n                    <a href=\"\" class=\"faculty-item__photo disabled-link\">\n                    <img decoding=\"async\" src=\"https:\/\/www.iseg.ulisboa.pt\/cege\/wp-content\/uploads\/sites\/12\/2023\/01\/faculty-default.png\" class=\"image-cover\">                    <\/a>\n                    <a href=\"\" class=\"faculty-item__name disabled-link\">Prof.\u00aa Doutora Margarida Duarte<\/a>\n                    <div class=\"faculty-item__job\"><\/div>\n                                                        <\/div>\n\n\t\t\t\n                \t\t\t\t\n                <div class=\"faculty-list__item js-list-item\">\n                    <a href=\"\" class=\"faculty-item__photo disabled-link\">\n                    <img decoding=\"async\" src=\"https:\/\/www.iseg.ulisboa.pt\/cege\/wp-content\/uploads\/sites\/12\/2023\/01\/faculty-default.png\" class=\"image-cover\">                    <\/a>\n                    <a href=\"\" class=\"faculty-item__name disabled-link\">Prof. Doutor Jo\u00e3o Carvalho das Neves<\/a>\n                    <div class=\"faculty-item__job\"><\/div>\n                                                        <\/div>\n\n\t\t\t\t\t<\/div>\n    <\/div>\n<\/section>\n\n\n<section class=\"block-team \">\n    <div class=\"container\">\n                    <h2 class=\"block-team__text \"><h3>Conselho Fiscal<\/h3>\n<\/h2>\n                \n\t\t<div class=\"team-list js-lmc-container\" data-columns>\n\t\t\t\n                \t\t\t\t\n                <div class=\"faculty-list__item js-list-item\">\n                    <a href=\"\" class=\"faculty-item__photo disabled-link\">\n                    <img decoding=\"async\" src=\"https:\/\/www.iseg.ulisboa.pt\/cege\/wp-content\/uploads\/sites\/12\/2023\/01\/faculty-default.png\" class=\"image-cover\">                    <\/a>\n                    <a href=\"\" class=\"faculty-item__name disabled-link\">Prof. Doutor Carlos Pereira da Silva<\/a>\n                    <div class=\"faculty-item__job\">Presidente <\/div>\n                                                        <\/div>\n\n\t\t\t\n                \t\t\t\t\n                <div class=\"faculty-list__item js-list-item\">\n                    <a href=\"\" class=\"faculty-item__photo disabled-link\">\n                    <img decoding=\"async\" src=\"https:\/\/www.iseg.ulisboa.pt\/cege\/wp-content\/uploads\/sites\/12\/2023\/01\/faculty-default.png\" class=\"image-cover\">                    <\/a>\n                    <a href=\"\" class=\"faculty-item__name disabled-link\"> Prof. Doutor Pedro Rino Vieira<\/a>\n                    <div class=\"faculty-item__job\"><\/div>\n                                                        <\/div>\n\n\t\t\t\n                \t\t\t\t\n                <div class=\"faculty-list__item js-list-item\">\n                    <a href=\"\" class=\"faculty-item__photo disabled-link\">\n                    <img decoding=\"async\" src=\"https:\/\/www.iseg.ulisboa.pt\/cege\/wp-content\/uploads\/sites\/12\/2023\/01\/faculty-default.png\" class=\"image-cover\">                    <\/a>\n                    <a href=\"\" class=\"faculty-item__name disabled-link\">Prof. Doutor Tiago Diogo<\/a>\n                    <div class=\"faculty-item__job\"><\/div>\n                                                        <\/div>\n\n\t\t\t\t\t<\/div>\n    <\/div>\n<\/section>","protected":false},"excerpt":{"rendered":"","protected":false},"author":2,"featured_media":0,"parent":0,"menu_order":0,"comment_status":"closed","ping_status":"closed","template":"","meta":{"inline_featured_image":false,"_uag_custom_page_level_css":"","footnotes":""},"acf":[],"uagb_featured_image_src":{"full":false,"thumbnail":false,"medium":false,"medium_large":false,"large":false,"1536x1536":false,"2048x2048":false,"trp-custom-language-flag":false},"uagb_author_info":{"display_name":"Major","author_link":"https:\/\/www.iseg.ulisboa.pt\/cege\/author\/leihla\/"},"uagb_comment_info":0,"uagb_excerpt":null,"_links":{"self":[{"href":"https:\/\/www.iseg.ulisboa.pt\/cege\/wp-json\/wp\/v2\/pages\/24"}],"collection":[{"href":"https:\/\/www.iseg.ulisboa.pt\/cege\/wp-json\/wp\/v2\/pages"}],"about":[{"href":"https:\/\/www.iseg.ulisboa.pt\/cege\/wp-json\/wp\/v2\/types\/page"}],"author":[{"embeddable":true,"href":"https:\/\/www.iseg.ulisboa.pt\/cege\/wp-json\/wp\/v2\/users\/2"}],"replies":[{"embeddable":true,"href":"https:\/\/www.iseg.ulisboa.pt\/cege\/wp-json\/wp\/v2\/comments?post=24"}],"version-history":[{"count":6,"href":"https:\/\/www.iseg.ulisboa.pt\/cege\/wp-json\/wp\/v2\/pages\/24\/revisions"}],"predecessor-version":[{"id":34,"href":"https:\/\/www.iseg.ulisboa.pt\/cege\/wp-json\/wp\/v2\/pages\/24\/revisions\/34"}],"wp:attachment":[{"href":"https:\/\/www.iseg.ulisboa.pt\/cege\/wp-json\/wp\/v2\/media?parent=24"}],"curies":[{"name":"wp","href":"https:\/\/api.w.org\/{rel}","templated":true}]}}