{"id":6,"date":"2023-01-31T15:24:24","date_gmt":"2023-01-31T15:24:24","guid":{"rendered":"https:\/\/www.iseg.ulisboa.pt\/cete\/?page_id=6"},"modified":"2023-03-08T16:44:14","modified_gmt":"2023-03-08T16:44:14","slug":"homepage","status":"publish","type":"page","link":"https:\/\/www.iseg.ulisboa.pt\/cege\/","title":{"rendered":"Homepage"},"content":{"rendered":"\n<section class=\"block-hero-full-width course-hero wf-section\">\n        <div class=\"course-hero__name\">\n            <h1 class=\"course-hero__heading has-iseg-white-color\"><span class=\"course-hero__heading-span\">Centro de Estudos de Gest\u00e3o<\/span><\/h1>\n    <\/div>\n            <div class=\"course-hero__backdrop has-iseg-red-background\"><\/div>\n    \n    <div class=\"course-hero__image\">\n    <img decoding=\"async\" src=\"https:\/\/www.iseg.ulisboa.pt\/cege\/wp-content\/uploads\/sites\/12\/2023\/02\/hero-quelhas-1.jpeg\" class=\"image-cover\" alt=\"\" srcset=\"https:\/\/www.iseg.ulisboa.pt\/cege\/wp-content\/uploads\/sites\/12\/2023\/02\/hero-quelhas-1.jpeg 1450w, https:\/\/www.iseg.ulisboa.pt\/cege\/wp-content\/uploads\/sites\/12\/2023\/02\/hero-quelhas-1-300x150.jpeg 300w\" sizes=\"(max-width: 1450px) 100vw, 1450px\" \/>    <\/div>\n<\/section>\n\n<div class=\"block-intro-text has-iseg-pink-background\">\n\t<div class=\"intro-text\">O Centro de Estudos de Gest\u00e3o do Instituto Superior de Economia e Gest\u00e3o (CEGE\/ISEG) \u00e9 uma associa\u00e7\u00e3o sem fins lucrativos constitu\u00edda em Outubro de 1990, que tem por associados professores do departamento de gest\u00e3o do ISEG. O CEGE disp\u00f5e de m\u00faltiplas val\u00eancias e recursos altamente qualificados, docentes do departamento de Gest\u00e3o do ISEG, que permitem a execu\u00e7\u00e3o de distintos projectos, nomeadamente no campo da forma\u00e7\u00e3o. <\/div>\n\t<div class=\"intro-text-anim-left-layer\"><\/div>\n\t<div class=\"intro-text-anim-right-layer\"><\/div>\n<\/div>\n\n\n\n<div style=\"height:100px\" aria-hidden=\"true\" class=\"wp-block-spacer\"><\/div>\n\n\n<div class=\"block-course-features\">\n    <div class=\"container\">\n                        <div class=\"course-features__intro\"><h2 id=\"block-257d97f7-52e2-47ed-88b7-baa8d7d21985\" class=\"block-editor-rich-text__editable block-editor-block-list__block wp-block has-iseg-red-color has-text-color is-selected wp-block-heading rich-text\" tabindex=\"0\" role=\"document\" contenteditable=\"true\" aria-multiline=\"true\" aria-label=\"Bloco: T\u00edtulo\" data-block=\"257d97f7-52e2-47ed-88b7-baa8d7d21985\" data-type=\"core\/heading\" data-title=\"T\u00edtulo\">Atividades Desenvolvidas<\/h2>\n<\/div>\n                <div class=\"course-features__grid\">\n        \n            <div class=\"course-features__item\">\n                                    <div class=\"course-features__image\">\n                        <img decoding=\"async\" src=\"https:\/\/www.iseg.ulisboa.pt\/cege\/wp-content\/uploads\/sites\/12\/2023\/02\/hero-investigacao.jpg\" loading=\"lazy\" sizes=\"(max-width: 479px) 86vw, (max-width: 767px) 82vw, (max-width: 991px) 41vw, 32vw\" srcset=\"https:\/\/www.iseg.ulisboa.pt\/cege\/wp-content\/uploads\/sites\/12\/2023\/02\/hero-investigacao.jpg 500w, https:\/\/www.iseg.ulisboa.pt\/cege\/wp-content\/uploads\/sites\/12\/2023\/02\/hero-investigacao.jpg 800w, https:\/\/www.iseg.ulisboa.pt\/cege\/wp-content\/uploads\/sites\/12\/2023\/02\/hero-investigacao.jpg 1080w, https:\/\/www.iseg.ulisboa.pt\/cege\/wp-content\/uploads\/sites\/12\/2023\/02\/hero-investigacao.jpg 1340w\" alt=\"\" class=\"image-cover\">\n                    <\/div>\n                                <div class=\"course-features__content\">\n                    <div class=\"course-features__topcut\"><\/div>\n                    <h4 class=\"course-features__heading\">\n                                                    Projetos de Investiga\u00e7\u00e3o                                            <\/h4>\n                    <div class=\"course-features__text\">Realiza\u00e7\u00e3o de investiga\u00e7\u00e3o aplicada e apoio na difus\u00e3o e publica\u00e7\u00e3o dos seus resultados.<\/div>\n                                    <\/div>\n            <\/div>\n\n        \n            <div class=\"course-features__item\">\n                                    <div class=\"course-features__image\">\n                        <img decoding=\"async\" src=\"https:\/\/www.iseg.ulisboa.pt\/cege\/wp-content\/uploads\/sites\/12\/2023\/02\/hero-seminars.jpg\" loading=\"lazy\" sizes=\"(max-width: 479px) 86vw, (max-width: 767px) 82vw, (max-width: 991px) 41vw, 32vw\" srcset=\"https:\/\/www.iseg.ulisboa.pt\/cege\/wp-content\/uploads\/sites\/12\/2023\/02\/hero-seminars.jpg 500w, https:\/\/www.iseg.ulisboa.pt\/cege\/wp-content\/uploads\/sites\/12\/2023\/02\/hero-seminars.jpg 800w, https:\/\/www.iseg.ulisboa.pt\/cege\/wp-content\/uploads\/sites\/12\/2023\/02\/hero-seminars.jpg 1080w, https:\/\/www.iseg.ulisboa.pt\/cege\/wp-content\/uploads\/sites\/12\/2023\/02\/hero-seminars.jpg 1340w\" alt=\"\" class=\"image-cover\">\n                    <\/div>\n                                <div class=\"course-features__content\">\n                    <div class=\"course-features__topcut\"><\/div>\n                    <h4 class=\"course-features__heading\">\n                                                    Semin\u00e1rios e Confer\u00eancias                                            <\/h4>\n                    <div class=\"course-features__text\">Organiza\u00e7\u00e3o de semin\u00e1rios, confer\u00eancias, col\u00f3quios e atividades similares, contribuindo para a forma\u00e7\u00e3o de docentes e discentes;<\/div>\n                                    <\/div>\n            <\/div>\n\n        \n            <div class=\"course-features__item\">\n                                    <div class=\"course-features__image\">\n                        <img decoding=\"async\" src=\"https:\/\/www.iseg.ulisboa.pt\/cege\/wp-content\/uploads\/sites\/12\/2023\/01\/hero-4.jpg\" loading=\"lazy\" sizes=\"(max-width: 479px) 86vw, (max-width: 767px) 82vw, (max-width: 991px) 41vw, 32vw\" srcset=\"https:\/\/www.iseg.ulisboa.pt\/cege\/wp-content\/uploads\/sites\/12\/2023\/01\/hero-4.jpg 500w, https:\/\/www.iseg.ulisboa.pt\/cege\/wp-content\/uploads\/sites\/12\/2023\/01\/hero-4.jpg 800w, https:\/\/www.iseg.ulisboa.pt\/cege\/wp-content\/uploads\/sites\/12\/2023\/01\/hero-4.jpg 1080w, https:\/\/www.iseg.ulisboa.pt\/cege\/wp-content\/uploads\/sites\/12\/2023\/01\/hero-4.jpg 1340w\" alt=\"\" class=\"image-cover\">\n                    <\/div>\n                                <div class=\"course-features__content\">\n                    <div class=\"course-features__topcut\"><\/div>\n                    <h4 class=\"course-features__heading\">\n                                                    A\u00e7\u00f5es de Forma\u00e7\u00e3o Avan\u00e7ada                                            <\/h4>\n                    <div class=\"course-features__text\">Ac\u00e7\u00f5es de forma\u00e7\u00e3o desenhadas \u00e0 medida para as organiza\u00e7\u00f5es e orientadas para os seus Administradores e Gestores de Topo.<\/div>\n                                    <\/div>\n            <\/div>\n\n        \n            <div class=\"course-features__item\">\n                                    <div class=\"course-features__image\">\n                        <img decoding=\"async\" src=\"https:\/\/www.iseg.ulisboa.pt\/cege\/wp-content\/uploads\/sites\/12\/2023\/02\/hero-consulting.jpg\" loading=\"lazy\" sizes=\"(max-width: 479px) 86vw, (max-width: 767px) 82vw, (max-width: 991px) 41vw, 32vw\" srcset=\"https:\/\/www.iseg.ulisboa.pt\/cege\/wp-content\/uploads\/sites\/12\/2023\/02\/hero-consulting.jpg 500w, https:\/\/www.iseg.ulisboa.pt\/cege\/wp-content\/uploads\/sites\/12\/2023\/02\/hero-consulting.jpg 800w, https:\/\/www.iseg.ulisboa.pt\/cege\/wp-content\/uploads\/sites\/12\/2023\/02\/hero-consulting.jpg 1080w, https:\/\/www.iseg.ulisboa.pt\/cege\/wp-content\/uploads\/sites\/12\/2023\/02\/hero-consulting.jpg 1340w\" alt=\"\" class=\"image-cover\">\n                    <\/div>\n                                <div class=\"course-features__content\">\n                    <div class=\"course-features__topcut\"><\/div>\n                    <h4 class=\"course-features__heading\">\n                                                    Projetos de Consultoria                                            <\/h4>\n                    <div class=\"course-features__text\">Presta\u00e7\u00e3o de servi\u00e7os de consultoria \u00e0s organiza\u00e7\u00f5es em gest\u00e3o e sistemas de informa\u00e7\u00e3o;<\/div>\n                                    <\/div>\n            <\/div>\n\n        \n            <div class=\"course-features__item\">\n                                    <div class=\"course-features__image\">\n                        <img decoding=\"async\" src=\"https:\/\/www.iseg.ulisboa.pt\/cege\/wp-content\/uploads\/sites\/12\/2023\/01\/hero-1.jpg\" loading=\"lazy\" sizes=\"(max-width: 479px) 86vw, (max-width: 767px) 82vw, (max-width: 991px) 41vw, 32vw\" srcset=\"https:\/\/www.iseg.ulisboa.pt\/cege\/wp-content\/uploads\/sites\/12\/2023\/01\/hero-1.jpg 500w, https:\/\/www.iseg.ulisboa.pt\/cege\/wp-content\/uploads\/sites\/12\/2023\/01\/hero-1.jpg 800w, https:\/\/www.iseg.ulisboa.pt\/cege\/wp-content\/uploads\/sites\/12\/2023\/01\/hero-1.jpg 1080w, https:\/\/www.iseg.ulisboa.pt\/cege\/wp-content\/uploads\/sites\/12\/2023\/01\/hero-1.jpg 1340w\" alt=\"\" class=\"image-cover\">\n                    <\/div>\n                                <div class=\"course-features__content\">\n                    <div class=\"course-features__topcut\"><\/div>\n                    <h4 class=\"course-features__heading\">\n                                                    Acordos de Coopera\u00e7\u00e3o                                            <\/h4>\n                    <div class=\"course-features__text\"> Estabelecimento de acordos de coopera\u00e7\u00e3o com entidades nacionais e internacionais.<\/div>\n                                    <\/div>\n            <\/div>\n\n                <\/div>\n        <\/div>\n<\/div>\n\n\n<section class=\"w-full mb-20\">\n    <div class=\"@container\">\n                    <h2 class=\"block-key-contacts__heading has-iseg-red-color\">Contatos<\/h2>\n                <div class=\"grid grid-cols-1 @4xl:grid-cols-4 @2xl:grid-cols-3 gap-4\">\n                            <div class=\"bg-neutral-50 py-4 px-4 font-medium text-black\">\n                    <img decoding=\"async\" src=\"https:\/\/www.iseg.ulisboa.pt\/cege\/wp-content\/themes\/iseg\/assets\/images\/location.svg\" alt=\"Location\">\n                    <h3 class=\"mt-4 mb-2 font-bold !text-xl\">\n                        Address                    <\/h3>\n                    Rua Miguel L\u00fapi, n.\u00ba 20 <br \/>\r\nGab. 206\u2028<br \/>\r\n1249-078 Lisboa                <\/div>\n                                        <div class=\"bg-neutral-50 py-4 px-4 font-medium text-black\">\n                    <img decoding=\"async\" src=\"https:\/\/www.iseg.ulisboa.pt\/cege\/wp-content\/themes\/iseg\/assets\/images\/email.svg\" alt=\"Email\">\n                    <h3 class=\"mt-4 mb-2 font-bold !text-xl\">\n                        Email                    <\/h3>\n                                            <a href=\"mailto:cege3@iseg.ulisboa.pt \" class=\"block break-all\">\n                            cege3@iseg.ulisboa.pt                         <\/a>\n                                    <\/div>\n                                        <div class=\"bg-neutral-50 py-4 px-4 font-medium text-black\">\n                    <img decoding=\"async\" src=\"https:\/\/www.iseg.ulisboa.pt\/cege\/wp-content\/themes\/iseg\/assets\/images\/phone.svg\" alt=\"Phone\">\n                    <h3 class=\"mt-4 mb-2 font-bold !text-xl\">\n                        Telephone                    <\/h3>\n                                            <a href=\"telto:(+351) 213 970 264\" class=\"block break-all\">(+351) 213 970 264<\/a>\n                                            <a href=\"telto:(+351) 213 925 907\" class=\"block break-all\">(+351) 213 925 907<\/a>\n                                            <a href=\"telto:(+351) 963 903 252\" class=\"block break-all\">(+351) 963 903 252<\/a>\n                                    <\/div>\n                                <\/div>\n    <\/div>\n<\/section>","protected":false},"excerpt":{"rendered":"","protected":false},"author":2,"featured_media":0,"parent":0,"menu_order":0,"comment_status":"closed","ping_status":"closed","template":"tpl-page-blocks.php","meta":{"inline_featured_image":false,"_uag_custom_page_level_css":"","footnotes":""},"acf":[],"uagb_featured_image_src":{"full":false,"thumbnail":false,"medium":false,"medium_large":false,"large":false,"1536x1536":false,"2048x2048":false,"trp-custom-language-flag":false},"uagb_author_info":{"display_name":"Major","author_link":"https:\/\/www.iseg.ulisboa.pt\/cege\/author\/leihla\/"},"uagb_comment_info":0,"uagb_excerpt":null,"_links":{"self":[{"href":"https:\/\/www.iseg.ulisboa.pt\/cege\/wp-json\/wp\/v2\/pages\/6"}],"collection":[{"href":"https:\/\/www.iseg.ulisboa.pt\/cege\/wp-json\/wp\/v2\/pages"}],"about":[{"href":"https:\/\/www.iseg.ulisboa.pt\/cege\/wp-json\/wp\/v2\/types\/page"}],"author":[{"embeddable":true,"href":"https:\/\/www.iseg.ulisboa.pt\/cege\/wp-json\/wp\/v2\/users\/2"}],"replies":[{"embeddable":true,"href":"https:\/\/www.iseg.ulisboa.pt\/cege\/wp-json\/wp\/v2\/comments?post=6"}],"version-history":[{"count":57,"href":"https:\/\/www.iseg.ulisboa.pt\/cege\/wp-json\/wp\/v2\/pages\/6\/revisions"}],"predecessor-version":[{"id":105,"href":"https:\/\/www.iseg.ulisboa.pt\/cege\/wp-json\/wp\/v2\/pages\/6\/revisions\/105"}],"wp:attachment":[{"href":"https:\/\/www.iseg.ulisboa.pt\/cege\/wp-json\/wp\/v2\/media?parent=6"}],"curies":[{"name":"wp","href":"https:\/\/api.w.org\/{rel}","templated":true}]}}