{"id":160,"date":"2023-04-16T00:19:00","date_gmt":"2023-04-16T00:19:00","guid":{"rendered":"https:\/\/www.iseg.ulisboa.pt\/dsi\/?page_id=160"},"modified":"2024-02-20T16:15:08","modified_gmt":"2024-02-20T16:15:08","slug":"impressao","status":"publish","type":"page","link":"https:\/\/www.iseg.ulisboa.pt\/dsi\/servicos\/impressao\/","title":{"rendered":"Servi\u00e7os de Impress\u00e3o"},"content":{"rendered":"\n<p><strong>O Sistema de Impress\u00e3o permite a impress\u00e3o, fotoc\u00f3pia e digitaliza\u00e7\u00e3o de documentos em cerca de 40 equipamentos distribu\u00eddos pelo Campus.<\/strong><\/p>\n\n\n\n<p>Os alunos apenas t\u00eam acesso aos equipamentos dispon\u00edveis na Sala de Inform\u00e1tica e na Sala de Doutoramentos durante o seu hor\u00e1rio de funcionamento.<\/p>\n\n\n\n<p>Para poderem utilizar as impressoras \u00e9 necess\u00e1rio ter saldo dispon\u00edvel, podendo os alunos carregar a sua conta com cr\u00e9dito no Portal F\u00e9nix.<\/p>\n\n\n\n<p>Login F\u00e9nix > Pessoal > Servi\u00e7os > Requerimentos > + Criar > Tipo de Requerimento: Carregamento Cart\u00e3o Fotoc\u00f3pias<\/p>\n\n\n\n<p>Os alunos de P\u00f3s-Gradu\u00e7\u00e3o, Mestrado e Doutoramento disp\u00f5em de um saldo inicial fixado na inscri\u00e7\u00e3o. Findo esse saldo dever\u00e3o proceder ao carregamento das suas contas.<\/p>\n\n\n\n<p>O saldo pode ser consultado nos equipamentos ou no <a href=\"https:\/\/172.16.1.36:9443\/end-user\/ui\">Portal do Sistema de Impress\u00e3o<\/a>.<\/p>\n\n\n\n<p>A utiliza\u00e7\u00e3o dos equipamentos implica que seja realizada a autentica\u00e7\u00e3o com as credenciais ISEG ou com um cart\u00e3o <em>contactless<\/em> previamente associado (e.g. Cart\u00e3o de Aluno ou de Funcion\u00e1rio).<\/p>\n","protected":false},"excerpt":{"rendered":"O Sistema de Impress\u00e3o permite a impress\u00e3o, fotoc\u00f3pia e digitaliza\u00e7\u00e3o de documentos em cerca de 40 equipamentos distribu\u00eddos pelo Campus. Os alunos apenas t\u00eam acesso aos equipamentos dispon\u00edveis na Sala&nbsp;[&#8230;]","protected":false},"author":5,"featured_media":0,"parent":10,"menu_order":0,"comment_status":"closed","ping_status":"closed","template":"","meta":{"inline_featured_image":false,"_uag_custom_page_level_css":"","footnotes":""},"acf":[],"uagb_featured_image_src":{"full":false,"thumbnail":false,"medium":false,"medium_large":false,"large":false,"1536x1536":false,"2048x2048":false,"trp-custom-language-flag":false},"uagb_author_info":{"display_name":"diogoalmeida","author_link":"https:\/\/www.iseg.ulisboa.pt\/dsi\/author\/diogoalmeida\/"},"uagb_comment_info":0,"uagb_excerpt":"O Sistema de Impress\u00e3o permite a impress\u00e3o, fotoc\u00f3pia e digitaliza\u00e7\u00e3o de documentos em cerca de 40 equipamentos distribu\u00eddos pelo Campus. Os alunos apenas t\u00eam acesso aos equipamentos dispon\u00edveis na Sala&nbsp;[...]","_links":{"self":[{"href":"https:\/\/www.iseg.ulisboa.pt\/dsi\/wp-json\/wp\/v2\/pages\/160"}],"collection":[{"href":"https:\/\/www.iseg.ulisboa.pt\/dsi\/wp-json\/wp\/v2\/pages"}],"about":[{"href":"https:\/\/www.iseg.ulisboa.pt\/dsi\/wp-json\/wp\/v2\/types\/page"}],"author":[{"embeddable":true,"href":"https:\/\/www.iseg.ulisboa.pt\/dsi\/wp-json\/wp\/v2\/users\/5"}],"replies":[{"embeddable":true,"href":"https:\/\/www.iseg.ulisboa.pt\/dsi\/wp-json\/wp\/v2\/comments?post=160"}],"version-history":[{"count":6,"href":"https:\/\/www.iseg.ulisboa.pt\/dsi\/wp-json\/wp\/v2\/pages\/160\/revisions"}],"predecessor-version":[{"id":283,"href":"https:\/\/www.iseg.ulisboa.pt\/dsi\/wp-json\/wp\/v2\/pages\/160\/revisions\/283"}],"up":[{"embeddable":true,"href":"https:\/\/www.iseg.ulisboa.pt\/dsi\/wp-json\/wp\/v2\/pages\/10"}],"wp:attachment":[{"href":"https:\/\/www.iseg.ulisboa.pt\/dsi\/wp-json\/wp\/v2\/media?parent=160"}],"curies":[{"name":"wp","href":"https:\/\/api.w.org\/{rel}","templated":true}]}}