{"id":11704,"date":"2020-02-07T09:30:00","date_gmt":"2020-02-07T09:30:00","guid":{"rendered":"https:\/\/iseg.gomo.dev\/event\/workshop-global-value-chains-private-sector-and-development\/"},"modified":"2020-02-07T09:30:00","modified_gmt":"2020-02-07T09:30:00","slug":"global-value-chains-private-sector-and-development-workshop","status":"publish","type":"event","link":"https:\/\/www.iseg.ulisboa.pt\/en\/event\/global-value-chains-private-sector-and-development-workshop\/","title":{"rendered":"Workshop | Global Value Chains, Private Sector and Development"},"content":{"rendered":"<p><span>On February 7th, ISEG will host the <strong>Global Value Chains, Private Sector and Development\" workshop.<\/strong>&nbsp;<br \/><br \/>The session takes place between <strong>09.30<\/strong> and 13h00, in the <strong>DELTA room<\/strong> (Ed. Quelhas, 3rd floor).<br \/><br \/><\/span>This workshop aims to explore the different perspectives on value chains and the evolving relationship between the business world and global development. Thus, aspects of corporate social responsibility (CSR), innovation, global value chains, foreign direct investment, social entrepreneurship, microfinance, as well as BoP markets (<em>bottom-of-the-pyramid<\/em>) and the role of companies as stakeholders in poverty reduction.<br \/><br \/>The workshop is organized by&nbsp;<a href=\"https:\/\/cesa.rc.iseg.ulisboa.pt\/\" target=\"_blank\" rel=\"noopener\">CEsA - Center for African and Development Studies<\/a>&nbsp;and takes place as part of the work to finalize the Project <a href=\"https:\/\/cesa.rc.iseg.ulisboa.pt\/index.php\/pt\/menuinvestigacao\/projectos-em-curso\/654\" target=\"_blank\" rel=\"noopener\">Business4SDGs<\/a>led by ISEG professor and CESA researcher Lu\u00eds Mah.<br \/><br \/>More information at&nbsp;<a href=\"https:\/\/cesa.rc.iseg.ulisboa.pt\/\" target=\"_blank\" rel=\"noopener\">https:\/\/cesa.rc.iseg.ulisboa.pt\/<\/a>.<br \/><br \/><strong>Free admission.<\/strong><br \/><br \/><strong><a href=\"https:\/\/www.iseg.ulisboa.pt\/en\/aquila\/getFile.do\/?method=getFile&amp;fileId=1329483\" target=\"_blank\" rel=\"noopener\">Poster (pdf)<\/a><\/strong><\/p>\n<table border=\"0\">\n<tbody>\n<tr>\n<td>\t\t\r\n\t\t<figure class=\"wp-block-image size-large\"><img loading=\"lazy\" decoding=\"async\" width=\"600\" height=\"848\" src=\"https:\/\/www.iseg.ulisboa.pt\/wp-content\/uploads\/2021\/01\/Poster_workshopBussiness.png\" alt=\"\" class=\"wp-image-4788\" srcset=\"https:\/\/www.iseg.ulisboa.pt\/wp-content\/uploads\/2021\/01\/Poster_workshopBussiness.png 600w, https:\/\/www.iseg.ulisboa.pt\/wp-content\/uploads\/2021\/01\/Poster_workshopBussiness-212x300.png 212w\" sizes=\"(max-width: 600px) 100vw, 600px\" \/><\/figure>\r\n\t\t\r\n\r\n\t\n<\/tr>\n<\/tbody>\n<\/table>\n<p><span><a href=\"https:\/\/www.iseg.ulisboa.pt\/en\/aquila\/getFile.do\/?method=getFile&amp;fileId=1329483\" target=\"_blank\" rel=\"noopener\"><strong>&nbsp;<\/strong><\/a><\/span><\/p>\n<p>&nbsp;<\/p>","protected":false},"excerpt":{"rendered":"&#8211; Este workshop pretende explorar as diferentes perspectivas sobre as cadeias de valor e a evolu\u00e7\u00e3o da rela\u00e7\u00e3o entre o mundo empresarial e o desenvolvimento global.\u00a0&#8211;\u00a0A sess\u00e3o decorre entre as\u00a09h30\u00a0e as 13h00, na\u00a0sala DELTA\u00a0(Ed. Quelhas, 3\u00ba piso).- Entrada livre.","protected":false},"featured_media":0,"template":"","topic":[],"event_type":[1151],"acf":[],"yoast_head":"<!-- This site is optimized with the Yoast SEO plugin v22.6 - https:\/\/yoast.com\/wordpress\/plugins\/seo\/ -->\n<title>Workshop | Global Value Chains, Private Sector and Development - ISEG<\/title>\n<meta name=\"robots\" content=\"index, follow, max-snippet:-1, max-image-preview:large, max-video-preview:-1\" \/>\n<link rel=\"canonical\" href=\"https:\/\/www.iseg.ulisboa.pt\/en\/event\/global-value-chains-private-sector-and-development-workshop\/\" \/>\n<meta name=\"twitter:label1\" content=\"Est. reading time\" \/>\n\t<meta name=\"twitter:data1\" content=\"1 minute\" \/>\n<script type=\"application\/ld+json\" class=\"yoast-schema-graph\">{\"@context\":\"https:\/\/schema.org\",\"@graph\":[{\"@type\":\"WebPage\",\"@id\":\"https:\/\/www.iseg.ulisboa.pt\/en\/event\/global-value-chains-private-sector-and-development-workshop\/\",\"url\":\"https:\/\/www.iseg.ulisboa.pt\/en\/event\/global-value-chains-private-sector-and-development-workshop\/\",\"name\":\"Workshop | Global Value Chains, Private Sector and Development - ISEG\",\"isPartOf\":{\"@id\":\"https:\/\/www.iseg.ulisboa.pt\/en\/#website\"},\"primaryImageOfPage\":{\"@id\":\"https:\/\/www.iseg.ulisboa.pt\/en\/event\/global-value-chains-private-sector-and-development-workshop\/#primaryimage\"},\"image\":{\"@id\":\"https:\/\/www.iseg.ulisboa.pt\/en\/event\/global-value-chains-private-sector-and-development-workshop\/#primaryimage\"},\"thumbnailUrl\":\"https:\/\/www.iseg.ulisboa.pt\/wp-content\/uploads\/2021\/01\/Poster_workshopBussiness.png\",\"datePublished\":\"2020-02-07T09:30:00+00:00\",\"dateModified\":\"2020-02-07T09:30:00+00:00\",\"breadcrumb\":{\"@id\":\"https:\/\/www.iseg.ulisboa.pt\/en\/event\/global-value-chains-private-sector-and-development-workshop\/#breadcrumb\"},\"inLanguage\":\"en-US\",\"potentialAction\":[{\"@type\":\"ReadAction\",\"target\":[\"https:\/\/www.iseg.ulisboa.pt\/en\/event\/global-value-chains-private-sector-and-development-workshop\/\"]}]},{\"@type\":\"ImageObject\",\"inLanguage\":\"en-US\",\"@id\":\"https:\/\/www.iseg.ulisboa.pt\/en\/event\/global-value-chains-private-sector-and-development-workshop\/#primaryimage\",\"url\":\"https:\/\/www.iseg.ulisboa.pt\/wp-content\/uploads\/2021\/01\/Poster_workshopBussiness.png\",\"contentUrl\":\"https:\/\/www.iseg.ulisboa.pt\/wp-content\/uploads\/2021\/01\/Poster_workshopBussiness.png\"},{\"@type\":\"BreadcrumbList\",\"@id\":\"https:\/\/www.iseg.ulisboa.pt\/en\/event\/global-value-chains-private-sector-and-development-workshop\/#breadcrumb\",\"itemListElement\":[{\"@type\":\"ListItem\",\"position\":1,\"name\":\"Home\",\"item\":\"https:\/\/www.iseg.ulisboa.pt\/\"},{\"@type\":\"ListItem\",\"position\":2,\"name\":\"Workshop | Global Value Chains, Private Sector and Development\"}]},{\"@type\":\"WebSite\",\"@id\":\"https:\/\/www.iseg.ulisboa.pt\/en\/#website\",\"url\":\"https:\/\/www.iseg.ulisboa.pt\/en\/\",\"name\":\"ISEG\",\"description\":\"Lisbon School of Economics &amp; Management\",\"publisher\":{\"@id\":\"https:\/\/www.iseg.ulisboa.pt\/en\/#organization\"},\"potentialAction\":[{\"@type\":\"SearchAction\",\"target\":{\"@type\":\"EntryPoint\",\"urlTemplate\":\"https:\/\/www.iseg.ulisboa.pt\/en\/?s={search_term_string}\"},\"query-input\":\"required name=search_term_string\"}],\"inLanguage\":\"en-US\"},{\"@type\":\"Organization\",\"@id\":\"https:\/\/www.iseg.ulisboa.pt\/en\/#organization\",\"name\":\"ISEG\",\"url\":\"https:\/\/www.iseg.ulisboa.pt\/en\/\",\"logo\":{\"@type\":\"ImageObject\",\"inLanguage\":\"en-US\",\"@id\":\"https:\/\/www.iseg.ulisboa.pt\/en\/#\/schema\/logo\/image\/\",\"url\":\"https:\/\/www.iseg.ulisboa.pt\/wp-content\/uploads\/2021\/02\/iseg-logo-ul.svg\",\"contentUrl\":\"https:\/\/www.iseg.ulisboa.pt\/wp-content\/uploads\/2021\/02\/iseg-logo-ul.svg\",\"width\":250,\"height\":120,\"caption\":\"ISEG\"},\"image\":{\"@id\":\"https:\/\/www.iseg.ulisboa.pt\/en\/#\/schema\/logo\/image\/\"},\"sameAs\":[\"https:\/\/www.facebook.com\/iseg.pt\",\"https:\/\/x.com\/iseglisbon\",\"https:\/\/www.instagram.com\/iseglisbon\/\",\"https:\/\/www.linkedin.com\/school\/iseglisbon\/\",\"https:\/\/www.youtube.com\/user\/DMREISEG\"]}]}<\/script>\n<!-- \/ Yoast SEO plugin. -->","yoast_head_json":{"title":"Workshop | Global Value Chains, Private Sector and Development - ISEG","robots":{"index":"index","follow":"follow","max-snippet":"max-snippet:-1","max-image-preview":"max-image-preview:large","max-video-preview":"max-video-preview:-1"},"canonical":"https:\/\/www.iseg.ulisboa.pt\/en\/event\/global-value-chains-private-sector-and-development-workshop\/","twitter_misc":{"Est. reading time":"1 minute"},"schema":{"@context":"https:\/\/schema.org","@graph":[{"@type":"WebPage","@id":"https:\/\/www.iseg.ulisboa.pt\/en\/event\/global-value-chains-private-sector-and-development-workshop\/","url":"https:\/\/www.iseg.ulisboa.pt\/en\/event\/global-value-chains-private-sector-and-development-workshop\/","name":"Workshop | Global Value Chains, Private Sector and Development - ISEG","isPartOf":{"@id":"https:\/\/www.iseg.ulisboa.pt\/en\/#website"},"primaryImageOfPage":{"@id":"https:\/\/www.iseg.ulisboa.pt\/en\/event\/global-value-chains-private-sector-and-development-workshop\/#primaryimage"},"image":{"@id":"https:\/\/www.iseg.ulisboa.pt\/en\/event\/global-value-chains-private-sector-and-development-workshop\/#primaryimage"},"thumbnailUrl":"https:\/\/www.iseg.ulisboa.pt\/wp-content\/uploads\/2021\/01\/Poster_workshopBussiness.png","datePublished":"2020-02-07T09:30:00+00:00","dateModified":"2020-02-07T09:30:00+00:00","breadcrumb":{"@id":"https:\/\/www.iseg.ulisboa.pt\/en\/event\/global-value-chains-private-sector-and-development-workshop\/#breadcrumb"},"inLanguage":"en-US","potentialAction":[{"@type":"ReadAction","target":["https:\/\/www.iseg.ulisboa.pt\/en\/event\/global-value-chains-private-sector-and-development-workshop\/"]}]},{"@type":"ImageObject","inLanguage":"en-US","@id":"https:\/\/www.iseg.ulisboa.pt\/en\/event\/global-value-chains-private-sector-and-development-workshop\/#primaryimage","url":"https:\/\/www.iseg.ulisboa.pt\/wp-content\/uploads\/2021\/01\/Poster_workshopBussiness.png","contentUrl":"https:\/\/www.iseg.ulisboa.pt\/wp-content\/uploads\/2021\/01\/Poster_workshopBussiness.png"},{"@type":"BreadcrumbList","@id":"https:\/\/www.iseg.ulisboa.pt\/en\/event\/global-value-chains-private-sector-and-development-workshop\/#breadcrumb","itemListElement":[{"@type":"ListItem","position":1,"name":"Home","item":"https:\/\/www.iseg.ulisboa.pt\/"},{"@type":"ListItem","position":2,"name":"Workshop | Global Value Chains, Private Sector and Development"}]},{"@type":"WebSite","@id":"https:\/\/www.iseg.ulisboa.pt\/en\/#website","url":"https:\/\/www.iseg.ulisboa.pt\/en\/","name":"ISEG","description":"Lisbon School of Economics &amp; Management","publisher":{"@id":"https:\/\/www.iseg.ulisboa.pt\/en\/#organization"},"potentialAction":[{"@type":"SearchAction","target":{"@type":"EntryPoint","urlTemplate":"https:\/\/www.iseg.ulisboa.pt\/en\/?s={search_term_string}"},"query-input":"required name=search_term_string"}],"inLanguage":"en-US"},{"@type":"Organization","@id":"https:\/\/www.iseg.ulisboa.pt\/en\/#organization","name":"ISEG","url":"https:\/\/www.iseg.ulisboa.pt\/en\/","logo":{"@type":"ImageObject","inLanguage":"en-US","@id":"https:\/\/www.iseg.ulisboa.pt\/en\/#\/schema\/logo\/image\/","url":"https:\/\/www.iseg.ulisboa.pt\/wp-content\/uploads\/2021\/02\/iseg-logo-ul.svg","contentUrl":"https:\/\/www.iseg.ulisboa.pt\/wp-content\/uploads\/2021\/02\/iseg-logo-ul.svg","width":250,"height":120,"caption":"ISEG"},"image":{"@id":"https:\/\/www.iseg.ulisboa.pt\/en\/#\/schema\/logo\/image\/"},"sameAs":["https:\/\/www.facebook.com\/iseg.pt","https:\/\/x.com\/iseglisbon","https:\/\/www.instagram.com\/iseglisbon\/","https:\/\/www.linkedin.com\/school\/iseglisbon\/","https:\/\/www.youtube.com\/user\/DMREISEG"]}]}},"uagb_featured_image_src":{"full":false,"thumbnail":false,"medium":false,"medium_large":false,"large":false,"1536x1536":false,"2048x2048":false,"trp-custom-language-flag":false},"uagb_author_info":{"display_name":"gomo","author_link":"https:\/\/www.iseg.ulisboa.pt\/en\/author\/"},"uagb_comment_info":0,"uagb_excerpt":"- Este workshop pretende explorar as diferentes perspectivas sobre as cadeias de valor e a evolu\u00e7\u00e3o da rela\u00e7\u00e3o entre o mundo empresarial e o desenvolvimento global.\u00a0-\u00a0A sess\u00e3o decorre entre as\u00a09h30\u00a0e as 13h00, na\u00a0sala DELTA\u00a0(Ed. Quelhas, 3\u00ba piso).- Entrada livre.","_links":{"self":[{"href":"https:\/\/www.iseg.ulisboa.pt\/en\/wp-json\/wp\/v2\/event\/11704"}],"collection":[{"href":"https:\/\/www.iseg.ulisboa.pt\/en\/wp-json\/wp\/v2\/event"}],"about":[{"href":"https:\/\/www.iseg.ulisboa.pt\/en\/wp-json\/wp\/v2\/types\/event"}],"version-history":[{"count":0,"href":"https:\/\/www.iseg.ulisboa.pt\/en\/wp-json\/wp\/v2\/event\/11704\/revisions"}],"wp:attachment":[{"href":"https:\/\/www.iseg.ulisboa.pt\/en\/wp-json\/wp\/v2\/media?parent=11704"}],"wp:term":[{"taxonomy":"topic","embeddable":true,"href":"https:\/\/www.iseg.ulisboa.pt\/en\/wp-json\/wp\/v2\/topic?post=11704"},{"taxonomy":"event_type","embeddable":true,"href":"https:\/\/www.iseg.ulisboa.pt\/en\/wp-json\/wp\/v2\/event_type?post=11704"}],"curies":[{"name":"wp","href":"https:\/\/api.w.org\/{rel}","templated":true}]}}

<p><span>On February 7th, ISEG will host the <strong>Global Value Chains, Private Sector and Development" workshop.</strong>&nbsp;<br /><br />The session takes place between <strong>09.30</strong> and 13h00, in the <strong>DELTA room</strong> (Ed. Quelhas, 3rd floor).<br /><br /></span>This workshop aims to explore the different perspectives on value chains and the evolving relationship between the business world and global development. Thus, aspects of corporate social responsibility (CSR), innovation, global value chains, foreign direct investment, social entrepreneurship, microfinance, as well as BoP markets (<em>bottom-of-the-pyramid</em>) and the role of companies as stakeholders in poverty reduction.<br /><br />The workshop is organized by&nbsp;<a href="https://cesa.rc.iseg.ulisboa.pt/" target="_blank" rel="noopener">CEsA - Center for African and Development Studies</a>&nbsp;and takes place as part of the work to finalize the Project <a href="https://cesa.rc.iseg.ulisboa.pt/index.php/pt/menuinvestigacao/projectos-em-curso/654" target="_blank" rel="noopener">Business4SDGs</a>led by ISEG professor and CESA researcher Luís Mah.<br /><br />More information at&nbsp;<a href="https://cesa.rc.iseg.ulisboa.pt/" target="_blank" rel="noopener">https://cesa.rc.iseg.ulisboa.pt/</a>.<br /><br /><strong>Free admission.</strong><br /><br /><strong><a href="https://www.iseg.ulisboa.pt/en/aquila/getFile.do/?method=getFile&amp;fileId=1329483" target="_blank" rel="noopener">Poster (pdf)</a></strong></p>
<table border="0">
<tbody>
<tr>
<td>		
		<figure class="wp-block-image size-large"><img loading="lazy" decoding="async" width="600" height="848" src="https://www.iseg.ulisboa.pt/wp-content/uploads/2021/01/Poster_workshopBussiness.png" alt="" class="wp-image-4788" srcset="https://www.iseg.ulisboa.pt/wp-content/uploads/2021/01/Poster_workshopBussiness.png 600w, https://www.iseg.ulisboa.pt/wp-content/uploads/2021/01/Poster_workshopBussiness-212x300.png 212w" sizes="(max-width: 600px) 100vw, 600px" /></figure>
		

	
</tr>
</tbody>
</table>
<p><span><a href="https://www.iseg.ulisboa.pt/en/aquila/getFile.do/?method=getFile&amp;fileId=1329483" target="_blank" rel="noopener"><strong>&nbsp;</strong></a></span></p>
<p>&nbsp;</p>

&#8211; Este workshop pretende explorar as diferentes perspectivas sobre as cadeias de valor e a evolução da relação entre o mundo empresarial e o desenvolvimento global. &#8211; A sessão decorre entre as 9h30 e as 13h00, na sala DELTA (Ed. Quelhas, 3º piso).- Entrada livre.

- Este workshop pretende explorar as diferentes perspectivas sobre as cadeias de valor e a evolução da relação entre o mundo empresarial e o desenvolvimento global. - A sessão decorre entre as 9h30 e as 13h00, na sala DELTA (Ed. Quelhas, 3º piso).- Entrada livre.
