{"id":11736,"date":"2019-12-12T16:00:00","date_gmt":"2019-12-12T16:00:00","guid":{"rendered":"https:\/\/iseg.gomo.dev\/event\/lancamento-do-projeto-pobreza-infantil-conhecer-para-intervir\/"},"modified":"2019-12-12T16:00:00","modified_gmt":"2019-12-12T16:00:00","slug":"launch-of-the-child-poverty-project-knowing-to-intervene","status":"publish","type":"event","link":"https:\/\/www.iseg.ulisboa.pt\/en\/event\/launch-of-the-child-poverty-project-knowing-to-intervene\/","title":{"rendered":"Launch of the Child Poverty Project: Knowing to Intervene"},"content":{"rendered":"<table border=\"0\">\n<tbody>\n<tr>\n<td>\t\t\r\n\t\t<figure class=\"wp-block-image size-large\"><img loading=\"lazy\" decoding=\"async\" width=\"408\" height=\"238\" src=\"https:\/\/www.iseg.ulisboa.pt\/wp-content\/uploads\/2021\/01\/banner-Conferncia-Pobreza-Infantil.png\" alt=\"\" class=\"wp-image-4816\" srcset=\"https:\/\/www.iseg.ulisboa.pt\/wp-content\/uploads\/2021\/01\/banner-Conferncia-Pobreza-Infantil.png 408w, https:\/\/www.iseg.ulisboa.pt\/wp-content\/uploads\/2021\/01\/banner-Conferncia-Pobreza-Infantil-300x175.png 300w\" sizes=\"(max-width: 408px) 100vw, 408px\" \/><\/figure>\r\n\t\t\r\n\r\n\t\n<\/tr>\n<\/tbody>\n<\/table>\n<p><br \/>On <strong>December 12th<\/strong>, the ISEG is holding the <strong>Launch of the Child Poverty Project: Knowing to Intervene<\/strong>at 16h00 (Esplanade, New Quelhas Building).<br \/><br \/>Professor Am\u00e9lia Bastos (ISEG) is the project coordinator and a member of the scientific committee. This project aims to \"<span>To understand child poverty based on up-to-date and systematized information on the living conditions of children in Portugal, in order to guarantee appropriate interventions for the dynamics and problems detected.\"<br \/><br \/><\/span><br \/>Free admission.<br \/><strong><br \/>More Information<br \/><\/strong><strong><a href=\"https:\/\/pobreza-infantil4.webnode.pt\/\">https:\/\/pobreza-infantil4.webnode.pt\/<\/a><\/strong><\/p>\n<p>&nbsp;<\/p>\n<p>&nbsp;<\/p>","protected":false},"excerpt":{"rendered":"- Professor Am\u00e9lia Bastos (ISEG) is the project coordinator and a member of the scientific committee. The aim of this project is to \"find out more about child poverty based on up-to-date and systematized information on the living conditions of children in Portugal, in order to guarantee appropriate interventions for the dynamics and problems detected\".","protected":false},"featured_media":0,"template":"","topic":[],"event_type":[1160],"acf":{"start_date":"2019-12-12 16:00:00","end_date":"2019-12-12 16:00:00","venue":"Esplanada (Novo Quelhas)","event_type":1160,"topic":false},"yoast_head":"<!-- This site is optimized with the Yoast SEO plugin v22.6 - https:\/\/yoast.com\/wordpress\/plugins\/seo\/ -->\n<title>Lan\u00e7amento do Projeto Pobreza Infantil: Conhecer para Intervir - ISEG<\/title>\n<meta name=\"robots\" content=\"index, follow, max-snippet:-1, max-image-preview:large, max-video-preview:-1\" \/>\n<link rel=\"canonical\" href=\"https:\/\/www.iseg.ulisboa.pt\/en\/event\/launch-of-the-child-poverty-project-knowing-to-intervene\/\" \/>\n<meta name=\"twitter:label1\" content=\"Est. reading time\" \/>\n\t<meta name=\"twitter:data1\" content=\"1 minute\" \/>\n<script type=\"application\/ld+json\" class=\"yoast-schema-graph\">{\"@context\":\"https:\/\/schema.org\",\"@graph\":[{\"@type\":\"WebPage\",\"@id\":\"https:\/\/www.iseg.ulisboa.pt\/en\/event\/launch-of-the-child-poverty-project-knowing-to-intervene\/\",\"url\":\"https:\/\/www.iseg.ulisboa.pt\/en\/event\/launch-of-the-child-poverty-project-knowing-to-intervene\/\",\"name\":\"Lan\u00e7amento do Projeto Pobreza Infantil: Conhecer para Intervir - ISEG\",\"isPartOf\":{\"@id\":\"https:\/\/www.iseg.ulisboa.pt\/en\/#website\"},\"primaryImageOfPage\":{\"@id\":\"https:\/\/www.iseg.ulisboa.pt\/en\/event\/launch-of-the-child-poverty-project-knowing-to-intervene\/#primaryimage\"},\"image\":{\"@id\":\"https:\/\/www.iseg.ulisboa.pt\/en\/event\/launch-of-the-child-poverty-project-knowing-to-intervene\/#primaryimage\"},\"thumbnailUrl\":\"https:\/\/www.iseg.ulisboa.pt\/wp-content\/uploads\/2021\/01\/banner-Conferncia-Pobreza-Infantil.png\",\"datePublished\":\"2019-12-12T16:00:00+00:00\",\"dateModified\":\"2019-12-12T16:00:00+00:00\",\"breadcrumb\":{\"@id\":\"https:\/\/www.iseg.ulisboa.pt\/en\/event\/launch-of-the-child-poverty-project-knowing-to-intervene\/#breadcrumb\"},\"inLanguage\":\"en-US\",\"potentialAction\":[{\"@type\":\"ReadAction\",\"target\":[\"https:\/\/www.iseg.ulisboa.pt\/en\/event\/launch-of-the-child-poverty-project-knowing-to-intervene\/\"]}]},{\"@type\":\"ImageObject\",\"inLanguage\":\"en-US\",\"@id\":\"https:\/\/www.iseg.ulisboa.pt\/en\/event\/launch-of-the-child-poverty-project-knowing-to-intervene\/#primaryimage\",\"url\":\"https:\/\/www.iseg.ulisboa.pt\/wp-content\/uploads\/2021\/01\/banner-Conferncia-Pobreza-Infantil.png\",\"contentUrl\":\"https:\/\/www.iseg.ulisboa.pt\/wp-content\/uploads\/2021\/01\/banner-Conferncia-Pobreza-Infantil.png\"},{\"@type\":\"BreadcrumbList\",\"@id\":\"https:\/\/www.iseg.ulisboa.pt\/en\/event\/launch-of-the-child-poverty-project-knowing-to-intervene\/#breadcrumb\",\"itemListElement\":[{\"@type\":\"ListItem\",\"position\":1,\"name\":\"Home\",\"item\":\"https:\/\/www.iseg.ulisboa.pt\/\"},{\"@type\":\"ListItem\",\"position\":2,\"name\":\"Lan\u00e7amento do Projeto Pobreza Infantil: Conhecer para Intervir\"}]},{\"@type\":\"WebSite\",\"@id\":\"https:\/\/www.iseg.ulisboa.pt\/en\/#website\",\"url\":\"https:\/\/www.iseg.ulisboa.pt\/en\/\",\"name\":\"ISEG\",\"description\":\"Lisbon School of Economics &amp; Management\",\"publisher\":{\"@id\":\"https:\/\/www.iseg.ulisboa.pt\/en\/#organization\"},\"potentialAction\":[{\"@type\":\"SearchAction\",\"target\":{\"@type\":\"EntryPoint\",\"urlTemplate\":\"https:\/\/www.iseg.ulisboa.pt\/en\/?s={search_term_string}\"},\"query-input\":\"required name=search_term_string\"}],\"inLanguage\":\"en-US\"},{\"@type\":\"Organization\",\"@id\":\"https:\/\/www.iseg.ulisboa.pt\/en\/#organization\",\"name\":\"ISEG\",\"url\":\"https:\/\/www.iseg.ulisboa.pt\/en\/\",\"logo\":{\"@type\":\"ImageObject\",\"inLanguage\":\"en-US\",\"@id\":\"https:\/\/www.iseg.ulisboa.pt\/en\/#\/schema\/logo\/image\/\",\"url\":\"https:\/\/www.iseg.ulisboa.pt\/wp-content\/uploads\/2021\/02\/iseg-logo-ul.svg\",\"contentUrl\":\"https:\/\/www.iseg.ulisboa.pt\/wp-content\/uploads\/2021\/02\/iseg-logo-ul.svg\",\"width\":250,\"height\":120,\"caption\":\"ISEG\"},\"image\":{\"@id\":\"https:\/\/www.iseg.ulisboa.pt\/en\/#\/schema\/logo\/image\/\"},\"sameAs\":[\"https:\/\/www.facebook.com\/iseg.pt\",\"https:\/\/x.com\/iseglisbon\",\"https:\/\/www.instagram.com\/iseglisbon\/\",\"https:\/\/www.linkedin.com\/school\/iseglisbon\/\",\"https:\/\/www.youtube.com\/user\/DMREISEG\"]}]}<\/script>\n<!-- \/ Yoast SEO plugin. -->","yoast_head_json":{"title":"Launch of the Child Poverty Project: Knowing in order to Intervene - ISEG","robots":{"index":"index","follow":"follow","max-snippet":"max-snippet:-1","max-image-preview":"max-image-preview:large","max-video-preview":"max-video-preview:-1"},"canonical":"https:\/\/www.iseg.ulisboa.pt\/en\/event\/launch-of-the-child-poverty-project-knowing-to-intervene\/","twitter_misc":{"Est. reading time":"1 minute"},"schema":{"@context":"https:\/\/schema.org","@graph":[{"@type":"WebPage","@id":"https:\/\/www.iseg.ulisboa.pt\/en\/event\/launch-of-the-child-poverty-project-knowing-to-intervene\/","url":"https:\/\/www.iseg.ulisboa.pt\/en\/event\/launch-of-the-child-poverty-project-knowing-to-intervene\/","name":"Launch of the Child Poverty Project: Knowing in order to Intervene - ISEG","isPartOf":{"@id":"https:\/\/www.iseg.ulisboa.pt\/en\/#website"},"primaryImageOfPage":{"@id":"https:\/\/www.iseg.ulisboa.pt\/en\/event\/launch-of-the-child-poverty-project-knowing-to-intervene\/#primaryimage"},"image":{"@id":"https:\/\/www.iseg.ulisboa.pt\/en\/event\/launch-of-the-child-poverty-project-knowing-to-intervene\/#primaryimage"},"thumbnailUrl":"https:\/\/www.iseg.ulisboa.pt\/wp-content\/uploads\/2021\/01\/banner-Conferncia-Pobreza-Infantil.png","datePublished":"2019-12-12T16:00:00+00:00","dateModified":"2019-12-12T16:00:00+00:00","breadcrumb":{"@id":"https:\/\/www.iseg.ulisboa.pt\/en\/event\/launch-of-the-child-poverty-project-knowing-to-intervene\/#breadcrumb"},"inLanguage":"en-US","potentialAction":[{"@type":"ReadAction","target":["https:\/\/www.iseg.ulisboa.pt\/en\/event\/launch-of-the-child-poverty-project-knowing-to-intervene\/"]}]},{"@type":"ImageObject","inLanguage":"en-US","@id":"https:\/\/www.iseg.ulisboa.pt\/en\/event\/launch-of-the-child-poverty-project-knowing-to-intervene\/#primaryimage","url":"https:\/\/www.iseg.ulisboa.pt\/wp-content\/uploads\/2021\/01\/banner-Conferncia-Pobreza-Infantil.png","contentUrl":"https:\/\/www.iseg.ulisboa.pt\/wp-content\/uploads\/2021\/01\/banner-Conferncia-Pobreza-Infantil.png"},{"@type":"BreadcrumbList","@id":"https:\/\/www.iseg.ulisboa.pt\/en\/event\/launch-of-the-child-poverty-project-knowing-to-intervene\/#breadcrumb","itemListElement":[{"@type":"ListItem","position":1,"name":"Home","item":"https:\/\/www.iseg.ulisboa.pt\/"},{"@type":"ListItem","position":2,"name":"Lan\u00e7amento do Projeto Pobreza Infantil: Conhecer para Intervir"}]},{"@type":"WebSite","@id":"https:\/\/www.iseg.ulisboa.pt\/en\/#website","url":"https:\/\/www.iseg.ulisboa.pt\/en\/","name":"ISEG","description":"Lisbon School of Economics &amp; Management","publisher":{"@id":"https:\/\/www.iseg.ulisboa.pt\/en\/#organization"},"potentialAction":[{"@type":"SearchAction","target":{"@type":"EntryPoint","urlTemplate":"https:\/\/www.iseg.ulisboa.pt\/en\/?s={search_term_string}"},"query-input":"required name=search_term_string"}],"inLanguage":"en-US"},{"@type":"Organization","@id":"https:\/\/www.iseg.ulisboa.pt\/en\/#organization","name":"ISEG","url":"https:\/\/www.iseg.ulisboa.pt\/en\/","logo":{"@type":"ImageObject","inLanguage":"en-US","@id":"https:\/\/www.iseg.ulisboa.pt\/en\/#\/schema\/logo\/image\/","url":"https:\/\/www.iseg.ulisboa.pt\/wp-content\/uploads\/2021\/02\/iseg-logo-ul.svg","contentUrl":"https:\/\/www.iseg.ulisboa.pt\/wp-content\/uploads\/2021\/02\/iseg-logo-ul.svg","width":250,"height":120,"caption":"ISEG"},"image":{"@id":"https:\/\/www.iseg.ulisboa.pt\/en\/#\/schema\/logo\/image\/"},"sameAs":["https:\/\/www.facebook.com\/iseg.pt","https:\/\/x.com\/iseglisbon","https:\/\/www.instagram.com\/iseglisbon\/","https:\/\/www.linkedin.com\/school\/iseglisbon\/","https:\/\/www.youtube.com\/user\/DMREISEG"]}]}},"uagb_featured_image_src":{"full":false,"thumbnail":false,"medium":false,"medium_large":false,"large":false,"1536x1536":false,"2048x2048":false,"trp-custom-language-flag":false},"uagb_author_info":{"display_name":"gomo","author_link":"https:\/\/www.iseg.ulisboa.pt\/en\/author\/"},"uagb_comment_info":0,"uagb_excerpt":"- Pelas 16h00 (Esplanada, Novo Edif\u00edcio Quelhas).- A professora Am\u00e9lia Bastos (ISEG) \u00e9 coordenadora do projeto e membro da comiss\u00e3o cient\u00edfica. Este projeto tem como objetivo \"Conhecer a pobreza infantil a partir de informa\u00e7\u00e3o atualizada e sistematizada sobre as condi\u00e7\u00f5es de vida das crian\u00e7as em Portugal, de forma a garantir interven\u00e7\u00f5es adequadas \u00e0s din\u00e2micas e&hellip;","_links":{"self":[{"href":"https:\/\/www.iseg.ulisboa.pt\/en\/wp-json\/wp\/v2\/event\/11736"}],"collection":[{"href":"https:\/\/www.iseg.ulisboa.pt\/en\/wp-json\/wp\/v2\/event"}],"about":[{"href":"https:\/\/www.iseg.ulisboa.pt\/en\/wp-json\/wp\/v2\/types\/event"}],"version-history":[{"count":0,"href":"https:\/\/www.iseg.ulisboa.pt\/en\/wp-json\/wp\/v2\/event\/11736\/revisions"}],"acf:term":[{"embeddable":true,"taxonomy":"event_type","href":"https:\/\/www.iseg.ulisboa.pt\/en\/wp-json\/wp\/v2\/event_type\/1160"}],"wp:attachment":[{"href":"https:\/\/www.iseg.ulisboa.pt\/en\/wp-json\/wp\/v2\/media?parent=11736"}],"wp:term":[{"taxonomy":"topic","embeddable":true,"href":"https:\/\/www.iseg.ulisboa.pt\/en\/wp-json\/wp\/v2\/topic?post=11736"},{"taxonomy":"event_type","embeddable":true,"href":"https:\/\/www.iseg.ulisboa.pt\/en\/wp-json\/wp\/v2\/event_type?post=11736"}],"curies":[{"name":"wp","href":"https:\/\/api.w.org\/{rel}","templated":true}]}}

<table border="0">
<tbody>
<tr>
<td>		
		<figure class="wp-block-image size-large"><img loading="lazy" decoding="async" width="408" height="238" src="https://www.iseg.ulisboa.pt/wp-content/uploads/2021/01/banner-Conferncia-Pobreza-Infantil.png" alt="" class="wp-image-4816" srcset="https://www.iseg.ulisboa.pt/wp-content/uploads/2021/01/banner-Conferncia-Pobreza-Infantil.png 408w, https://www.iseg.ulisboa.pt/wp-content/uploads/2021/01/banner-Conferncia-Pobreza-Infantil-300x175.png 300w" sizes="(max-width: 408px) 100vw, 408px" /></figure>
		

	
</tr>
</tbody>
</table>
<p><br />On <strong>December 12th</strong>, the ISEG is holding the <strong>Launch of the Child Poverty Project: Knowing to Intervene</strong>at 16h00 (Esplanade, New Quelhas Building).<br /><br />Professor Amélia Bastos (ISEG) is the project coordinator and a member of the scientific committee. This project aims to "<span>To understand child poverty based on up-to-date and systematized information on the living conditions of children in Portugal, in order to guarantee appropriate interventions for the dynamics and problems detected."<br /><br /></span><br />Free admission.<br /><strong><br />More Information<br /></strong><strong><a href="https://pobreza-infantil4.webnode.pt/">https://pobreza-infantil4.webnode.pt/</a></strong></p>
<p>&nbsp;</p>
<p>&nbsp;</p>

- Professor Amélia Bastos (ISEG) is the project coordinator and a member of the scientific committee. The aim of this project is to "find out more about child poverty based on up-to-date and systematized information on the living conditions of children in Portugal, in order to guarantee appropriate interventions for the dynamics and problems detected".

<!-- This site is optimized with the Yoast SEO plugin v22.6 - https://yoast.com/wordpress/plugins/seo/ -->
<title>Lançamento do Projeto Pobreza Infantil: Conhecer para Intervir - ISEG</title>
<meta name="robots" content="index, follow, max-snippet:-1, max-image-preview:large, max-video-preview:-1" />
<link rel="canonical" href="https://www.iseg.ulisboa.pt/en/event/launch-of-the-child-poverty-project-knowing-to-intervene/" />
<meta name="twitter:label1" content="Est. reading time" />
	<meta name="twitter:data1" content="1 minute" />
<script type="application/ld+json" class="yoast-schema-graph">{"@context":"https://schema.org","@graph":[{"@type":"WebPage","@id":"https://www.iseg.ulisboa.pt/en/event/launch-of-the-child-poverty-project-knowing-to-intervene/","url":"https://www.iseg.ulisboa.pt/en/event/launch-of-the-child-poverty-project-knowing-to-intervene/","name":"Lançamento do Projeto Pobreza Infantil: Conhecer para Intervir - ISEG","isPartOf":{"@id":"https://www.iseg.ulisboa.pt/en/#website"},"primaryImageOfPage":{"@id":"https://www.iseg.ulisboa.pt/en/event/launch-of-the-child-poverty-project-knowing-to-intervene/#primaryimage"},"image":{"@id":"https://www.iseg.ulisboa.pt/en/event/launch-of-the-child-poverty-project-knowing-to-intervene/#primaryimage"},"thumbnailUrl":"https://www.iseg.ulisboa.pt/wp-content/uploads/2021/01/banner-Conferncia-Pobreza-Infantil.png","datePublished":"2019-12-12T16:00:00+00:00","dateModified":"2019-12-12T16:00:00+00:00","breadcrumb":{"@id":"https://www.iseg.ulisboa.pt/en/event/launch-of-the-child-poverty-project-knowing-to-intervene/#breadcrumb"},"inLanguage":"en-US","potentialAction":[{"@type":"ReadAction","target":["https://www.iseg.ulisboa.pt/en/event/launch-of-the-child-poverty-project-knowing-to-intervene/"]}]},{"@type":"ImageObject","inLanguage":"en-US","@id":"https://www.iseg.ulisboa.pt/en/event/launch-of-the-child-poverty-project-knowing-to-intervene/#primaryimage","url":"https://www.iseg.ulisboa.pt/wp-content/uploads/2021/01/banner-Conferncia-Pobreza-Infantil.png","contentUrl":"https://www.iseg.ulisboa.pt/wp-content/uploads/2021/01/banner-Conferncia-Pobreza-Infantil.png"},{"@type":"BreadcrumbList","@id":"https://www.iseg.ulisboa.pt/en/event/launch-of-the-child-poverty-project-knowing-to-intervene/#breadcrumb","itemListElement":[{"@type":"ListItem","position":1,"name":"Home","item":"https://www.iseg.ulisboa.pt/"},{"@type":"ListItem","position":2,"name":"Lançamento do Projeto Pobreza Infantil: Conhecer para Intervir"}]},{"@type":"WebSite","@id":"https://www.iseg.ulisboa.pt/en/#website","url":"https://www.iseg.ulisboa.pt/en/","name":"ISEG","description":"Lisbon School of Economics &amp; Management","publisher":{"@id":"https://www.iseg.ulisboa.pt/en/#organization"},"potentialAction":[{"@type":"SearchAction","target":{"@type":"EntryPoint","urlTemplate":"https://www.iseg.ulisboa.pt/en/?s={search_term_string}"},"query-input":"required name=search_term_string"}],"inLanguage":"en-US"},{"@type":"Organization","@id":"https://www.iseg.ulisboa.pt/en/#organization","name":"ISEG","url":"https://www.iseg.ulisboa.pt/en/","logo":{"@type":"ImageObject","inLanguage":"en-US","@id":"https://www.iseg.ulisboa.pt/en/#/schema/logo/image/","url":"https://www.iseg.ulisboa.pt/wp-content/uploads/2021/02/iseg-logo-ul.svg","contentUrl":"https://www.iseg.ulisboa.pt/wp-content/uploads/2021/02/iseg-logo-ul.svg","width":250,"height":120,"caption":"ISEG"},"image":{"@id":"https://www.iseg.ulisboa.pt/en/#/schema/logo/image/"},"sameAs":["https://www.facebook.com/iseg.pt","https://x.com/iseglisbon","https://www.instagram.com/iseglisbon/","https://www.linkedin.com/school/iseglisbon/","https://www.youtube.com/user/DMREISEG"]}]}</script>
<!-- / Yoast SEO plugin. -->

Lançamento do Projeto Pobreza Infantil: Conhecer para Intervir

- Pelas 16h00 (Esplanada, Novo Edifício Quelhas).- A professora Amélia Bastos (ISEG) é coordenadora do projeto e membro da comissão científica. Este projeto tem como objetivo "Conhecer a pobreza infantil a partir de informação atualizada e sistematizada sobre as condições de vida das crianças em Portugal, de forma a garantir intervenções adequadas às dinâmicas e&hellip;
