{"id":11823,"date":"2019-10-25T14:30:00","date_gmt":"2019-10-25T14:30:00","guid":{"rendered":"https:\/\/iseg.gomo.dev\/event\/28th-eres-industry-seminar\/"},"modified":"2019-10-25T14:30:00","modified_gmt":"2019-10-25T14:30:00","slug":"28th-eres-industry-seminar","status":"publish","type":"event","link":"https:\/\/www.iseg.ulisboa.pt\/en\/event\/28th-eres-industry-seminar\/","title":{"rendered":"28th ERES Industry Seminar"},"content":{"rendered":"<table border=\"0\">\n  <tbody>\n    <tr>\n      <td>\n        \t\t\r\n\t\t<figure class=\"wp-block-image size-large\"><img loading=\"lazy\" decoding=\"async\" width=\"600\" height=\"313\" src=\"https:\/\/www.iseg.ulisboa.pt\/wp-content\/uploads\/2021\/01\/banner-eres.jpg\" alt=\"\" class=\"wp-image-4903\" srcset=\"https:\/\/www.iseg.ulisboa.pt\/wp-content\/uploads\/2021\/01\/banner-eres.jpg 600w, https:\/\/www.iseg.ulisboa.pt\/wp-content\/uploads\/2021\/01\/banner-eres-300x157.jpg 300w\" sizes=\"(max-width: 600px) 100vw, 600px\" \/><\/figure>\r\n\t\t\r\n\r\n\t\n      <\/td>\n    <\/tr>\n  <\/tbody>\n<\/table>\n<p>\n<br \/>On the 25 \n<sup>'<\/sup> of October ISEG will host the \n<strong>28 \n<sup>'<\/sup> ERES Industry Seminar<\/strong>, jointly organized by the European Real Estate Society (ERES) and ISEG.\n<br \/>\n<br \/>This session will take place in Auditorium CGD.\n<br \/>\n<br \/>Take this opportunity to update your knowledge with world-class speakers in Real Estate.\n<br \/>\n<br \/>Registration is required and vacancies are limited. \n<strong>Register now<\/strong> \n<a href=\"https:\/\/docs.google.com\/forms\/d\/e\/1FAIpQLSeiR2-DWNsgd6b_jELUSLMmV84uWChhsTiRjZFFkmBeWspbIQ\/viewform\" target=\"_blank\" rel=\"noopener\">\n<strong>here<\/strong><\/a> .\n<br \/>&nbsp;<\/p>\n<p>\n<strong>THE PROGRAM<\/strong>&nbsp;\n<strong>&nbsp;&nbsp;\n<br \/>\n<br \/>2.30pm-3.00pm | Registration<\/strong>&nbsp;\n<br \/>\n<strong>3.00pm-3.15pm | Welcome and Opening Address<\/strong><\/p>\n<ul>\n  <li>ISEG Dean Clara Raposo&nbsp;&nbsp;<\/li>\n  <li>PGT Real Estate Management and Appraisal Representative<\/li>\n  <li>ERES Representative&nbsp;<\/li>\n<\/ul>\n<p>\n<br \/>Session 1:&nbsp;\n<strong>The international investment in the residential property&nbsp;\n<br \/><\/strong>\n<strong>3.15pm-3.45pm |<\/strong>&nbsp;\n<strong>Philip Wedge-Bernal<\/strong>&nbsp;- Senior Analyst - EMEA Residential Research at JLL&nbsp;<\/p>\n<p>\n<strong>3.45pm-4.45pm | Panel Discussion&nbsp;\n<br \/><\/strong>Philip Wedge-Bernal (JLL), Ricardo Veludo (Lisbon City Council), Patr\u00edcia Bar\u00e3o (JLL), Jos\u00e9 Cardoso Botelho (Vanguard Properties) \/ Panel Moderator: Jo\u00e3o Carvalho das Neves&nbsp;\n<br \/>\n<br \/>\n<strong>4.45pm-5.15pm | Coffee Break<\/strong>&nbsp;\n<br \/>\n<br \/>Session 2:&nbsp;\n<strong>Synchronization in global housing prices&nbsp;&nbsp;\n<br \/><\/strong>\n<strong>5.15pm-5.45pm |<\/strong>&nbsp;\n<strong>John V. Duca<\/strong>&nbsp;- Vice President - Federal Reserve Bank of Dallas&nbsp;&nbsp;\n<br \/>\n<br \/>\n<strong>5.40pm-6.45pm | Panel Discussion&nbsp;\n<br \/><\/strong>John V. Duca (Vice President - Federal Reserve Bank of Dallas); Martin Hoesli (Prof. University of Geneva) Aniceto Viegas (CEO Avenue); Jo\u00e3o Madeira (Head of Assets Portfolio Management at Sonae Capital) \/ Panel Moderator: Joaquim Montezuma de Carvalho&nbsp;\n<br \/>\n<br \/>\n<strong>6.45pm-7.15 pm | Sunset Cocktail<\/strong><\/p>","protected":false},"excerpt":{"rendered":"- \"New Trends in International Investment in Residential Property in Europe\"\n- 3.00pm\n- Aud. CGD\n- Registration is required and vacancies are limited. Register now\nhere","protected":false},"featured_media":0,"template":"","topic":[1401],"event_type":[1155],"acf":[],"yoast_head":"<!-- This site is optimized with the Yoast SEO plugin v22.6 - https:\/\/yoast.com\/wordpress\/plugins\/seo\/ -->\n<title>28th ERES Industry Seminar - ISEG<\/title>\n<meta name=\"robots\" content=\"index, follow, max-snippet:-1, max-image-preview:large, max-video-preview:-1\" \/>\n<link rel=\"canonical\" href=\"https:\/\/www.iseg.ulisboa.pt\/en\/event\/28th-eres-industry-seminar\/\" \/>\n<meta name=\"twitter:label1\" content=\"Est. reading time\" \/>\n\t<meta name=\"twitter:data1\" content=\"1 minute\" \/>\n<script type=\"application\/ld+json\" class=\"yoast-schema-graph\">{\"@context\":\"https:\/\/schema.org\",\"@graph\":[{\"@type\":\"WebPage\",\"@id\":\"https:\/\/www.iseg.ulisboa.pt\/en\/event\/28th-eres-industry-seminar\/\",\"url\":\"https:\/\/www.iseg.ulisboa.pt\/en\/event\/28th-eres-industry-seminar\/\",\"name\":\"28th ERES Industry Seminar - ISEG\",\"isPartOf\":{\"@id\":\"https:\/\/www.iseg.ulisboa.pt\/en\/#website\"},\"primaryImageOfPage\":{\"@id\":\"https:\/\/www.iseg.ulisboa.pt\/en\/event\/28th-eres-industry-seminar\/#primaryimage\"},\"image\":{\"@id\":\"https:\/\/www.iseg.ulisboa.pt\/en\/event\/28th-eres-industry-seminar\/#primaryimage\"},\"thumbnailUrl\":\"https:\/\/www.iseg.ulisboa.pt\/wp-content\/uploads\/2021\/01\/banner-eres.jpg\",\"datePublished\":\"2019-10-25T14:30:00+00:00\",\"dateModified\":\"2019-10-25T14:30:00+00:00\",\"breadcrumb\":{\"@id\":\"https:\/\/www.iseg.ulisboa.pt\/en\/event\/28th-eres-industry-seminar\/#breadcrumb\"},\"inLanguage\":\"en-US\",\"potentialAction\":[{\"@type\":\"ReadAction\",\"target\":[\"https:\/\/www.iseg.ulisboa.pt\/en\/event\/28th-eres-industry-seminar\/\"]}]},{\"@type\":\"ImageObject\",\"inLanguage\":\"en-US\",\"@id\":\"https:\/\/www.iseg.ulisboa.pt\/en\/event\/28th-eres-industry-seminar\/#primaryimage\",\"url\":\"https:\/\/www.iseg.ulisboa.pt\/wp-content\/uploads\/2021\/01\/banner-eres.jpg\",\"contentUrl\":\"https:\/\/www.iseg.ulisboa.pt\/wp-content\/uploads\/2021\/01\/banner-eres.jpg\"},{\"@type\":\"BreadcrumbList\",\"@id\":\"https:\/\/www.iseg.ulisboa.pt\/en\/event\/28th-eres-industry-seminar\/#breadcrumb\",\"itemListElement\":[{\"@type\":\"ListItem\",\"position\":1,\"name\":\"Home\",\"item\":\"https:\/\/www.iseg.ulisboa.pt\/\"},{\"@type\":\"ListItem\",\"position\":2,\"name\":\"28th ERES Industry Seminar\"}]},{\"@type\":\"WebSite\",\"@id\":\"https:\/\/www.iseg.ulisboa.pt\/en\/#website\",\"url\":\"https:\/\/www.iseg.ulisboa.pt\/en\/\",\"name\":\"ISEG\",\"description\":\"Lisbon School of Economics &amp; Management\",\"publisher\":{\"@id\":\"https:\/\/www.iseg.ulisboa.pt\/en\/#organization\"},\"potentialAction\":[{\"@type\":\"SearchAction\",\"target\":{\"@type\":\"EntryPoint\",\"urlTemplate\":\"https:\/\/www.iseg.ulisboa.pt\/en\/?s={search_term_string}\"},\"query-input\":\"required name=search_term_string\"}],\"inLanguage\":\"en-US\"},{\"@type\":\"Organization\",\"@id\":\"https:\/\/www.iseg.ulisboa.pt\/en\/#organization\",\"name\":\"ISEG\",\"url\":\"https:\/\/www.iseg.ulisboa.pt\/en\/\",\"logo\":{\"@type\":\"ImageObject\",\"inLanguage\":\"en-US\",\"@id\":\"https:\/\/www.iseg.ulisboa.pt\/en\/#\/schema\/logo\/image\/\",\"url\":\"https:\/\/www.iseg.ulisboa.pt\/wp-content\/uploads\/2021\/02\/iseg-logo-ul.svg\",\"contentUrl\":\"https:\/\/www.iseg.ulisboa.pt\/wp-content\/uploads\/2021\/02\/iseg-logo-ul.svg\",\"width\":250,\"height\":120,\"caption\":\"ISEG\"},\"image\":{\"@id\":\"https:\/\/www.iseg.ulisboa.pt\/en\/#\/schema\/logo\/image\/\"},\"sameAs\":[\"https:\/\/www.facebook.com\/iseg.pt\",\"https:\/\/x.com\/iseglisbon\",\"https:\/\/www.instagram.com\/iseglisbon\/\",\"https:\/\/www.linkedin.com\/school\/iseglisbon\/\",\"https:\/\/www.youtube.com\/user\/DMREISEG\"]}]}<\/script>\n<!-- \/ Yoast SEO plugin. -->","yoast_head_json":{"title":"28th ERES Industry Seminar - ISEG","robots":{"index":"index","follow":"follow","max-snippet":"max-snippet:-1","max-image-preview":"max-image-preview:large","max-video-preview":"max-video-preview:-1"},"canonical":"https:\/\/www.iseg.ulisboa.pt\/en\/event\/28th-eres-industry-seminar\/","twitter_misc":{"Est. reading time":"1 minute"},"schema":{"@context":"https:\/\/schema.org","@graph":[{"@type":"WebPage","@id":"https:\/\/www.iseg.ulisboa.pt\/en\/event\/28th-eres-industry-seminar\/","url":"https:\/\/www.iseg.ulisboa.pt\/en\/event\/28th-eres-industry-seminar\/","name":"28th ERES Industry Seminar - ISEG","isPartOf":{"@id":"https:\/\/www.iseg.ulisboa.pt\/en\/#website"},"primaryImageOfPage":{"@id":"https:\/\/www.iseg.ulisboa.pt\/en\/event\/28th-eres-industry-seminar\/#primaryimage"},"image":{"@id":"https:\/\/www.iseg.ulisboa.pt\/en\/event\/28th-eres-industry-seminar\/#primaryimage"},"thumbnailUrl":"https:\/\/www.iseg.ulisboa.pt\/wp-content\/uploads\/2021\/01\/banner-eres.jpg","datePublished":"2019-10-25T14:30:00+00:00","dateModified":"2019-10-25T14:30:00+00:00","breadcrumb":{"@id":"https:\/\/www.iseg.ulisboa.pt\/en\/event\/28th-eres-industry-seminar\/#breadcrumb"},"inLanguage":"en-US","potentialAction":[{"@type":"ReadAction","target":["https:\/\/www.iseg.ulisboa.pt\/en\/event\/28th-eres-industry-seminar\/"]}]},{"@type":"ImageObject","inLanguage":"en-US","@id":"https:\/\/www.iseg.ulisboa.pt\/en\/event\/28th-eres-industry-seminar\/#primaryimage","url":"https:\/\/www.iseg.ulisboa.pt\/wp-content\/uploads\/2021\/01\/banner-eres.jpg","contentUrl":"https:\/\/www.iseg.ulisboa.pt\/wp-content\/uploads\/2021\/01\/banner-eres.jpg"},{"@type":"BreadcrumbList","@id":"https:\/\/www.iseg.ulisboa.pt\/en\/event\/28th-eres-industry-seminar\/#breadcrumb","itemListElement":[{"@type":"ListItem","position":1,"name":"Home","item":"https:\/\/www.iseg.ulisboa.pt\/"},{"@type":"ListItem","position":2,"name":"28th ERES Industry Seminar"}]},{"@type":"WebSite","@id":"https:\/\/www.iseg.ulisboa.pt\/en\/#website","url":"https:\/\/www.iseg.ulisboa.pt\/en\/","name":"ISEG","description":"Lisbon School of Economics &amp; Management","publisher":{"@id":"https:\/\/www.iseg.ulisboa.pt\/en\/#organization"},"potentialAction":[{"@type":"SearchAction","target":{"@type":"EntryPoint","urlTemplate":"https:\/\/www.iseg.ulisboa.pt\/en\/?s={search_term_string}"},"query-input":"required name=search_term_string"}],"inLanguage":"en-US"},{"@type":"Organization","@id":"https:\/\/www.iseg.ulisboa.pt\/en\/#organization","name":"ISEG","url":"https:\/\/www.iseg.ulisboa.pt\/en\/","logo":{"@type":"ImageObject","inLanguage":"en-US","@id":"https:\/\/www.iseg.ulisboa.pt\/en\/#\/schema\/logo\/image\/","url":"https:\/\/www.iseg.ulisboa.pt\/wp-content\/uploads\/2021\/02\/iseg-logo-ul.svg","contentUrl":"https:\/\/www.iseg.ulisboa.pt\/wp-content\/uploads\/2021\/02\/iseg-logo-ul.svg","width":250,"height":120,"caption":"ISEG"},"image":{"@id":"https:\/\/www.iseg.ulisboa.pt\/en\/#\/schema\/logo\/image\/"},"sameAs":["https:\/\/www.facebook.com\/iseg.pt","https:\/\/x.com\/iseglisbon","https:\/\/www.instagram.com\/iseglisbon\/","https:\/\/www.linkedin.com\/school\/iseglisbon\/","https:\/\/www.youtube.com\/user\/DMREISEG"]}]}},"uagb_featured_image_src":{"full":false,"thumbnail":false,"medium":false,"medium_large":false,"large":false,"1536x1536":false,"2048x2048":false,"trp-custom-language-flag":false},"uagb_author_info":{"display_name":"gomo","author_link":"https:\/\/www.iseg.ulisboa.pt\/en\/author\/"},"uagb_comment_info":0,"uagb_excerpt":"- \"New Trends in International Investment in Residential Property in Europe\" - 3.00pm - Aud. CGD - Registration is required and vacancies\u00a0are limited.\u00a0Register now\u00a0 here","_links":{"self":[{"href":"https:\/\/www.iseg.ulisboa.pt\/en\/wp-json\/wp\/v2\/event\/11823"}],"collection":[{"href":"https:\/\/www.iseg.ulisboa.pt\/en\/wp-json\/wp\/v2\/event"}],"about":[{"href":"https:\/\/www.iseg.ulisboa.pt\/en\/wp-json\/wp\/v2\/types\/event"}],"version-history":[{"count":0,"href":"https:\/\/www.iseg.ulisboa.pt\/en\/wp-json\/wp\/v2\/event\/11823\/revisions"}],"wp:attachment":[{"href":"https:\/\/www.iseg.ulisboa.pt\/en\/wp-json\/wp\/v2\/media?parent=11823"}],"wp:term":[{"taxonomy":"topic","embeddable":true,"href":"https:\/\/www.iseg.ulisboa.pt\/en\/wp-json\/wp\/v2\/topic?post=11823"},{"taxonomy":"event_type","embeddable":true,"href":"https:\/\/www.iseg.ulisboa.pt\/en\/wp-json\/wp\/v2\/event_type?post=11823"}],"curies":[{"name":"wp","href":"https:\/\/api.w.org\/{rel}","templated":true}]}}

<table border="0">
  <tbody>
    <tr>
      <td>
        		
		<figure class="wp-block-image size-large"><img loading="lazy" decoding="async" width="600" height="313" src="https://www.iseg.ulisboa.pt/wp-content/uploads/2021/01/banner-eres.jpg" alt="" class="wp-image-4903" srcset="https://www.iseg.ulisboa.pt/wp-content/uploads/2021/01/banner-eres.jpg 600w, https://www.iseg.ulisboa.pt/wp-content/uploads/2021/01/banner-eres-300x157.jpg 300w" sizes="(max-width: 600px) 100vw, 600px" /></figure>
		

	
      </td>
    </tr>
  </tbody>
</table>
<p>
<br />On the 25 
<sup>'</sup> of October ISEG will host the 
<strong>28 
<sup>'</sup> ERES Industry Seminar</strong>, jointly organized by the European Real Estate Society (ERES) and ISEG.
<br />
<br />This session will take place in Auditorium CGD.
<br />
<br />Take this opportunity to update your knowledge with world-class speakers in Real Estate.
<br />
<br />Registration is required and vacancies are limited. 
<strong>Register now</strong> 
<a href="https://docs.google.com/forms/d/e/1FAIpQLSeiR2-DWNsgd6b_jELUSLMmV84uWChhsTiRjZFFkmBeWspbIQ/viewform" target="_blank" rel="noopener">
<strong>here</strong></a> .
<br />&nbsp;</p>
<p>
<strong>THE PROGRAM</strong>&nbsp;
<strong>&nbsp;&nbsp;
<br />
<br />2.30pm-3.00pm | Registration</strong>&nbsp;
<br />
<strong>3.00pm-3.15pm | Welcome and Opening Address</strong></p>
<ul>
  <li>ISEG Dean Clara Raposo&nbsp;&nbsp;</li>
  <li>PGT Real Estate Management and Appraisal Representative</li>
  <li>ERES Representative&nbsp;</li>
</ul>
<p>
<br />Session 1:&nbsp;
<strong>The international investment in the residential property&nbsp;
<br /></strong>
<strong>3.15pm-3.45pm |</strong>&nbsp;
<strong>Philip Wedge-Bernal</strong>&nbsp;- Senior Analyst - EMEA Residential Research at JLL&nbsp;</p>
<p>
<strong>3.45pm-4.45pm | Panel Discussion&nbsp;
<br /></strong>Philip Wedge-Bernal (JLL), Ricardo Veludo (Lisbon City Council), Patrícia Barão (JLL), José Cardoso Botelho (Vanguard Properties) / Panel Moderator: João Carvalho das Neves&nbsp;
<br />
<br />
<strong>4.45pm-5.15pm | Coffee Break</strong>&nbsp;
<br />
<br />Session 2:&nbsp;
<strong>Synchronization in global housing prices&nbsp;&nbsp;
<br /></strong>
<strong>5.15pm-5.45pm |</strong>&nbsp;
<strong>John V. Duca</strong>&nbsp;- Vice President - Federal Reserve Bank of Dallas&nbsp;&nbsp;
<br />
<br />
<strong>5.40pm-6.45pm | Panel Discussion&nbsp;
<br /></strong>John V. Duca (Vice President - Federal Reserve Bank of Dallas); Martin Hoesli (Prof. University of Geneva) Aniceto Viegas (CEO Avenue); João Madeira (Head of Assets Portfolio Management at Sonae Capital) / Panel Moderator: Joaquim Montezuma de Carvalho&nbsp;
<br />
<br />
<strong>6.45pm-7.15 pm | Sunset Cocktail</strong></p>
