{"id":12200,"date":"2018-12-12T18:00:00","date_gmt":"2018-12-12T18:00:00","guid":{"rendered":"https:\/\/iseg.gomo.dev\/event\/sessao-de-esclarecimento-apresentacao-do-programa-fullbright\/"},"modified":"2018-12-12T18:00:00","modified_gmt":"2018-12-12T18:00:00","slug":"briefing-session-fullbright-program-presentation","status":"publish","type":"event","link":"https:\/\/www.iseg.ulisboa.pt\/en\/event\/briefing-session-fullbright-program-presentation\/","title":{"rendered":"Briefing Session | Presentation of the Fullbright Program"},"content":{"rendered":"<p>On \n<strong>December 12th<\/strong>, a meeting of the ISEG \n<strong>Information session about the Fulbright Program<\/strong>The event, open to the entire academic community, will showcase the opportunities that the Fulbright program offers for educational and cultural exchange between Portugal and the USA, namely the various grants awarded to students, teachers and researchers and the opportunities available to institutions.\n<br \/>\n<br \/>The session will start at 18:00 in Auditorium 5 (Ed. Novo Quelhas).\n<br \/>\n<br \/>See the programme \n<a href=\"https:\/\/www.iseg.ulisboa.pt\/en\/aquila\/getFile.do\/?method=getFile&amp;fileId=1128803\" target=\"_blank\" rel=\"noopener\">\n<strong>on this link<\/strong><\/a> .\n<br \/>\n<br \/>Free admission, subject to&nbsp; \n<a href=\"https:\/\/docs.google.com\/forms\/d\/e\/1FAIpQLSdsnWOGo-OtUH8F_c7yoVzvbis8yx81JgQpD8HuaWxIKiPyiQ\/viewform\" target=\"_blank\" rel=\"noopener\">\n<strong>registration<\/strong><\/a> .\n<br \/>\n<br \/>Fulbright Commission website:&nbsp; \n<strong>\n<a href=\"http:\/\/www.fulbright.pt\/\" target=\"_blank\" rel=\"noopener\">http:\/\/www.fulbright.pt\/<\/a><\/strong> .\n<br \/>\n<br \/>For more information, please contact \n<strong>\n<a href=\"mailto:imo@iseg.ulisboa.pt\">imo@iseg.ulisboa.pt<\/a>. \n<a href=\"mailto:imo@iseg.ulisboa.pt\">\n  <br \/>\n<\/a> \n<a href=\"https:\/\/www.iseg.ulisboa.pt\/en\/aquila\/getFile.do\/?method=getFile&amp;fileId=1128803\" target=\"_blank\" rel=\"noopener\">\n  <br \/>\n<\/a><\/strong><\/p>\n<table border=\"0\">\n  <tbody>\n    <tr>\n      <td>\n        \t\t\r\n\t\t<figure class=\"wp-block-image size-large\"><img loading=\"lazy\" decoding=\"async\" width=\"600\" height=\"848\" src=\"https:\/\/www.iseg.ulisboa.pt\/wp-content\/uploads\/2021\/01\/PROGRAMA_FULLBRIGHT_CARTAZ.jpg\" alt=\"\" class=\"wp-image-5457\" srcset=\"https:\/\/www.iseg.ulisboa.pt\/wp-content\/uploads\/2021\/01\/PROGRAMA_FULLBRIGHT_CARTAZ.jpg 600w, https:\/\/www.iseg.ulisboa.pt\/wp-content\/uploads\/2021\/01\/PROGRAMA_FULLBRIGHT_CARTAZ-212x300.jpg 212w\" sizes=\"(max-width: 600px) 100vw, 600px\" \/><\/figure>\r\n\t\t\r\n\r\n\t\n      <\/td>\n    <\/tr>\n  <\/tbody>\n<\/table>\n<p>\n  <strong>\n  <a href=\"https:\/\/www.iseg.ulisboa.pt\/en\/aquila\/getFile.do\/?method=getFile&amp;fileId=1128803\" target=\"_blank\" rel=\"noopener\">&nbsp;<\/a><\/strong>\n<\/p>","protected":false},"excerpt":{"rendered":"December 12, at 6 pm, in Auditorium 5 (Ed. Novo Quelhas). Free entry, subject to registration.","protected":false},"featured_media":0,"template":"","topic":[],"event_type":[],"acf":[],"yoast_head":"<!-- This site is optimized with the Yoast SEO plugin v22.6 - https:\/\/yoast.com\/wordpress\/plugins\/seo\/ -->\n<title>Sess\u00e3o de Esclarecimento | Apresenta\u00e7\u00e3o do Programa Fullbright - ISEG<\/title>\n<meta name=\"robots\" content=\"index, follow, max-snippet:-1, max-image-preview:large, max-video-preview:-1\" \/>\n<link rel=\"canonical\" href=\"https:\/\/www.iseg.ulisboa.pt\/en\/event\/briefing-session-fullbright-program-presentation\/\" \/>\n<meta name=\"twitter:label1\" content=\"Est. reading time\" \/>\n\t<meta name=\"twitter:data1\" content=\"1 minute\" \/>\n<script type=\"application\/ld+json\" class=\"yoast-schema-graph\">{\"@context\":\"https:\/\/schema.org\",\"@graph\":[{\"@type\":\"WebPage\",\"@id\":\"https:\/\/www.iseg.ulisboa.pt\/en\/event\/briefing-session-fullbright-program-presentation\/\",\"url\":\"https:\/\/www.iseg.ulisboa.pt\/en\/event\/briefing-session-fullbright-program-presentation\/\",\"name\":\"Sess\u00e3o de Esclarecimento | Apresenta\u00e7\u00e3o do Programa Fullbright - ISEG\",\"isPartOf\":{\"@id\":\"https:\/\/www.iseg.ulisboa.pt\/en\/#website\"},\"primaryImageOfPage\":{\"@id\":\"https:\/\/www.iseg.ulisboa.pt\/en\/event\/briefing-session-fullbright-program-presentation\/#primaryimage\"},\"image\":{\"@id\":\"https:\/\/www.iseg.ulisboa.pt\/en\/event\/briefing-session-fullbright-program-presentation\/#primaryimage\"},\"thumbnailUrl\":\"https:\/\/www.iseg.ulisboa.pt\/wp-content\/uploads\/2021\/01\/PROGRAMA_FULLBRIGHT_CARTAZ.jpg\",\"datePublished\":\"2018-12-12T18:00:00+00:00\",\"dateModified\":\"2018-12-12T18:00:00+00:00\",\"breadcrumb\":{\"@id\":\"https:\/\/www.iseg.ulisboa.pt\/en\/event\/briefing-session-fullbright-program-presentation\/#breadcrumb\"},\"inLanguage\":\"en-US\",\"potentialAction\":[{\"@type\":\"ReadAction\",\"target\":[\"https:\/\/www.iseg.ulisboa.pt\/en\/event\/briefing-session-fullbright-program-presentation\/\"]}]},{\"@type\":\"ImageObject\",\"inLanguage\":\"en-US\",\"@id\":\"https:\/\/www.iseg.ulisboa.pt\/en\/event\/briefing-session-fullbright-program-presentation\/#primaryimage\",\"url\":\"https:\/\/www.iseg.ulisboa.pt\/wp-content\/uploads\/2021\/01\/PROGRAMA_FULLBRIGHT_CARTAZ.jpg\",\"contentUrl\":\"https:\/\/www.iseg.ulisboa.pt\/wp-content\/uploads\/2021\/01\/PROGRAMA_FULLBRIGHT_CARTAZ.jpg\"},{\"@type\":\"BreadcrumbList\",\"@id\":\"https:\/\/www.iseg.ulisboa.pt\/en\/event\/briefing-session-fullbright-program-presentation\/#breadcrumb\",\"itemListElement\":[{\"@type\":\"ListItem\",\"position\":1,\"name\":\"Home\",\"item\":\"https:\/\/www.iseg.ulisboa.pt\/\"},{\"@type\":\"ListItem\",\"position\":2,\"name\":\"Sess\u00e3o de Esclarecimento | Apresenta\u00e7\u00e3o do Programa Fullbright\"}]},{\"@type\":\"WebSite\",\"@id\":\"https:\/\/www.iseg.ulisboa.pt\/en\/#website\",\"url\":\"https:\/\/www.iseg.ulisboa.pt\/en\/\",\"name\":\"ISEG\",\"description\":\"Lisbon School of Economics &amp; Management\",\"publisher\":{\"@id\":\"https:\/\/www.iseg.ulisboa.pt\/en\/#organization\"},\"potentialAction\":[{\"@type\":\"SearchAction\",\"target\":{\"@type\":\"EntryPoint\",\"urlTemplate\":\"https:\/\/www.iseg.ulisboa.pt\/en\/?s={search_term_string}\"},\"query-input\":\"required name=search_term_string\"}],\"inLanguage\":\"en-US\"},{\"@type\":\"Organization\",\"@id\":\"https:\/\/www.iseg.ulisboa.pt\/en\/#organization\",\"name\":\"ISEG\",\"url\":\"https:\/\/www.iseg.ulisboa.pt\/en\/\",\"logo\":{\"@type\":\"ImageObject\",\"inLanguage\":\"en-US\",\"@id\":\"https:\/\/www.iseg.ulisboa.pt\/en\/#\/schema\/logo\/image\/\",\"url\":\"https:\/\/www.iseg.ulisboa.pt\/wp-content\/uploads\/2021\/02\/iseg-logo-ul.svg\",\"contentUrl\":\"https:\/\/www.iseg.ulisboa.pt\/wp-content\/uploads\/2021\/02\/iseg-logo-ul.svg\",\"width\":250,\"height\":120,\"caption\":\"ISEG\"},\"image\":{\"@id\":\"https:\/\/www.iseg.ulisboa.pt\/en\/#\/schema\/logo\/image\/\"},\"sameAs\":[\"https:\/\/www.facebook.com\/iseg.pt\",\"https:\/\/x.com\/iseglisbon\",\"https:\/\/www.instagram.com\/iseglisbon\/\",\"https:\/\/www.linkedin.com\/school\/iseglisbon\/\",\"https:\/\/www.youtube.com\/user\/DMREISEG\"]}]}<\/script>\n<!-- \/ Yoast SEO plugin. -->","yoast_head_json":{"title":"Information Session | Presentation of the Fullbright Program - ISEG","robots":{"index":"index","follow":"follow","max-snippet":"max-snippet:-1","max-image-preview":"max-image-preview:large","max-video-preview":"max-video-preview:-1"},"canonical":"https:\/\/www.iseg.ulisboa.pt\/en\/event\/briefing-session-fullbright-program-presentation\/","twitter_misc":{"Est. reading time":"1 minute"},"schema":{"@context":"https:\/\/schema.org","@graph":[{"@type":"WebPage","@id":"https:\/\/www.iseg.ulisboa.pt\/en\/event\/briefing-session-fullbright-program-presentation\/","url":"https:\/\/www.iseg.ulisboa.pt\/en\/event\/briefing-session-fullbright-program-presentation\/","name":"Information Session | Presentation of the Fullbright Program - ISEG","isPartOf":{"@id":"https:\/\/www.iseg.ulisboa.pt\/en\/#website"},"primaryImageOfPage":{"@id":"https:\/\/www.iseg.ulisboa.pt\/en\/event\/briefing-session-fullbright-program-presentation\/#primaryimage"},"image":{"@id":"https:\/\/www.iseg.ulisboa.pt\/en\/event\/briefing-session-fullbright-program-presentation\/#primaryimage"},"thumbnailUrl":"https:\/\/www.iseg.ulisboa.pt\/wp-content\/uploads\/2021\/01\/PROGRAMA_FULLBRIGHT_CARTAZ.jpg","datePublished":"2018-12-12T18:00:00+00:00","dateModified":"2018-12-12T18:00:00+00:00","breadcrumb":{"@id":"https:\/\/www.iseg.ulisboa.pt\/en\/event\/briefing-session-fullbright-program-presentation\/#breadcrumb"},"inLanguage":"en-US","potentialAction":[{"@type":"ReadAction","target":["https:\/\/www.iseg.ulisboa.pt\/en\/event\/briefing-session-fullbright-program-presentation\/"]}]},{"@type":"ImageObject","inLanguage":"en-US","@id":"https:\/\/www.iseg.ulisboa.pt\/en\/event\/briefing-session-fullbright-program-presentation\/#primaryimage","url":"https:\/\/www.iseg.ulisboa.pt\/wp-content\/uploads\/2021\/01\/PROGRAMA_FULLBRIGHT_CARTAZ.jpg","contentUrl":"https:\/\/www.iseg.ulisboa.pt\/wp-content\/uploads\/2021\/01\/PROGRAMA_FULLBRIGHT_CARTAZ.jpg"},{"@type":"BreadcrumbList","@id":"https:\/\/www.iseg.ulisboa.pt\/en\/event\/briefing-session-fullbright-program-presentation\/#breadcrumb","itemListElement":[{"@type":"ListItem","position":1,"name":"Home","item":"https:\/\/www.iseg.ulisboa.pt\/"},{"@type":"ListItem","position":2,"name":"Sess\u00e3o de Esclarecimento | Apresenta\u00e7\u00e3o do Programa Fullbright"}]},{"@type":"WebSite","@id":"https:\/\/www.iseg.ulisboa.pt\/en\/#website","url":"https:\/\/www.iseg.ulisboa.pt\/en\/","name":"ISEG","description":"Lisbon School of Economics &amp; Management","publisher":{"@id":"https:\/\/www.iseg.ulisboa.pt\/en\/#organization"},"potentialAction":[{"@type":"SearchAction","target":{"@type":"EntryPoint","urlTemplate":"https:\/\/www.iseg.ulisboa.pt\/en\/?s={search_term_string}"},"query-input":"required name=search_term_string"}],"inLanguage":"en-US"},{"@type":"Organization","@id":"https:\/\/www.iseg.ulisboa.pt\/en\/#organization","name":"ISEG","url":"https:\/\/www.iseg.ulisboa.pt\/en\/","logo":{"@type":"ImageObject","inLanguage":"en-US","@id":"https:\/\/www.iseg.ulisboa.pt\/en\/#\/schema\/logo\/image\/","url":"https:\/\/www.iseg.ulisboa.pt\/wp-content\/uploads\/2021\/02\/iseg-logo-ul.svg","contentUrl":"https:\/\/www.iseg.ulisboa.pt\/wp-content\/uploads\/2021\/02\/iseg-logo-ul.svg","width":250,"height":120,"caption":"ISEG"},"image":{"@id":"https:\/\/www.iseg.ulisboa.pt\/en\/#\/schema\/logo\/image\/"},"sameAs":["https:\/\/www.facebook.com\/iseg.pt","https:\/\/x.com\/iseglisbon","https:\/\/www.instagram.com\/iseglisbon\/","https:\/\/www.linkedin.com\/school\/iseglisbon\/","https:\/\/www.youtube.com\/user\/DMREISEG"]}]}},"uagb_featured_image_src":{"full":false,"thumbnail":false,"medium":false,"medium_large":false,"large":false,"1536x1536":false,"2048x2048":false,"trp-custom-language-flag":false},"uagb_author_info":{"display_name":"gomo","author_link":"https:\/\/www.iseg.ulisboa.pt\/en\/author\/"},"uagb_comment_info":0,"uagb_excerpt":"Dia 12 de dezembro, pelas 18h00, no Audit\u00f3rio 5 (Ed. Novo Quelhas).\u00a0Entrada livre, sujeita a\u00a0 inscri\u00e7\u00e3o.","_links":{"self":[{"href":"https:\/\/www.iseg.ulisboa.pt\/en\/wp-json\/wp\/v2\/event\/12200"}],"collection":[{"href":"https:\/\/www.iseg.ulisboa.pt\/en\/wp-json\/wp\/v2\/event"}],"about":[{"href":"https:\/\/www.iseg.ulisboa.pt\/en\/wp-json\/wp\/v2\/types\/event"}],"version-history":[{"count":0,"href":"https:\/\/www.iseg.ulisboa.pt\/en\/wp-json\/wp\/v2\/event\/12200\/revisions"}],"wp:attachment":[{"href":"https:\/\/www.iseg.ulisboa.pt\/en\/wp-json\/wp\/v2\/media?parent=12200"}],"wp:term":[{"taxonomy":"topic","embeddable":true,"href":"https:\/\/www.iseg.ulisboa.pt\/en\/wp-json\/wp\/v2\/topic?post=12200"},{"taxonomy":"event_type","embeddable":true,"href":"https:\/\/www.iseg.ulisboa.pt\/en\/wp-json\/wp\/v2\/event_type?post=12200"}],"curies":[{"name":"wp","href":"https:\/\/api.w.org\/{rel}","templated":true}]}}

<!-- This site is optimized with the Yoast SEO plugin v22.6 - https://yoast.com/wordpress/plugins/seo/ -->
<title>Sessão de Esclarecimento | Apresentação do Programa Fullbright - ISEG</title>
<meta name="robots" content="index, follow, max-snippet:-1, max-image-preview:large, max-video-preview:-1" />
<link rel="canonical" href="https://www.iseg.ulisboa.pt/en/event/briefing-session-fullbright-program-presentation/" />
<meta name="twitter:label1" content="Est. reading time" />
	<meta name="twitter:data1" content="1 minute" />
<script type="application/ld+json" class="yoast-schema-graph">{"@context":"https://schema.org","@graph":[{"@type":"WebPage","@id":"https://www.iseg.ulisboa.pt/en/event/briefing-session-fullbright-program-presentation/","url":"https://www.iseg.ulisboa.pt/en/event/briefing-session-fullbright-program-presentation/","name":"Sessão de Esclarecimento | Apresentação do Programa Fullbright - ISEG","isPartOf":{"@id":"https://www.iseg.ulisboa.pt/en/#website"},"primaryImageOfPage":{"@id":"https://www.iseg.ulisboa.pt/en/event/briefing-session-fullbright-program-presentation/#primaryimage"},"image":{"@id":"https://www.iseg.ulisboa.pt/en/event/briefing-session-fullbright-program-presentation/#primaryimage"},"thumbnailUrl":"https://www.iseg.ulisboa.pt/wp-content/uploads/2021/01/PROGRAMA_FULLBRIGHT_CARTAZ.jpg","datePublished":"2018-12-12T18:00:00+00:00","dateModified":"2018-12-12T18:00:00+00:00","breadcrumb":{"@id":"https://www.iseg.ulisboa.pt/en/event/briefing-session-fullbright-program-presentation/#breadcrumb"},"inLanguage":"en-US","potentialAction":[{"@type":"ReadAction","target":["https://www.iseg.ulisboa.pt/en/event/briefing-session-fullbright-program-presentation/"]}]},{"@type":"ImageObject","inLanguage":"en-US","@id":"https://www.iseg.ulisboa.pt/en/event/briefing-session-fullbright-program-presentation/#primaryimage","url":"https://www.iseg.ulisboa.pt/wp-content/uploads/2021/01/PROGRAMA_FULLBRIGHT_CARTAZ.jpg","contentUrl":"https://www.iseg.ulisboa.pt/wp-content/uploads/2021/01/PROGRAMA_FULLBRIGHT_CARTAZ.jpg"},{"@type":"BreadcrumbList","@id":"https://www.iseg.ulisboa.pt/en/event/briefing-session-fullbright-program-presentation/#breadcrumb","itemListElement":[{"@type":"ListItem","position":1,"name":"Home","item":"https://www.iseg.ulisboa.pt/"},{"@type":"ListItem","position":2,"name":"Sessão de Esclarecimento | Apresentação do Programa Fullbright"}]},{"@type":"WebSite","@id":"https://www.iseg.ulisboa.pt/en/#website","url":"https://www.iseg.ulisboa.pt/en/","name":"ISEG","description":"Lisbon School of Economics &amp; Management","publisher":{"@id":"https://www.iseg.ulisboa.pt/en/#organization"},"potentialAction":[{"@type":"SearchAction","target":{"@type":"EntryPoint","urlTemplate":"https://www.iseg.ulisboa.pt/en/?s={search_term_string}"},"query-input":"required name=search_term_string"}],"inLanguage":"en-US"},{"@type":"Organization","@id":"https://www.iseg.ulisboa.pt/en/#organization","name":"ISEG","url":"https://www.iseg.ulisboa.pt/en/","logo":{"@type":"ImageObject","inLanguage":"en-US","@id":"https://www.iseg.ulisboa.pt/en/#/schema/logo/image/","url":"https://www.iseg.ulisboa.pt/wp-content/uploads/2021/02/iseg-logo-ul.svg","contentUrl":"https://www.iseg.ulisboa.pt/wp-content/uploads/2021/02/iseg-logo-ul.svg","width":250,"height":120,"caption":"ISEG"},"image":{"@id":"https://www.iseg.ulisboa.pt/en/#/schema/logo/image/"},"sameAs":["https://www.facebook.com/iseg.pt","https://x.com/iseglisbon","https://www.instagram.com/iseglisbon/","https://www.linkedin.com/school/iseglisbon/","https://www.youtube.com/user/DMREISEG"]}]}</script>
<!-- / Yoast SEO plugin. -->

Sessão de Esclarecimento | Apresentação do Programa Fullbright

Dia 12 de dezembro, pelas 18h00, no Auditório 5 (Ed. Novo Quelhas). Entrada livre, sujeita a  inscrição.
