{"id":12283,"date":"2018-11-15T10:00:00","date_gmt":"2018-11-15T10:00:00","guid":{"rendered":"https:\/\/iseg.gomo.dev\/event\/in-progress-3-3o-seminario-internacional-sobre-ciencias-sociais-e-desenvolvimento-em-africa\/"},"modified":"2018-11-15T10:00:00","modified_gmt":"2018-11-15T10:00:00","slug":"in-progress-3-3rd-international-seminar-on-social-sciences-and-development-in-africa","status":"publish","type":"event","link":"https:\/\/www.iseg.ulisboa.pt\/en\/event\/in-progress-3-3rd-international-seminar-on-social-sciences-and-development-in-africa\/","title":{"rendered":"IN PROGRESS 3: 3rd International Seminar on Social Sciences and Development in Africa"},"content":{"rendered":"<p>On \n<strong>the 15th and 16th of November<\/strong>The third edition of a seminar specially aimed at master's and doctoral students in the field of African studies, entitled \" \n<strong>In PROGRESS 3<\/strong>\".\n<br \/>\n<br \/>The main aim is to promote a space for reflection and exchange of experiences, bringing together students from different schools who have studies on contemporary Africa and its development as their research topic. Another objective is to identify the thematic areas that are currently of most interest to researchers, in order to be able to retain the real dimension of knowledge in the various fields and subjects.\n<br \/>\n<br \/>The seminar takes place in Auditorium 3 (Quelhas Building, 2nd floor).&nbsp;\n<br \/>\n<br \/> \n<a href=\"https:\/\/www.iseg.ulisboa.pt\/en\/eagle\/getfile.do\/?method=getFile&amp;fileId=1128733\" target=\"_blank\" rel=\"noopener\">\n<strong>&gt;&gt; Program (pdf)\n<br \/>\n<br \/><\/strong><\/a><\/p>\n<p>\n<strong>Further information<\/strong>\n<br \/> \n<strong>Email:<\/strong> \n<a href=\"mailto:inprogressseminar2018@gmail.com\" target=\"_blank\" rel=\"noopener\">\n<strong>inprogressseminar2018@gmail.com<\/strong>\n<br \/><\/a> \n<strong>\n<a href=\"http:\/\/pascal.iseg.utl.pt\/~cesa\/index.php\/menueventos\/660\" target=\"_blank\" rel=\"noopener\">Event page\n<br \/><\/a><\/strong><\/p>\n<table border=\"0\">\n  <tbody>\n    <tr>\n      <td>\n        \t\t\r\n\t\t<figure class=\"wp-block-image size-large\"><img loading=\"lazy\" decoding=\"async\" width=\"893\" height=\"1263\" src=\"https:\/\/www.iseg.ulisboa.pt\/wp-content\/uploads\/2021\/01\/cartaz-programa.jpg\" alt=\"\" class=\"wp-image-5829\" srcset=\"https:\/\/www.iseg.ulisboa.pt\/wp-content\/uploads\/2021\/01\/cartaz-programa.jpg 893w, https:\/\/www.iseg.ulisboa.pt\/wp-content\/uploads\/2021\/01\/cartaz-programa-212x300.jpg 212w\" sizes=\"(max-width: 893px) 100vw, 893px\" \/><\/figure>\r\n\t\t\r\n\r\n\t\n      <\/td>\n    <\/tr>\n  <\/tbody>\n<\/table>\n<p>\n  <strong>\n  <a href=\"http:\/\/pascal.iseg.utl.pt\/~cesa\/index.php\/menueventos\/660\" target=\"_blank\" rel=\"noopener\">&nbsp;<\/a><\/strong>\n<\/p>\n<p>&nbsp;<\/p>\n<p>&nbsp;<\/p>","protected":false},"excerpt":{"rendered":"November 15 and 16, in Auditorium 3 (Quelhas Building, 2nd floor).\u00a0","protected":false},"featured_media":0,"template":"","topic":[1401],"event_type":[1155],"acf":[],"yoast_head":"<!-- This site is optimized with the Yoast SEO plugin v22.6 - https:\/\/yoast.com\/wordpress\/plugins\/seo\/ -->\n<title>IN PROGRESS 3: 3\u00ba Semin\u00e1rio Internacional sobre Ci\u00eancias Sociais e Desenvolvimento em \u00c1frica - ISEG<\/title>\n<meta name=\"robots\" content=\"index, follow, max-snippet:-1, max-image-preview:large, max-video-preview:-1\" \/>\n<link rel=\"canonical\" href=\"https:\/\/www.iseg.ulisboa.pt\/en\/event\/in-progress-3-3rd-international-seminar-on-social-sciences-and-development-in-africa\/\" \/>\n<meta name=\"twitter:label1\" content=\"Est. reading time\" \/>\n\t<meta name=\"twitter:data1\" content=\"1 minute\" \/>\n<script type=\"application\/ld+json\" class=\"yoast-schema-graph\">{\"@context\":\"https:\/\/schema.org\",\"@graph\":[{\"@type\":\"WebPage\",\"@id\":\"https:\/\/www.iseg.ulisboa.pt\/en\/event\/in-progress-3-3rd-international-seminar-on-social-sciences-and-development-in-africa\/\",\"url\":\"https:\/\/www.iseg.ulisboa.pt\/en\/event\/in-progress-3-3rd-international-seminar-on-social-sciences-and-development-in-africa\/\",\"name\":\"IN PROGRESS 3: 3\u00ba Semin\u00e1rio Internacional sobre Ci\u00eancias Sociais e Desenvolvimento em \u00c1frica - ISEG\",\"isPartOf\":{\"@id\":\"https:\/\/www.iseg.ulisboa.pt\/en\/#website\"},\"primaryImageOfPage\":{\"@id\":\"https:\/\/www.iseg.ulisboa.pt\/en\/event\/in-progress-3-3rd-international-seminar-on-social-sciences-and-development-in-africa\/#primaryimage\"},\"image\":{\"@id\":\"https:\/\/www.iseg.ulisboa.pt\/en\/event\/in-progress-3-3rd-international-seminar-on-social-sciences-and-development-in-africa\/#primaryimage\"},\"thumbnailUrl\":\"https:\/\/www.iseg.ulisboa.pt\/wp-content\/uploads\/2021\/01\/cartaz-programa.jpg\",\"datePublished\":\"2018-11-15T10:00:00+00:00\",\"dateModified\":\"2018-11-15T10:00:00+00:00\",\"breadcrumb\":{\"@id\":\"https:\/\/www.iseg.ulisboa.pt\/en\/event\/in-progress-3-3rd-international-seminar-on-social-sciences-and-development-in-africa\/#breadcrumb\"},\"inLanguage\":\"en-US\",\"potentialAction\":[{\"@type\":\"ReadAction\",\"target\":[\"https:\/\/www.iseg.ulisboa.pt\/en\/event\/in-progress-3-3rd-international-seminar-on-social-sciences-and-development-in-africa\/\"]}]},{\"@type\":\"ImageObject\",\"inLanguage\":\"en-US\",\"@id\":\"https:\/\/www.iseg.ulisboa.pt\/en\/event\/in-progress-3-3rd-international-seminar-on-social-sciences-and-development-in-africa\/#primaryimage\",\"url\":\"https:\/\/www.iseg.ulisboa.pt\/wp-content\/uploads\/2021\/01\/cartaz-programa.jpg\",\"contentUrl\":\"https:\/\/www.iseg.ulisboa.pt\/wp-content\/uploads\/2021\/01\/cartaz-programa.jpg\"},{\"@type\":\"BreadcrumbList\",\"@id\":\"https:\/\/www.iseg.ulisboa.pt\/en\/event\/in-progress-3-3rd-international-seminar-on-social-sciences-and-development-in-africa\/#breadcrumb\",\"itemListElement\":[{\"@type\":\"ListItem\",\"position\":1,\"name\":\"Home\",\"item\":\"https:\/\/www.iseg.ulisboa.pt\/\"},{\"@type\":\"ListItem\",\"position\":2,\"name\":\"IN PROGRESS 3: 3\u00ba Semin\u00e1rio Internacional sobre Ci\u00eancias Sociais e Desenvolvimento em \u00c1frica\"}]},{\"@type\":\"WebSite\",\"@id\":\"https:\/\/www.iseg.ulisboa.pt\/en\/#website\",\"url\":\"https:\/\/www.iseg.ulisboa.pt\/en\/\",\"name\":\"ISEG\",\"description\":\"Lisbon School of Economics &amp; Management\",\"publisher\":{\"@id\":\"https:\/\/www.iseg.ulisboa.pt\/en\/#organization\"},\"potentialAction\":[{\"@type\":\"SearchAction\",\"target\":{\"@type\":\"EntryPoint\",\"urlTemplate\":\"https:\/\/www.iseg.ulisboa.pt\/en\/?s={search_term_string}\"},\"query-input\":\"required name=search_term_string\"}],\"inLanguage\":\"en-US\"},{\"@type\":\"Organization\",\"@id\":\"https:\/\/www.iseg.ulisboa.pt\/en\/#organization\",\"name\":\"ISEG\",\"url\":\"https:\/\/www.iseg.ulisboa.pt\/en\/\",\"logo\":{\"@type\":\"ImageObject\",\"inLanguage\":\"en-US\",\"@id\":\"https:\/\/www.iseg.ulisboa.pt\/en\/#\/schema\/logo\/image\/\",\"url\":\"https:\/\/www.iseg.ulisboa.pt\/wp-content\/uploads\/2021\/02\/iseg-logo-ul.svg\",\"contentUrl\":\"https:\/\/www.iseg.ulisboa.pt\/wp-content\/uploads\/2021\/02\/iseg-logo-ul.svg\",\"width\":250,\"height\":120,\"caption\":\"ISEG\"},\"image\":{\"@id\":\"https:\/\/www.iseg.ulisboa.pt\/en\/#\/schema\/logo\/image\/\"},\"sameAs\":[\"https:\/\/www.facebook.com\/iseg.pt\",\"https:\/\/x.com\/iseglisbon\",\"https:\/\/www.instagram.com\/iseglisbon\/\",\"https:\/\/www.linkedin.com\/school\/iseglisbon\/\",\"https:\/\/www.youtube.com\/user\/DMREISEG\"]}]}<\/script>\n<!-- \/ Yoast SEO plugin. -->","yoast_head_json":{"title":"IN PROGRESS 3: 3rd International Seminar on Social Sciences and Development in Africa - ISEG","robots":{"index":"index","follow":"follow","max-snippet":"max-snippet:-1","max-image-preview":"max-image-preview:large","max-video-preview":"max-video-preview:-1"},"canonical":"https:\/\/www.iseg.ulisboa.pt\/en\/event\/in-progress-3-3rd-international-seminar-on-social-sciences-and-development-in-africa\/","twitter_misc":{"Est. reading time":"1 minute"},"schema":{"@context":"https:\/\/schema.org","@graph":[{"@type":"WebPage","@id":"https:\/\/www.iseg.ulisboa.pt\/en\/event\/in-progress-3-3rd-international-seminar-on-social-sciences-and-development-in-africa\/","url":"https:\/\/www.iseg.ulisboa.pt\/en\/event\/in-progress-3-3rd-international-seminar-on-social-sciences-and-development-in-africa\/","name":"IN PROGRESS 3: 3rd International Seminar on Social Sciences and Development in Africa - ISEG","isPartOf":{"@id":"https:\/\/www.iseg.ulisboa.pt\/en\/#website"},"primaryImageOfPage":{"@id":"https:\/\/www.iseg.ulisboa.pt\/en\/event\/in-progress-3-3rd-international-seminar-on-social-sciences-and-development-in-africa\/#primaryimage"},"image":{"@id":"https:\/\/www.iseg.ulisboa.pt\/en\/event\/in-progress-3-3rd-international-seminar-on-social-sciences-and-development-in-africa\/#primaryimage"},"thumbnailUrl":"https:\/\/www.iseg.ulisboa.pt\/wp-content\/uploads\/2021\/01\/cartaz-programa.jpg","datePublished":"2018-11-15T10:00:00+00:00","dateModified":"2018-11-15T10:00:00+00:00","breadcrumb":{"@id":"https:\/\/www.iseg.ulisboa.pt\/en\/event\/in-progress-3-3rd-international-seminar-on-social-sciences-and-development-in-africa\/#breadcrumb"},"inLanguage":"en-US","potentialAction":[{"@type":"ReadAction","target":["https:\/\/www.iseg.ulisboa.pt\/en\/event\/in-progress-3-3rd-international-seminar-on-social-sciences-and-development-in-africa\/"]}]},{"@type":"ImageObject","inLanguage":"en-US","@id":"https:\/\/www.iseg.ulisboa.pt\/en\/event\/in-progress-3-3rd-international-seminar-on-social-sciences-and-development-in-africa\/#primaryimage","url":"https:\/\/www.iseg.ulisboa.pt\/wp-content\/uploads\/2021\/01\/cartaz-programa.jpg","contentUrl":"https:\/\/www.iseg.ulisboa.pt\/wp-content\/uploads\/2021\/01\/cartaz-programa.jpg"},{"@type":"BreadcrumbList","@id":"https:\/\/www.iseg.ulisboa.pt\/en\/event\/in-progress-3-3rd-international-seminar-on-social-sciences-and-development-in-africa\/#breadcrumb","itemListElement":[{"@type":"ListItem","position":1,"name":"Home","item":"https:\/\/www.iseg.ulisboa.pt\/"},{"@type":"ListItem","position":2,"name":"IN PROGRESS 3: 3\u00ba Semin\u00e1rio Internacional sobre Ci\u00eancias Sociais e Desenvolvimento em \u00c1frica"}]},{"@type":"WebSite","@id":"https:\/\/www.iseg.ulisboa.pt\/en\/#website","url":"https:\/\/www.iseg.ulisboa.pt\/en\/","name":"ISEG","description":"Lisbon School of Economics &amp; Management","publisher":{"@id":"https:\/\/www.iseg.ulisboa.pt\/en\/#organization"},"potentialAction":[{"@type":"SearchAction","target":{"@type":"EntryPoint","urlTemplate":"https:\/\/www.iseg.ulisboa.pt\/en\/?s={search_term_string}"},"query-input":"required name=search_term_string"}],"inLanguage":"en-US"},{"@type":"Organization","@id":"https:\/\/www.iseg.ulisboa.pt\/en\/#organization","name":"ISEG","url":"https:\/\/www.iseg.ulisboa.pt\/en\/","logo":{"@type":"ImageObject","inLanguage":"en-US","@id":"https:\/\/www.iseg.ulisboa.pt\/en\/#\/schema\/logo\/image\/","url":"https:\/\/www.iseg.ulisboa.pt\/wp-content\/uploads\/2021\/02\/iseg-logo-ul.svg","contentUrl":"https:\/\/www.iseg.ulisboa.pt\/wp-content\/uploads\/2021\/02\/iseg-logo-ul.svg","width":250,"height":120,"caption":"ISEG"},"image":{"@id":"https:\/\/www.iseg.ulisboa.pt\/en\/#\/schema\/logo\/image\/"},"sameAs":["https:\/\/www.facebook.com\/iseg.pt","https:\/\/x.com\/iseglisbon","https:\/\/www.instagram.com\/iseglisbon\/","https:\/\/www.linkedin.com\/school\/iseglisbon\/","https:\/\/www.youtube.com\/user\/DMREISEG"]}]}},"uagb_featured_image_src":{"full":false,"thumbnail":false,"medium":false,"medium_large":false,"large":false,"1536x1536":false,"2048x2048":false,"trp-custom-language-flag":false},"uagb_author_info":{"display_name":"gomo","author_link":"https:\/\/www.iseg.ulisboa.pt\/en\/author\/"},"uagb_comment_info":0,"uagb_excerpt":"Dias\u00a015 e 16 de novembro,\u00a0no Audit\u00f3rio 3 (Edif\u00edcio Quelhas, 2\u00ba piso).\u00a0","_links":{"self":[{"href":"https:\/\/www.iseg.ulisboa.pt\/en\/wp-json\/wp\/v2\/event\/12283"}],"collection":[{"href":"https:\/\/www.iseg.ulisboa.pt\/en\/wp-json\/wp\/v2\/event"}],"about":[{"href":"https:\/\/www.iseg.ulisboa.pt\/en\/wp-json\/wp\/v2\/types\/event"}],"version-history":[{"count":0,"href":"https:\/\/www.iseg.ulisboa.pt\/en\/wp-json\/wp\/v2\/event\/12283\/revisions"}],"wp:attachment":[{"href":"https:\/\/www.iseg.ulisboa.pt\/en\/wp-json\/wp\/v2\/media?parent=12283"}],"wp:term":[{"taxonomy":"topic","embeddable":true,"href":"https:\/\/www.iseg.ulisboa.pt\/en\/wp-json\/wp\/v2\/topic?post=12283"},{"taxonomy":"event_type","embeddable":true,"href":"https:\/\/www.iseg.ulisboa.pt\/en\/wp-json\/wp\/v2\/event_type?post=12283"}],"curies":[{"name":"wp","href":"https:\/\/api.w.org\/{rel}","templated":true}]}}

<!-- This site is optimized with the Yoast SEO plugin v22.6 - https://yoast.com/wordpress/plugins/seo/ -->
<title>IN PROGRESS 3: 3º Seminário Internacional sobre Ciências Sociais e Desenvolvimento em África - ISEG</title>
<meta name="robots" content="index, follow, max-snippet:-1, max-image-preview:large, max-video-preview:-1" />
<link rel="canonical" href="https://www.iseg.ulisboa.pt/en/event/in-progress-3-3rd-international-seminar-on-social-sciences-and-development-in-africa/" />
<meta name="twitter:label1" content="Est. reading time" />
	<meta name="twitter:data1" content="1 minute" />
<script type="application/ld+json" class="yoast-schema-graph">{"@context":"https://schema.org","@graph":[{"@type":"WebPage","@id":"https://www.iseg.ulisboa.pt/en/event/in-progress-3-3rd-international-seminar-on-social-sciences-and-development-in-africa/","url":"https://www.iseg.ulisboa.pt/en/event/in-progress-3-3rd-international-seminar-on-social-sciences-and-development-in-africa/","name":"IN PROGRESS 3: 3º Seminário Internacional sobre Ciências Sociais e Desenvolvimento em África - ISEG","isPartOf":{"@id":"https://www.iseg.ulisboa.pt/en/#website"},"primaryImageOfPage":{"@id":"https://www.iseg.ulisboa.pt/en/event/in-progress-3-3rd-international-seminar-on-social-sciences-and-development-in-africa/#primaryimage"},"image":{"@id":"https://www.iseg.ulisboa.pt/en/event/in-progress-3-3rd-international-seminar-on-social-sciences-and-development-in-africa/#primaryimage"},"thumbnailUrl":"https://www.iseg.ulisboa.pt/wp-content/uploads/2021/01/cartaz-programa.jpg","datePublished":"2018-11-15T10:00:00+00:00","dateModified":"2018-11-15T10:00:00+00:00","breadcrumb":{"@id":"https://www.iseg.ulisboa.pt/en/event/in-progress-3-3rd-international-seminar-on-social-sciences-and-development-in-africa/#breadcrumb"},"inLanguage":"en-US","potentialAction":[{"@type":"ReadAction","target":["https://www.iseg.ulisboa.pt/en/event/in-progress-3-3rd-international-seminar-on-social-sciences-and-development-in-africa/"]}]},{"@type":"ImageObject","inLanguage":"en-US","@id":"https://www.iseg.ulisboa.pt/en/event/in-progress-3-3rd-international-seminar-on-social-sciences-and-development-in-africa/#primaryimage","url":"https://www.iseg.ulisboa.pt/wp-content/uploads/2021/01/cartaz-programa.jpg","contentUrl":"https://www.iseg.ulisboa.pt/wp-content/uploads/2021/01/cartaz-programa.jpg"},{"@type":"BreadcrumbList","@id":"https://www.iseg.ulisboa.pt/en/event/in-progress-3-3rd-international-seminar-on-social-sciences-and-development-in-africa/#breadcrumb","itemListElement":[{"@type":"ListItem","position":1,"name":"Home","item":"https://www.iseg.ulisboa.pt/"},{"@type":"ListItem","position":2,"name":"IN PROGRESS 3: 3º Seminário Internacional sobre Ciências Sociais e Desenvolvimento em África"}]},{"@type":"WebSite","@id":"https://www.iseg.ulisboa.pt/en/#website","url":"https://www.iseg.ulisboa.pt/en/","name":"ISEG","description":"Lisbon School of Economics &amp; Management","publisher":{"@id":"https://www.iseg.ulisboa.pt/en/#organization"},"potentialAction":[{"@type":"SearchAction","target":{"@type":"EntryPoint","urlTemplate":"https://www.iseg.ulisboa.pt/en/?s={search_term_string}"},"query-input":"required name=search_term_string"}],"inLanguage":"en-US"},{"@type":"Organization","@id":"https://www.iseg.ulisboa.pt/en/#organization","name":"ISEG","url":"https://www.iseg.ulisboa.pt/en/","logo":{"@type":"ImageObject","inLanguage":"en-US","@id":"https://www.iseg.ulisboa.pt/en/#/schema/logo/image/","url":"https://www.iseg.ulisboa.pt/wp-content/uploads/2021/02/iseg-logo-ul.svg","contentUrl":"https://www.iseg.ulisboa.pt/wp-content/uploads/2021/02/iseg-logo-ul.svg","width":250,"height":120,"caption":"ISEG"},"image":{"@id":"https://www.iseg.ulisboa.pt/en/#/schema/logo/image/"},"sameAs":["https://www.facebook.com/iseg.pt","https://x.com/iseglisbon","https://www.instagram.com/iseglisbon/","https://www.linkedin.com/school/iseglisbon/","https://www.youtube.com/user/DMREISEG"]}]}</script>
<!-- / Yoast SEO plugin. -->

IN PROGRESS 3: 3º Seminário Internacional sobre Ciências Sociais e Desenvolvimento em África

Dias 15 e 16 de novembro, no Auditório 3 (Edifício Quelhas, 2º piso).
