{"id":12652,"date":"2017-11-08T17:30:00","date_gmt":"2017-11-08T17:30:00","guid":{"rendered":"https:\/\/iseg.gomo.dev\/event\/seminario-a-fiscalidade-como-factor-impulsionador-do-desenvolvimento-economico\/"},"modified":"2017-11-08T17:30:00","modified_gmt":"2017-11-08T17:30:00","slug":"seminar-on-taxation-as-a-driver-of-economic-development","status":"publish","type":"event","link":"https:\/\/www.iseg.ulisboa.pt\/en\/event\/seminar-on-taxation-as-a-driver-of-economic-development\/","title":{"rendered":"Seminar | Taxation as a Driver for Economic Development"},"content":{"rendered":"<p>On November 8, a seminar will be held within the scope of the Master in Accounting, Taxation and Corporate Finance of ISEG on \" \n<strong>Taxation as a Driver of Economic Development<\/strong>\", at 17h30, in the CGD Auditorium (Ed. Quelhas, 2nd floor).\n<br \/>\n<br \/>The seminar will be attended by \n<em>State Secretary for Fiscal Affairs<\/em>, \n<strong>Ant\u00f3nio Mendon\u00e7a Mendes<\/strong>, and also of \n<strong>Professor Eduardo Couto<\/strong> ( \n<em>Vice-President of ISEG and Coordinator of the Master's Degree in Accounting, Taxation and Corporate Finance at ISEG.<\/em>), \n<strong>Jaime Esteves<\/strong> ( \n<em>partner and head of the Tax Division of PricewaterhouseCoopers, Portugal<\/em>, \n<em>Cape Verde and Angol<\/em>a), \n<strong>Renato Carreira<\/strong> ( \n<em>Partner of Deloitte's Tax Division, Portugal<\/em>), \n<strong>Professor Ant\u00f3nio Samagaio<\/strong> ( \n<em>Assistant Professor at ISEG and Chartered Accountant<\/em>).&nbsp;<\/p>\n<p>\n<br \/>See the seminar program \n<a href=\"https:\/\/www.iseg.ulisboa.pt\/en\/aquila\/getFile.do\/?method=getFile&amp;fileId=990393\" target=\"_blank\" rel=\"noopener\">\n<strong>on this link<\/strong><\/a> .\n<br \/>\n<br \/>Free entry, subject to pre-registration at&nbsp; \n<strong>\n<a href=\"http:\/\/www.tinyurl.com\/fiscalidade\" target=\"_blank\" rel=\"noopener\">&nbsp;www.tinyurl.com\/fiscalidade&nbsp;&nbsp;<\/a><\/strong><\/p>\n<p>\n  <strong>\n  <br \/> \n  <a href=\"https:\/\/www.iseg.ulisboa.pt\/en\/aquila\/getFile.do\/?method=getFile&amp;fileId=989995\" target=\"_blank\" rel=\"noopener\">Poster (pdf)<\/a><\/strong>\n<\/p>\n<p>\n  \t\t\r\n\t\t<figure class=\"wp-block-image size-large\"><img loading=\"lazy\" decoding=\"async\" width=\"3508\" height=\"4961\" src=\"https:\/\/www.iseg.ulisboa.pt\/wp-content\/uploads\/2021\/01\/cartaz-01-1.png\" alt=\"\" class=\"wp-image-5985\" srcset=\"https:\/\/www.iseg.ulisboa.pt\/wp-content\/uploads\/2021\/01\/cartaz-01-1.png 3508w, https:\/\/www.iseg.ulisboa.pt\/wp-content\/uploads\/2021\/01\/cartaz-01-1-212x300.png 212w, https:\/\/www.iseg.ulisboa.pt\/wp-content\/uploads\/2021\/01\/cartaz-01-1-1086x1536.png 1086w, https:\/\/www.iseg.ulisboa.pt\/wp-content\/uploads\/2021\/01\/cartaz-01-1-1448x2048.png 1448w\" sizes=\"(max-width: 3508px) 100vw, 3508px\" \/><\/figure>\r\n\t\t\r\n\r\n\t\n<\/p>","protected":false},"excerpt":{"rendered":"November 8, at 5:30 p.m., in the CGD Auditorium (Ed. Quelhas, 2nd floor). The seminar will be attended by the Secretary of State for Tax Affairs, Ant\u00f3nio Mendon\u00e7a Mendes. Free admission, subject to pre-registration at\n www.tinyurl.com\/fiscalidade\u00a0","protected":false},"featured_media":0,"template":"","topic":[1401],"event_type":[1155],"acf":[],"yoast_head":"<!-- This site is optimized with the Yoast SEO plugin v22.6 - https:\/\/yoast.com\/wordpress\/plugins\/seo\/ -->\n<title>Semin\u00e1rio | A Fiscalidade como Factor Impulsionador do Desenvolvimento Econ\u00f3mico - ISEG<\/title>\n<meta name=\"robots\" content=\"index, follow, max-snippet:-1, max-image-preview:large, max-video-preview:-1\" \/>\n<link rel=\"canonical\" href=\"https:\/\/www.iseg.ulisboa.pt\/en\/event\/seminar-on-taxation-as-a-driver-of-economic-development\/\" \/>\n<meta name=\"twitter:label1\" content=\"Est. reading time\" \/>\n\t<meta name=\"twitter:data1\" content=\"1 minute\" \/>\n<script type=\"application\/ld+json\" class=\"yoast-schema-graph\">{\"@context\":\"https:\/\/schema.org\",\"@graph\":[{\"@type\":\"WebPage\",\"@id\":\"https:\/\/www.iseg.ulisboa.pt\/en\/event\/seminar-on-taxation-as-a-driver-of-economic-development\/\",\"url\":\"https:\/\/www.iseg.ulisboa.pt\/en\/event\/seminar-on-taxation-as-a-driver-of-economic-development\/\",\"name\":\"Semin\u00e1rio | A Fiscalidade como Factor Impulsionador do Desenvolvimento Econ\u00f3mico - ISEG\",\"isPartOf\":{\"@id\":\"https:\/\/www.iseg.ulisboa.pt\/en\/#website\"},\"primaryImageOfPage\":{\"@id\":\"https:\/\/www.iseg.ulisboa.pt\/en\/event\/seminar-on-taxation-as-a-driver-of-economic-development\/#primaryimage\"},\"image\":{\"@id\":\"https:\/\/www.iseg.ulisboa.pt\/en\/event\/seminar-on-taxation-as-a-driver-of-economic-development\/#primaryimage\"},\"thumbnailUrl\":\"https:\/\/www.iseg.ulisboa.pt\/wp-content\/uploads\/2021\/01\/cartaz-01-1.png\",\"datePublished\":\"2017-11-08T17:30:00+00:00\",\"dateModified\":\"2017-11-08T17:30:00+00:00\",\"breadcrumb\":{\"@id\":\"https:\/\/www.iseg.ulisboa.pt\/en\/event\/seminar-on-taxation-as-a-driver-of-economic-development\/#breadcrumb\"},\"inLanguage\":\"en-US\",\"potentialAction\":[{\"@type\":\"ReadAction\",\"target\":[\"https:\/\/www.iseg.ulisboa.pt\/en\/event\/seminar-on-taxation-as-a-driver-of-economic-development\/\"]}]},{\"@type\":\"ImageObject\",\"inLanguage\":\"en-US\",\"@id\":\"https:\/\/www.iseg.ulisboa.pt\/en\/event\/seminar-on-taxation-as-a-driver-of-economic-development\/#primaryimage\",\"url\":\"https:\/\/www.iseg.ulisboa.pt\/wp-content\/uploads\/2021\/01\/cartaz-01-1.png\",\"contentUrl\":\"https:\/\/www.iseg.ulisboa.pt\/wp-content\/uploads\/2021\/01\/cartaz-01-1.png\"},{\"@type\":\"BreadcrumbList\",\"@id\":\"https:\/\/www.iseg.ulisboa.pt\/en\/event\/seminar-on-taxation-as-a-driver-of-economic-development\/#breadcrumb\",\"itemListElement\":[{\"@type\":\"ListItem\",\"position\":1,\"name\":\"Home\",\"item\":\"https:\/\/www.iseg.ulisboa.pt\/\"},{\"@type\":\"ListItem\",\"position\":2,\"name\":\"Semin\u00e1rio | A Fiscalidade como Factor Impulsionador do Desenvolvimento Econ\u00f3mico\"}]},{\"@type\":\"WebSite\",\"@id\":\"https:\/\/www.iseg.ulisboa.pt\/en\/#website\",\"url\":\"https:\/\/www.iseg.ulisboa.pt\/en\/\",\"name\":\"ISEG\",\"description\":\"Lisbon School of Economics &amp; Management\",\"publisher\":{\"@id\":\"https:\/\/www.iseg.ulisboa.pt\/en\/#organization\"},\"potentialAction\":[{\"@type\":\"SearchAction\",\"target\":{\"@type\":\"EntryPoint\",\"urlTemplate\":\"https:\/\/www.iseg.ulisboa.pt\/en\/?s={search_term_string}\"},\"query-input\":\"required name=search_term_string\"}],\"inLanguage\":\"en-US\"},{\"@type\":\"Organization\",\"@id\":\"https:\/\/www.iseg.ulisboa.pt\/en\/#organization\",\"name\":\"ISEG\",\"url\":\"https:\/\/www.iseg.ulisboa.pt\/en\/\",\"logo\":{\"@type\":\"ImageObject\",\"inLanguage\":\"en-US\",\"@id\":\"https:\/\/www.iseg.ulisboa.pt\/en\/#\/schema\/logo\/image\/\",\"url\":\"https:\/\/www.iseg.ulisboa.pt\/wp-content\/uploads\/2021\/02\/iseg-logo-ul.svg\",\"contentUrl\":\"https:\/\/www.iseg.ulisboa.pt\/wp-content\/uploads\/2021\/02\/iseg-logo-ul.svg\",\"width\":250,\"height\":120,\"caption\":\"ISEG\"},\"image\":{\"@id\":\"https:\/\/www.iseg.ulisboa.pt\/en\/#\/schema\/logo\/image\/\"},\"sameAs\":[\"https:\/\/www.facebook.com\/iseg.pt\",\"https:\/\/x.com\/iseglisbon\",\"https:\/\/www.instagram.com\/iseglisbon\/\",\"https:\/\/www.linkedin.com\/school\/iseglisbon\/\",\"https:\/\/www.youtube.com\/user\/DMREISEG\"]}]}<\/script>\n<!-- \/ Yoast SEO plugin. -->","yoast_head_json":{"title":"Seminar | Taxation as a Driver of Economic Development - ISEG","robots":{"index":"index","follow":"follow","max-snippet":"max-snippet:-1","max-image-preview":"max-image-preview:large","max-video-preview":"max-video-preview:-1"},"canonical":"https:\/\/www.iseg.ulisboa.pt\/en\/event\/seminar-on-taxation-as-a-driver-of-economic-development\/","twitter_misc":{"Est. reading time":"1 minute"},"schema":{"@context":"https:\/\/schema.org","@graph":[{"@type":"WebPage","@id":"https:\/\/www.iseg.ulisboa.pt\/en\/event\/seminar-on-taxation-as-a-driver-of-economic-development\/","url":"https:\/\/www.iseg.ulisboa.pt\/en\/event\/seminar-on-taxation-as-a-driver-of-economic-development\/","name":"Seminar | Taxation as a Driver of Economic Development - ISEG","isPartOf":{"@id":"https:\/\/www.iseg.ulisboa.pt\/en\/#website"},"primaryImageOfPage":{"@id":"https:\/\/www.iseg.ulisboa.pt\/en\/event\/seminar-on-taxation-as-a-driver-of-economic-development\/#primaryimage"},"image":{"@id":"https:\/\/www.iseg.ulisboa.pt\/en\/event\/seminar-on-taxation-as-a-driver-of-economic-development\/#primaryimage"},"thumbnailUrl":"https:\/\/www.iseg.ulisboa.pt\/wp-content\/uploads\/2021\/01\/cartaz-01-1.png","datePublished":"2017-11-08T17:30:00+00:00","dateModified":"2017-11-08T17:30:00+00:00","breadcrumb":{"@id":"https:\/\/www.iseg.ulisboa.pt\/en\/event\/seminar-on-taxation-as-a-driver-of-economic-development\/#breadcrumb"},"inLanguage":"en-US","potentialAction":[{"@type":"ReadAction","target":["https:\/\/www.iseg.ulisboa.pt\/en\/event\/seminar-on-taxation-as-a-driver-of-economic-development\/"]}]},{"@type":"ImageObject","inLanguage":"en-US","@id":"https:\/\/www.iseg.ulisboa.pt\/en\/event\/seminar-on-taxation-as-a-driver-of-economic-development\/#primaryimage","url":"https:\/\/www.iseg.ulisboa.pt\/wp-content\/uploads\/2021\/01\/cartaz-01-1.png","contentUrl":"https:\/\/www.iseg.ulisboa.pt\/wp-content\/uploads\/2021\/01\/cartaz-01-1.png"},{"@type":"BreadcrumbList","@id":"https:\/\/www.iseg.ulisboa.pt\/en\/event\/seminar-on-taxation-as-a-driver-of-economic-development\/#breadcrumb","itemListElement":[{"@type":"ListItem","position":1,"name":"Home","item":"https:\/\/www.iseg.ulisboa.pt\/"},{"@type":"ListItem","position":2,"name":"Semin\u00e1rio | A Fiscalidade como Factor Impulsionador do Desenvolvimento Econ\u00f3mico"}]},{"@type":"WebSite","@id":"https:\/\/www.iseg.ulisboa.pt\/en\/#website","url":"https:\/\/www.iseg.ulisboa.pt\/en\/","name":"ISEG","description":"Lisbon School of Economics &amp; Management","publisher":{"@id":"https:\/\/www.iseg.ulisboa.pt\/en\/#organization"},"potentialAction":[{"@type":"SearchAction","target":{"@type":"EntryPoint","urlTemplate":"https:\/\/www.iseg.ulisboa.pt\/en\/?s={search_term_string}"},"query-input":"required name=search_term_string"}],"inLanguage":"en-US"},{"@type":"Organization","@id":"https:\/\/www.iseg.ulisboa.pt\/en\/#organization","name":"ISEG","url":"https:\/\/www.iseg.ulisboa.pt\/en\/","logo":{"@type":"ImageObject","inLanguage":"en-US","@id":"https:\/\/www.iseg.ulisboa.pt\/en\/#\/schema\/logo\/image\/","url":"https:\/\/www.iseg.ulisboa.pt\/wp-content\/uploads\/2021\/02\/iseg-logo-ul.svg","contentUrl":"https:\/\/www.iseg.ulisboa.pt\/wp-content\/uploads\/2021\/02\/iseg-logo-ul.svg","width":250,"height":120,"caption":"ISEG"},"image":{"@id":"https:\/\/www.iseg.ulisboa.pt\/en\/#\/schema\/logo\/image\/"},"sameAs":["https:\/\/www.facebook.com\/iseg.pt","https:\/\/x.com\/iseglisbon","https:\/\/www.instagram.com\/iseglisbon\/","https:\/\/www.linkedin.com\/school\/iseglisbon\/","https:\/\/www.youtube.com\/user\/DMREISEG"]}]}},"uagb_featured_image_src":{"full":false,"thumbnail":false,"medium":false,"medium_large":false,"large":false,"1536x1536":false,"2048x2048":false,"trp-custom-language-flag":false},"uagb_author_info":{"display_name":"gomo","author_link":"https:\/\/www.iseg.ulisboa.pt\/en\/author\/"},"uagb_comment_info":0,"uagb_excerpt":"Dia 8 de novembro,\u00a0pelas 17h30, no Audit\u00f3rio CGD (Ed. Quelhas, 2\u00ba piso). O semin\u00e1rio conta com a participa\u00e7\u00e3o do Secret\u00e1rio de Estado dos Assuntos Fiscais, Ant\u00f3nio Mendon\u00e7a Mendes. Entrada gratuita, sujeita a pr\u00e9-inscri\u00e7\u00e3o em\u00a0 \u00a0www.tinyurl.com\/fiscalidade\u00a0","_links":{"self":[{"href":"https:\/\/www.iseg.ulisboa.pt\/en\/wp-json\/wp\/v2\/event\/12652"}],"collection":[{"href":"https:\/\/www.iseg.ulisboa.pt\/en\/wp-json\/wp\/v2\/event"}],"about":[{"href":"https:\/\/www.iseg.ulisboa.pt\/en\/wp-json\/wp\/v2\/types\/event"}],"version-history":[{"count":0,"href":"https:\/\/www.iseg.ulisboa.pt\/en\/wp-json\/wp\/v2\/event\/12652\/revisions"}],"wp:attachment":[{"href":"https:\/\/www.iseg.ulisboa.pt\/en\/wp-json\/wp\/v2\/media?parent=12652"}],"wp:term":[{"taxonomy":"topic","embeddable":true,"href":"https:\/\/www.iseg.ulisboa.pt\/en\/wp-json\/wp\/v2\/topic?post=12652"},{"taxonomy":"event_type","embeddable":true,"href":"https:\/\/www.iseg.ulisboa.pt\/en\/wp-json\/wp\/v2\/event_type?post=12652"}],"curies":[{"name":"wp","href":"https:\/\/api.w.org\/{rel}","templated":true}]}}

<p>On November 8, a seminar will be held within the scope of the Master in Accounting, Taxation and Corporate Finance of ISEG on " 
<strong>Taxation as a Driver of Economic Development</strong>", at 17h30, in the CGD Auditorium (Ed. Quelhas, 2nd floor).
<br />
<br />The seminar will be attended by 
<em>State Secretary for Fiscal Affairs</em>, 
<strong>António Mendonça Mendes</strong>, and also of 
<strong>Professor Eduardo Couto</strong> ( 
<em>Vice-President of ISEG and Coordinator of the Master's Degree in Accounting, Taxation and Corporate Finance at ISEG.</em>), 
<strong>Jaime Esteves</strong> ( 
<em>partner and head of the Tax Division of PricewaterhouseCoopers, Portugal</em>, 
<em>Cape Verde and Angol</em>a), 
<strong>Renato Carreira</strong> ( 
<em>Partner of Deloitte's Tax Division, Portugal</em>), 
<strong>Professor António Samagaio</strong> ( 
<em>Assistant Professor at ISEG and Chartered Accountant</em>).&nbsp;</p>
<p>
<br />See the seminar program 
<a href="https://www.iseg.ulisboa.pt/en/aquila/getFile.do/?method=getFile&amp;fileId=990393" target="_blank" rel="noopener">
<strong>on this link</strong></a> .
<br />
<br />Free entry, subject to pre-registration at&nbsp; 
<strong>
<a href="http://www.tinyurl.com/fiscalidade" target="_blank" rel="noopener">&nbsp;www.tinyurl.com/fiscalidade&nbsp;&nbsp;</a></strong></p>
<p>
  <strong>
  <br /> 
  <a href="https://www.iseg.ulisboa.pt/en/aquila/getFile.do/?method=getFile&amp;fileId=989995" target="_blank" rel="noopener">Poster (pdf)</a></strong>
</p>
<p>
  		
		<figure class="wp-block-image size-large"><img loading="lazy" decoding="async" width="3508" height="4961" src="https://www.iseg.ulisboa.pt/wp-content/uploads/2021/01/cartaz-01-1.png" alt="" class="wp-image-5985" srcset="https://www.iseg.ulisboa.pt/wp-content/uploads/2021/01/cartaz-01-1.png 3508w, https://www.iseg.ulisboa.pt/wp-content/uploads/2021/01/cartaz-01-1-212x300.png 212w, https://www.iseg.ulisboa.pt/wp-content/uploads/2021/01/cartaz-01-1-1086x1536.png 1086w, https://www.iseg.ulisboa.pt/wp-content/uploads/2021/01/cartaz-01-1-1448x2048.png 1448w" sizes="(max-width: 3508px) 100vw, 3508px" /></figure>
		

	
</p>

November 8, at 5:30 p.m., in the CGD Auditorium (Ed. Quelhas, 2nd floor). The seminar will be attended by the Secretary of State for Tax Affairs, António Mendonça Mendes. Free admission, subject to pre-registration at
 www.tinyurl.com/fiscalidade

<!-- This site is optimized with the Yoast SEO plugin v22.6 - https://yoast.com/wordpress/plugins/seo/ -->
<title>Seminário | A Fiscalidade como Factor Impulsionador do Desenvolvimento Económico - ISEG</title>
<meta name="robots" content="index, follow, max-snippet:-1, max-image-preview:large, max-video-preview:-1" />
<link rel="canonical" href="https://www.iseg.ulisboa.pt/en/event/seminar-on-taxation-as-a-driver-of-economic-development/" />
<meta name="twitter:label1" content="Est. reading time" />
	<meta name="twitter:data1" content="1 minute" />
<script type="application/ld+json" class="yoast-schema-graph">{"@context":"https://schema.org","@graph":[{"@type":"WebPage","@id":"https://www.iseg.ulisboa.pt/en/event/seminar-on-taxation-as-a-driver-of-economic-development/","url":"https://www.iseg.ulisboa.pt/en/event/seminar-on-taxation-as-a-driver-of-economic-development/","name":"Seminário | A Fiscalidade como Factor Impulsionador do Desenvolvimento Económico - ISEG","isPartOf":{"@id":"https://www.iseg.ulisboa.pt/en/#website"},"primaryImageOfPage":{"@id":"https://www.iseg.ulisboa.pt/en/event/seminar-on-taxation-as-a-driver-of-economic-development/#primaryimage"},"image":{"@id":"https://www.iseg.ulisboa.pt/en/event/seminar-on-taxation-as-a-driver-of-economic-development/#primaryimage"},"thumbnailUrl":"https://www.iseg.ulisboa.pt/wp-content/uploads/2021/01/cartaz-01-1.png","datePublished":"2017-11-08T17:30:00+00:00","dateModified":"2017-11-08T17:30:00+00:00","breadcrumb":{"@id":"https://www.iseg.ulisboa.pt/en/event/seminar-on-taxation-as-a-driver-of-economic-development/#breadcrumb"},"inLanguage":"en-US","potentialAction":[{"@type":"ReadAction","target":["https://www.iseg.ulisboa.pt/en/event/seminar-on-taxation-as-a-driver-of-economic-development/"]}]},{"@type":"ImageObject","inLanguage":"en-US","@id":"https://www.iseg.ulisboa.pt/en/event/seminar-on-taxation-as-a-driver-of-economic-development/#primaryimage","url":"https://www.iseg.ulisboa.pt/wp-content/uploads/2021/01/cartaz-01-1.png","contentUrl":"https://www.iseg.ulisboa.pt/wp-content/uploads/2021/01/cartaz-01-1.png"},{"@type":"BreadcrumbList","@id":"https://www.iseg.ulisboa.pt/en/event/seminar-on-taxation-as-a-driver-of-economic-development/#breadcrumb","itemListElement":[{"@type":"ListItem","position":1,"name":"Home","item":"https://www.iseg.ulisboa.pt/"},{"@type":"ListItem","position":2,"name":"Seminário | A Fiscalidade como Factor Impulsionador do Desenvolvimento Económico"}]},{"@type":"WebSite","@id":"https://www.iseg.ulisboa.pt/en/#website","url":"https://www.iseg.ulisboa.pt/en/","name":"ISEG","description":"Lisbon School of Economics &amp; Management","publisher":{"@id":"https://www.iseg.ulisboa.pt/en/#organization"},"potentialAction":[{"@type":"SearchAction","target":{"@type":"EntryPoint","urlTemplate":"https://www.iseg.ulisboa.pt/en/?s={search_term_string}"},"query-input":"required name=search_term_string"}],"inLanguage":"en-US"},{"@type":"Organization","@id":"https://www.iseg.ulisboa.pt/en/#organization","name":"ISEG","url":"https://www.iseg.ulisboa.pt/en/","logo":{"@type":"ImageObject","inLanguage":"en-US","@id":"https://www.iseg.ulisboa.pt/en/#/schema/logo/image/","url":"https://www.iseg.ulisboa.pt/wp-content/uploads/2021/02/iseg-logo-ul.svg","contentUrl":"https://www.iseg.ulisboa.pt/wp-content/uploads/2021/02/iseg-logo-ul.svg","width":250,"height":120,"caption":"ISEG"},"image":{"@id":"https://www.iseg.ulisboa.pt/en/#/schema/logo/image/"},"sameAs":["https://www.facebook.com/iseg.pt","https://x.com/iseglisbon","https://www.instagram.com/iseglisbon/","https://www.linkedin.com/school/iseglisbon/","https://www.youtube.com/user/DMREISEG"]}]}</script>
<!-- / Yoast SEO plugin. -->

Seminário | A Fiscalidade como Factor Impulsionador do Desenvolvimento Económico

Dia 8 de novembro, pelas 17h30, no Auditório CGD (Ed. Quelhas, 2º piso). O seminário conta com a participação do Secretário de Estado dos Assuntos Fiscais, António Mendonça Mendes. Entrada gratuita, sujeita a pré-inscrição em   www.tinyurl.com/fiscalidade
