{"id":12751,"date":"2017-07-06T10:00:00","date_gmt":"2017-07-06T10:00:00","guid":{"rendered":"https:\/\/iseg.gomo.dev\/event\/workshops-asepelt-2017\/"},"modified":"2017-07-06T10:00:00","modified_gmt":"2017-07-06T10:00:00","slug":"workshops-asepelt-2017","status":"publish","type":"event","link":"https:\/\/www.iseg.ulisboa.pt\/en\/event\/workshops-asepelt-2017\/","title":{"rendered":"WORKSHOPS | ASEPELT 2017"},"content":{"rendered":"<p>As part of the XXXI International Congress of Applied Economics - ASEPELT 2017, to be held at ISEG from July 5 to 8, two workshops are being held in parallel, the attendance of which is dependent on registration for the congress. In other words, you can register for one or both courses without being registered for the congress.&nbsp;\n<br \/>You can check the course fees&nbsp; \n<strong>\n<a href=\"http:\/\/asepelt2017.pcoleading.com\/?page=43\" target=\"_blank\" rel=\"noopener\">here<\/a><\/strong> .\n<br \/>\n<br \/> \n<strong>Registration at:<\/strong>&nbsp; \n<strong>\n<a href=\"http:\/\/asepelt2017.pcoleading.com\/forms\/index?menu=yes\" target=\"_blank\" rel=\"noopener\">http:\/\/asepelt2017.pcoleading.com\/forms\/index?menu=yes<\/a><\/strong><\/p>\n<p>\n  \t\t\r\n\t\t<figure class=\"wp-block-image size-large\"><img loading=\"lazy\" decoding=\"async\" width=\"715\" height=\"1011\" src=\"https:\/\/www.iseg.ulisboa.pt\/wp-content\/uploads\/2021\/01\/cartaz-cursos-ASEPELT-715.jpg\" alt=\"\" class=\"wp-image-6233\" srcset=\"https:\/\/www.iseg.ulisboa.pt\/wp-content\/uploads\/2021\/01\/cartaz-cursos-ASEPELT-715.jpg 715w, https:\/\/www.iseg.ulisboa.pt\/wp-content\/uploads\/2021\/01\/cartaz-cursos-ASEPELT-715-212x300.jpg 212w\" sizes=\"(max-width: 715px) 100vw, 715px\" \/><\/figure>\r\n\t\t\r\n\r\n\t\n<\/p>","protected":false},"excerpt":{"rendered":"As part of the 31st International Congress on Applied Economics \u2013 ASEPELT 2017, to be held at ISEG from July 5 to 8, two workshops will take place concurrently; attendance at these workshops is independent of registration for the congress.\u00a0In other words, you can register for one or both courses without being registered for the congress.\u00a0\u00a0\nYou can find the course fees   \nhere . \n\nRegister at:  \nhttp:\/\/asepelt2017.pcoleading.com\/forms\/index?menu=yes","protected":false},"featured_media":0,"template":"","topic":[],"event_type":[1151],"acf":{"start_date":"2017-07-06 10:00:00","end_date":"2017-07-07 00:00:00","venue":"ISEG","event_type":1151,"topic":false},"yoast_head":"<!-- This site is optimized with the Yoast SEO plugin v22.6 - https:\/\/yoast.com\/wordpress\/plugins\/seo\/ -->\n<title>WORKSHOPS | ASEPELT 2017 - ISEG<\/title>\n<meta name=\"robots\" content=\"index, follow, max-snippet:-1, max-image-preview:large, max-video-preview:-1\" \/>\n<link rel=\"canonical\" href=\"https:\/\/www.iseg.ulisboa.pt\/en\/event\/workshops-asepelt-2017\/\" \/>\n<script type=\"application\/ld+json\" class=\"yoast-schema-graph\">{\"@context\":\"https:\/\/schema.org\",\"@graph\":[{\"@type\":\"WebPage\",\"@id\":\"https:\/\/www.iseg.ulisboa.pt\/en\/event\/workshops-asepelt-2017\/\",\"url\":\"https:\/\/www.iseg.ulisboa.pt\/en\/event\/workshops-asepelt-2017\/\",\"name\":\"WORKSHOPS | ASEPELT 2017 - ISEG\",\"isPartOf\":{\"@id\":\"https:\/\/www.iseg.ulisboa.pt\/en\/#website\"},\"primaryImageOfPage\":{\"@id\":\"https:\/\/www.iseg.ulisboa.pt\/en\/event\/workshops-asepelt-2017\/#primaryimage\"},\"image\":{\"@id\":\"https:\/\/www.iseg.ulisboa.pt\/en\/event\/workshops-asepelt-2017\/#primaryimage\"},\"thumbnailUrl\":\"https:\/\/www.iseg.ulisboa.pt\/wp-content\/uploads\/2021\/01\/cartaz-cursos-ASEPELT-715.jpg\",\"datePublished\":\"2017-07-06T10:00:00+00:00\",\"dateModified\":\"2017-07-06T10:00:00+00:00\",\"breadcrumb\":{\"@id\":\"https:\/\/www.iseg.ulisboa.pt\/en\/event\/workshops-asepelt-2017\/#breadcrumb\"},\"inLanguage\":\"en-US\",\"potentialAction\":[{\"@type\":\"ReadAction\",\"target\":[\"https:\/\/www.iseg.ulisboa.pt\/en\/event\/workshops-asepelt-2017\/\"]}]},{\"@type\":\"ImageObject\",\"inLanguage\":\"en-US\",\"@id\":\"https:\/\/www.iseg.ulisboa.pt\/en\/event\/workshops-asepelt-2017\/#primaryimage\",\"url\":\"https:\/\/www.iseg.ulisboa.pt\/wp-content\/uploads\/2021\/01\/cartaz-cursos-ASEPELT-715.jpg\",\"contentUrl\":\"https:\/\/www.iseg.ulisboa.pt\/wp-content\/uploads\/2021\/01\/cartaz-cursos-ASEPELT-715.jpg\"},{\"@type\":\"BreadcrumbList\",\"@id\":\"https:\/\/www.iseg.ulisboa.pt\/en\/event\/workshops-asepelt-2017\/#breadcrumb\",\"itemListElement\":[{\"@type\":\"ListItem\",\"position\":1,\"name\":\"Home\",\"item\":\"https:\/\/www.iseg.ulisboa.pt\/\"},{\"@type\":\"ListItem\",\"position\":2,\"name\":\"WORKSHOPS | ASEPELT 2017\"}]},{\"@type\":\"WebSite\",\"@id\":\"https:\/\/www.iseg.ulisboa.pt\/en\/#website\",\"url\":\"https:\/\/www.iseg.ulisboa.pt\/en\/\",\"name\":\"ISEG\",\"description\":\"Lisbon School of Economics &amp; Management\",\"publisher\":{\"@id\":\"https:\/\/www.iseg.ulisboa.pt\/en\/#organization\"},\"potentialAction\":[{\"@type\":\"SearchAction\",\"target\":{\"@type\":\"EntryPoint\",\"urlTemplate\":\"https:\/\/www.iseg.ulisboa.pt\/en\/?s={search_term_string}\"},\"query-input\":\"required name=search_term_string\"}],\"inLanguage\":\"en-US\"},{\"@type\":\"Organization\",\"@id\":\"https:\/\/www.iseg.ulisboa.pt\/en\/#organization\",\"name\":\"ISEG\",\"url\":\"https:\/\/www.iseg.ulisboa.pt\/en\/\",\"logo\":{\"@type\":\"ImageObject\",\"inLanguage\":\"en-US\",\"@id\":\"https:\/\/www.iseg.ulisboa.pt\/en\/#\/schema\/logo\/image\/\",\"url\":\"https:\/\/www.iseg.ulisboa.pt\/wp-content\/uploads\/2021\/02\/iseg-logo-ul.svg\",\"contentUrl\":\"https:\/\/www.iseg.ulisboa.pt\/wp-content\/uploads\/2021\/02\/iseg-logo-ul.svg\",\"width\":250,\"height\":120,\"caption\":\"ISEG\"},\"image\":{\"@id\":\"https:\/\/www.iseg.ulisboa.pt\/en\/#\/schema\/logo\/image\/\"},\"sameAs\":[\"https:\/\/www.facebook.com\/iseg.pt\",\"https:\/\/x.com\/iseglisbon\",\"https:\/\/www.instagram.com\/iseglisbon\/\",\"https:\/\/www.linkedin.com\/school\/iseglisbon\/\",\"https:\/\/www.youtube.com\/user\/DMREISEG\"]}]}<\/script>\n<!-- \/ Yoast SEO plugin. -->","yoast_head_json":{"title":"WORKSHOPS | ASEPELT 2017 - ISEG","robots":{"index":"index","follow":"follow","max-snippet":"max-snippet:-1","max-image-preview":"max-image-preview:large","max-video-preview":"max-video-preview:-1"},"canonical":"https:\/\/www.iseg.ulisboa.pt\/en\/event\/workshops-asepelt-2017\/","schema":{"@context":"https:\/\/schema.org","@graph":[{"@type":"WebPage","@id":"https:\/\/www.iseg.ulisboa.pt\/en\/event\/workshops-asepelt-2017\/","url":"https:\/\/www.iseg.ulisboa.pt\/en\/event\/workshops-asepelt-2017\/","name":"WORKSHOPS | ASEPELT 2017 - ISEG","isPartOf":{"@id":"https:\/\/www.iseg.ulisboa.pt\/en\/#website"},"primaryImageOfPage":{"@id":"https:\/\/www.iseg.ulisboa.pt\/en\/event\/workshops-asepelt-2017\/#primaryimage"},"image":{"@id":"https:\/\/www.iseg.ulisboa.pt\/en\/event\/workshops-asepelt-2017\/#primaryimage"},"thumbnailUrl":"https:\/\/www.iseg.ulisboa.pt\/wp-content\/uploads\/2021\/01\/cartaz-cursos-ASEPELT-715.jpg","datePublished":"2017-07-06T10:00:00+00:00","dateModified":"2017-07-06T10:00:00+00:00","breadcrumb":{"@id":"https:\/\/www.iseg.ulisboa.pt\/en\/event\/workshops-asepelt-2017\/#breadcrumb"},"inLanguage":"en-US","potentialAction":[{"@type":"ReadAction","target":["https:\/\/www.iseg.ulisboa.pt\/en\/event\/workshops-asepelt-2017\/"]}]},{"@type":"ImageObject","inLanguage":"en-US","@id":"https:\/\/www.iseg.ulisboa.pt\/en\/event\/workshops-asepelt-2017\/#primaryimage","url":"https:\/\/www.iseg.ulisboa.pt\/wp-content\/uploads\/2021\/01\/cartaz-cursos-ASEPELT-715.jpg","contentUrl":"https:\/\/www.iseg.ulisboa.pt\/wp-content\/uploads\/2021\/01\/cartaz-cursos-ASEPELT-715.jpg"},{"@type":"BreadcrumbList","@id":"https:\/\/www.iseg.ulisboa.pt\/en\/event\/workshops-asepelt-2017\/#breadcrumb","itemListElement":[{"@type":"ListItem","position":1,"name":"Home","item":"https:\/\/www.iseg.ulisboa.pt\/"},{"@type":"ListItem","position":2,"name":"WORKSHOPS | ASEPELT 2017"}]},{"@type":"WebSite","@id":"https:\/\/www.iseg.ulisboa.pt\/en\/#website","url":"https:\/\/www.iseg.ulisboa.pt\/en\/","name":"ISEG","description":"Lisbon School of Economics &amp; Management","publisher":{"@id":"https:\/\/www.iseg.ulisboa.pt\/en\/#organization"},"potentialAction":[{"@type":"SearchAction","target":{"@type":"EntryPoint","urlTemplate":"https:\/\/www.iseg.ulisboa.pt\/en\/?s={search_term_string}"},"query-input":"required name=search_term_string"}],"inLanguage":"en-US"},{"@type":"Organization","@id":"https:\/\/www.iseg.ulisboa.pt\/en\/#organization","name":"ISEG","url":"https:\/\/www.iseg.ulisboa.pt\/en\/","logo":{"@type":"ImageObject","inLanguage":"en-US","@id":"https:\/\/www.iseg.ulisboa.pt\/en\/#\/schema\/logo\/image\/","url":"https:\/\/www.iseg.ulisboa.pt\/wp-content\/uploads\/2021\/02\/iseg-logo-ul.svg","contentUrl":"https:\/\/www.iseg.ulisboa.pt\/wp-content\/uploads\/2021\/02\/iseg-logo-ul.svg","width":250,"height":120,"caption":"ISEG"},"image":{"@id":"https:\/\/www.iseg.ulisboa.pt\/en\/#\/schema\/logo\/image\/"},"sameAs":["https:\/\/www.facebook.com\/iseg.pt","https:\/\/x.com\/iseglisbon","https:\/\/www.instagram.com\/iseglisbon\/","https:\/\/www.linkedin.com\/school\/iseglisbon\/","https:\/\/www.youtube.com\/user\/DMREISEG"]}]}},"uagb_featured_image_src":{"full":false,"thumbnail":false,"medium":false,"medium_large":false,"large":false,"1536x1536":false,"2048x2048":false,"trp-custom-language-flag":false},"uagb_author_info":{"display_name":"gomo","author_link":"https:\/\/www.iseg.ulisboa.pt\/en\/author\/"},"uagb_comment_info":0,"uagb_excerpt":"No \u00e2mbito do XXXI Congresso Internacional de Economia Aplicada - ASEPELT 2017, a realizar no ISEG de 5 a 8 de julho, decorrem em paralelo dois workshops, cuja frequ\u00eancia \u00e9 idendepente da inscri\u00e7\u00e3o no congresso.\u00a0Ou seja, pode inscrever-se num ou em ambos os cursos sem estar inscrito no congresso.\u00a0\u00a0 Pode consultar os pre\u00e7os de frequ\u00eancia&hellip;","_links":{"self":[{"href":"https:\/\/www.iseg.ulisboa.pt\/en\/wp-json\/wp\/v2\/event\/12751"}],"collection":[{"href":"https:\/\/www.iseg.ulisboa.pt\/en\/wp-json\/wp\/v2\/event"}],"about":[{"href":"https:\/\/www.iseg.ulisboa.pt\/en\/wp-json\/wp\/v2\/types\/event"}],"version-history":[{"count":0,"href":"https:\/\/www.iseg.ulisboa.pt\/en\/wp-json\/wp\/v2\/event\/12751\/revisions"}],"acf:term":[{"embeddable":true,"taxonomy":"event_type","href":"https:\/\/www.iseg.ulisboa.pt\/en\/wp-json\/wp\/v2\/event_type\/1151"}],"wp:attachment":[{"href":"https:\/\/www.iseg.ulisboa.pt\/en\/wp-json\/wp\/v2\/media?parent=12751"}],"wp:term":[{"taxonomy":"topic","embeddable":true,"href":"https:\/\/www.iseg.ulisboa.pt\/en\/wp-json\/wp\/v2\/topic?post=12751"},{"taxonomy":"event_type","embeddable":true,"href":"https:\/\/www.iseg.ulisboa.pt\/en\/wp-json\/wp\/v2\/event_type?post=12751"}],"curies":[{"name":"wp","href":"https:\/\/api.w.org\/{rel}","templated":true}]}}

No âmbito do XXXI Congresso Internacional de Economia Aplicada - ASEPELT 2017, a realizar no ISEG de 5 a 8 de julho, decorrem em paralelo dois workshops, cuja frequência é idendepente da inscrição no congresso. Ou seja, pode inscrever-se num ou em ambos os cursos sem estar inscrito no congresso.   Pode consultar os preços de frequência&hellip;
