{"id":13034,"date":"2016-12-16T13:30:00","date_gmt":"2016-12-16T13:30:00","guid":{"rendered":"https:\/\/iseg.gomo.dev\/event\/workshop-narrativas-do-oceano-indico-no-espaco-lusofono-goa\/"},"modified":"2016-12-16T13:30:00","modified_gmt":"2016-12-16T13:30:00","slug":"workshop-narratives-of-the-ocean-indigenous-space-lusophone-goa","status":"publish","type":"event","link":"https:\/\/www.iseg.ulisboa.pt\/en\/event\/workshop-narratives-of-the-ocean-indigenous-space-lusophone-goa\/","title":{"rendered":"Workshop | Indian Ocean Narratives in the Lusophone Space: Goa"},"content":{"rendered":"<p>On December 16, the \n<strong>Workshop \"Narratives of the Indian Ocean in the Lusophone Space: Goa\"<\/strong>, at 13h30, in the Novo Banco Amphitheater (Ed. Quelhas, 4th floor).\n<br \/>\n<br \/>This workshop, organized by CESA - Centre for Studies on Africa, Asia and Latin America, will be attended by the director of the documentary \"O outro\", Francisco Veres Machado.\n<br \/>\n<br \/>Free admission.\n<br \/>\n<br \/> \n<a href=\"https:\/\/www.iseg.ulisboa.pt\/en\/eagle\/getfile.do\/?method=getFile&amp;fileId=809865\" target=\"_blank\" rel=\"noopener\">\n<strong>Programme (pdf)<\/strong><\/a>\n<br \/>\n<br \/> \n<strong>\n<a href=\"https:\/\/www.iseg.ulisboa.pt\/en\/eagle\/getfile.do\/?method=getFile&amp;fileId=809864\" target=\"_blank\" rel=\"noopener\">Poster (pdf)<\/a><\/strong>\n<br \/> \n\t\t\r\n\t\t<figure class=\"wp-block-image size-large\"><img loading=\"lazy\" decoding=\"async\" width=\"1810\" height=\"2560\" src=\"https:\/\/www.iseg.ulisboa.pt\/wp-content\/uploads\/2021\/01\/CARTAZ2_workshop_REV1-scaled.jpg\" alt=\"\" class=\"wp-image-6580\" srcset=\"https:\/\/www.iseg.ulisboa.pt\/wp-content\/uploads\/2021\/01\/CARTAZ2_workshop_REV1-scaled.jpg 1810w, https:\/\/www.iseg.ulisboa.pt\/wp-content\/uploads\/2021\/01\/CARTAZ2_workshop_REV1-212x300.jpg 212w, https:\/\/www.iseg.ulisboa.pt\/wp-content\/uploads\/2021\/01\/CARTAZ2_workshop_REV1-1086x1536.jpg 1086w, https:\/\/www.iseg.ulisboa.pt\/wp-content\/uploads\/2021\/01\/CARTAZ2_workshop_REV1-1448x2048.jpg 1448w\" sizes=\"(max-width: 1810px) 100vw, 1810px\" \/><\/figure>","protected":false},"excerpt":{"rendered":"December 16th, at 13h30,\nat the Novo Banco Amphitheater (Ed. Quelhas, 4th floor).  \nWith the presence of the director of the documentary \"O outro\", Francisco Veres Machado. Free admission.","protected":false},"featured_media":0,"template":"","topic":[],"event_type":[1151],"acf":{"start_date":"2016-12-16 13:30:00","end_date":"2016-12-16 17:45:00","venue":"Novo Banco","event_type":1151,"topic":false},"yoast_head":"<!-- This site is optimized with the Yoast SEO plugin v22.6 - https:\/\/yoast.com\/wordpress\/plugins\/seo\/ -->\n<title>Workshop | Narrativas do Oceano \u00cdndico no Espa\u00e7o Lus\u00f3fono: Goa - ISEG<\/title>\n<meta name=\"robots\" content=\"index, follow, max-snippet:-1, max-image-preview:large, max-video-preview:-1\" \/>\n<link rel=\"canonical\" href=\"https:\/\/www.iseg.ulisboa.pt\/en\/event\/workshop-narratives-of-the-ocean-indigenous-space-lusophone-goa\/\" \/>\n<script type=\"application\/ld+json\" class=\"yoast-schema-graph\">{\"@context\":\"https:\/\/schema.org\",\"@graph\":[{\"@type\":\"WebPage\",\"@id\":\"https:\/\/www.iseg.ulisboa.pt\/en\/event\/workshop-narratives-of-the-ocean-indigenous-space-lusophone-goa\/\",\"url\":\"https:\/\/www.iseg.ulisboa.pt\/en\/event\/workshop-narratives-of-the-ocean-indigenous-space-lusophone-goa\/\",\"name\":\"Workshop | Narrativas do Oceano \u00cdndico no Espa\u00e7o Lus\u00f3fono: Goa - ISEG\",\"isPartOf\":{\"@id\":\"https:\/\/www.iseg.ulisboa.pt\/en\/#website\"},\"primaryImageOfPage\":{\"@id\":\"https:\/\/www.iseg.ulisboa.pt\/en\/event\/workshop-narratives-of-the-ocean-indigenous-space-lusophone-goa\/#primaryimage\"},\"image\":{\"@id\":\"https:\/\/www.iseg.ulisboa.pt\/en\/event\/workshop-narratives-of-the-ocean-indigenous-space-lusophone-goa\/#primaryimage\"},\"thumbnailUrl\":\"https:\/\/www.iseg.ulisboa.pt\/wp-content\/uploads\/2021\/01\/CARTAZ2_workshop_REV1-scaled.jpg\",\"datePublished\":\"2016-12-16T13:30:00+00:00\",\"dateModified\":\"2016-12-16T13:30:00+00:00\",\"breadcrumb\":{\"@id\":\"https:\/\/www.iseg.ulisboa.pt\/en\/event\/workshop-narratives-of-the-ocean-indigenous-space-lusophone-goa\/#breadcrumb\"},\"inLanguage\":\"en-US\",\"potentialAction\":[{\"@type\":\"ReadAction\",\"target\":[\"https:\/\/www.iseg.ulisboa.pt\/en\/event\/workshop-narratives-of-the-ocean-indigenous-space-lusophone-goa\/\"]}]},{\"@type\":\"ImageObject\",\"inLanguage\":\"en-US\",\"@id\":\"https:\/\/www.iseg.ulisboa.pt\/en\/event\/workshop-narratives-of-the-ocean-indigenous-space-lusophone-goa\/#primaryimage\",\"url\":\"https:\/\/www.iseg.ulisboa.pt\/wp-content\/uploads\/2021\/01\/CARTAZ2_workshop_REV1-scaled.jpg\",\"contentUrl\":\"https:\/\/www.iseg.ulisboa.pt\/wp-content\/uploads\/2021\/01\/CARTAZ2_workshop_REV1-scaled.jpg\"},{\"@type\":\"BreadcrumbList\",\"@id\":\"https:\/\/www.iseg.ulisboa.pt\/en\/event\/workshop-narratives-of-the-ocean-indigenous-space-lusophone-goa\/#breadcrumb\",\"itemListElement\":[{\"@type\":\"ListItem\",\"position\":1,\"name\":\"Home\",\"item\":\"https:\/\/www.iseg.ulisboa.pt\/\"},{\"@type\":\"ListItem\",\"position\":2,\"name\":\"Workshop | Narrativas do Oceano \u00cdndico no Espa\u00e7o Lus\u00f3fono: Goa\"}]},{\"@type\":\"WebSite\",\"@id\":\"https:\/\/www.iseg.ulisboa.pt\/en\/#website\",\"url\":\"https:\/\/www.iseg.ulisboa.pt\/en\/\",\"name\":\"ISEG\",\"description\":\"Lisbon School of Economics &amp; Management\",\"publisher\":{\"@id\":\"https:\/\/www.iseg.ulisboa.pt\/en\/#organization\"},\"potentialAction\":[{\"@type\":\"SearchAction\",\"target\":{\"@type\":\"EntryPoint\",\"urlTemplate\":\"https:\/\/www.iseg.ulisboa.pt\/en\/?s={search_term_string}\"},\"query-input\":\"required name=search_term_string\"}],\"inLanguage\":\"en-US\"},{\"@type\":\"Organization\",\"@id\":\"https:\/\/www.iseg.ulisboa.pt\/en\/#organization\",\"name\":\"ISEG\",\"url\":\"https:\/\/www.iseg.ulisboa.pt\/en\/\",\"logo\":{\"@type\":\"ImageObject\",\"inLanguage\":\"en-US\",\"@id\":\"https:\/\/www.iseg.ulisboa.pt\/en\/#\/schema\/logo\/image\/\",\"url\":\"https:\/\/www.iseg.ulisboa.pt\/wp-content\/uploads\/2021\/02\/iseg-logo-ul.svg\",\"contentUrl\":\"https:\/\/www.iseg.ulisboa.pt\/wp-content\/uploads\/2021\/02\/iseg-logo-ul.svg\",\"width\":250,\"height\":120,\"caption\":\"ISEG\"},\"image\":{\"@id\":\"https:\/\/www.iseg.ulisboa.pt\/en\/#\/schema\/logo\/image\/\"},\"sameAs\":[\"https:\/\/www.facebook.com\/iseg.pt\",\"https:\/\/x.com\/iseglisbon\",\"https:\/\/www.instagram.com\/iseglisbon\/\",\"https:\/\/www.linkedin.com\/school\/iseglisbon\/\",\"https:\/\/www.youtube.com\/user\/DMREISEG\"]}]}<\/script>\n<!-- \/ Yoast SEO plugin. -->","yoast_head_json":{"title":"Workshop | Indian Ocean Narratives in the Lusophone Space: Goa - ISEG","robots":{"index":"index","follow":"follow","max-snippet":"max-snippet:-1","max-image-preview":"max-image-preview:large","max-video-preview":"max-video-preview:-1"},"canonical":"https:\/\/www.iseg.ulisboa.pt\/en\/event\/workshop-narratives-of-the-ocean-indigenous-space-lusophone-goa\/","schema":{"@context":"https:\/\/schema.org","@graph":[{"@type":"WebPage","@id":"https:\/\/www.iseg.ulisboa.pt\/en\/event\/workshop-narratives-of-the-ocean-indigenous-space-lusophone-goa\/","url":"https:\/\/www.iseg.ulisboa.pt\/en\/event\/workshop-narratives-of-the-ocean-indigenous-space-lusophone-goa\/","name":"Workshop | Indian Ocean Narratives in the Lusophone Space: Goa - ISEG","isPartOf":{"@id":"https:\/\/www.iseg.ulisboa.pt\/en\/#website"},"primaryImageOfPage":{"@id":"https:\/\/www.iseg.ulisboa.pt\/en\/event\/workshop-narratives-of-the-ocean-indigenous-space-lusophone-goa\/#primaryimage"},"image":{"@id":"https:\/\/www.iseg.ulisboa.pt\/en\/event\/workshop-narratives-of-the-ocean-indigenous-space-lusophone-goa\/#primaryimage"},"thumbnailUrl":"https:\/\/www.iseg.ulisboa.pt\/wp-content\/uploads\/2021\/01\/CARTAZ2_workshop_REV1-scaled.jpg","datePublished":"2016-12-16T13:30:00+00:00","dateModified":"2016-12-16T13:30:00+00:00","breadcrumb":{"@id":"https:\/\/www.iseg.ulisboa.pt\/en\/event\/workshop-narratives-of-the-ocean-indigenous-space-lusophone-goa\/#breadcrumb"},"inLanguage":"en-US","potentialAction":[{"@type":"ReadAction","target":["https:\/\/www.iseg.ulisboa.pt\/en\/event\/workshop-narratives-of-the-ocean-indigenous-space-lusophone-goa\/"]}]},{"@type":"ImageObject","inLanguage":"en-US","@id":"https:\/\/www.iseg.ulisboa.pt\/en\/event\/workshop-narratives-of-the-ocean-indigenous-space-lusophone-goa\/#primaryimage","url":"https:\/\/www.iseg.ulisboa.pt\/wp-content\/uploads\/2021\/01\/CARTAZ2_workshop_REV1-scaled.jpg","contentUrl":"https:\/\/www.iseg.ulisboa.pt\/wp-content\/uploads\/2021\/01\/CARTAZ2_workshop_REV1-scaled.jpg"},{"@type":"BreadcrumbList","@id":"https:\/\/www.iseg.ulisboa.pt\/en\/event\/workshop-narratives-of-the-ocean-indigenous-space-lusophone-goa\/#breadcrumb","itemListElement":[{"@type":"ListItem","position":1,"name":"Home","item":"https:\/\/www.iseg.ulisboa.pt\/"},{"@type":"ListItem","position":2,"name":"Workshop | Narrativas do Oceano \u00cdndico no Espa\u00e7o Lus\u00f3fono: Goa"}]},{"@type":"WebSite","@id":"https:\/\/www.iseg.ulisboa.pt\/en\/#website","url":"https:\/\/www.iseg.ulisboa.pt\/en\/","name":"ISEG","description":"Lisbon School of Economics &amp; Management","publisher":{"@id":"https:\/\/www.iseg.ulisboa.pt\/en\/#organization"},"potentialAction":[{"@type":"SearchAction","target":{"@type":"EntryPoint","urlTemplate":"https:\/\/www.iseg.ulisboa.pt\/en\/?s={search_term_string}"},"query-input":"required name=search_term_string"}],"inLanguage":"en-US"},{"@type":"Organization","@id":"https:\/\/www.iseg.ulisboa.pt\/en\/#organization","name":"ISEG","url":"https:\/\/www.iseg.ulisboa.pt\/en\/","logo":{"@type":"ImageObject","inLanguage":"en-US","@id":"https:\/\/www.iseg.ulisboa.pt\/en\/#\/schema\/logo\/image\/","url":"https:\/\/www.iseg.ulisboa.pt\/wp-content\/uploads\/2021\/02\/iseg-logo-ul.svg","contentUrl":"https:\/\/www.iseg.ulisboa.pt\/wp-content\/uploads\/2021\/02\/iseg-logo-ul.svg","width":250,"height":120,"caption":"ISEG"},"image":{"@id":"https:\/\/www.iseg.ulisboa.pt\/en\/#\/schema\/logo\/image\/"},"sameAs":["https:\/\/www.facebook.com\/iseg.pt","https:\/\/x.com\/iseglisbon","https:\/\/www.instagram.com\/iseglisbon\/","https:\/\/www.linkedin.com\/school\/iseglisbon\/","https:\/\/www.youtube.com\/user\/DMREISEG"]}]}},"uagb_featured_image_src":{"full":false,"thumbnail":false,"medium":false,"medium_large":false,"large":false,"1536x1536":false,"2048x2048":false,"trp-custom-language-flag":false},"uagb_author_info":{"display_name":"gomo","author_link":"https:\/\/www.iseg.ulisboa.pt\/en\/author\/"},"uagb_comment_info":0,"uagb_excerpt":"Dia 16 de dezembro, pelas 13h30,\u00a0 no Anfiteatro Novo Banco (Ed. Quelhas, 4\u00ba piso).\u00a0 Com a presen\u00e7a do realizador do document\u00e1rio \"O outro\", Francisco Veres Machado. Entrada livre.","_links":{"self":[{"href":"https:\/\/www.iseg.ulisboa.pt\/en\/wp-json\/wp\/v2\/event\/13034"}],"collection":[{"href":"https:\/\/www.iseg.ulisboa.pt\/en\/wp-json\/wp\/v2\/event"}],"about":[{"href":"https:\/\/www.iseg.ulisboa.pt\/en\/wp-json\/wp\/v2\/types\/event"}],"version-history":[{"count":0,"href":"https:\/\/www.iseg.ulisboa.pt\/en\/wp-json\/wp\/v2\/event\/13034\/revisions"}],"acf:term":[{"embeddable":true,"taxonomy":"event_type","href":"https:\/\/www.iseg.ulisboa.pt\/en\/wp-json\/wp\/v2\/event_type\/1151"}],"wp:attachment":[{"href":"https:\/\/www.iseg.ulisboa.pt\/en\/wp-json\/wp\/v2\/media?parent=13034"}],"wp:term":[{"taxonomy":"topic","embeddable":true,"href":"https:\/\/www.iseg.ulisboa.pt\/en\/wp-json\/wp\/v2\/topic?post=13034"},{"taxonomy":"event_type","embeddable":true,"href":"https:\/\/www.iseg.ulisboa.pt\/en\/wp-json\/wp\/v2\/event_type?post=13034"}],"curies":[{"name":"wp","href":"https:\/\/api.w.org\/{rel}","templated":true}]}}

<!-- This site is optimized with the Yoast SEO plugin v22.6 - https://yoast.com/wordpress/plugins/seo/ -->
<title>Workshop | Narrativas do Oceano Índico no Espaço Lusófono: Goa - ISEG</title>
<meta name="robots" content="index, follow, max-snippet:-1, max-image-preview:large, max-video-preview:-1" />
<link rel="canonical" href="https://www.iseg.ulisboa.pt/en/event/workshop-narratives-of-the-ocean-indigenous-space-lusophone-goa/" />
<script type="application/ld+json" class="yoast-schema-graph">{"@context":"https://schema.org","@graph":[{"@type":"WebPage","@id":"https://www.iseg.ulisboa.pt/en/event/workshop-narratives-of-the-ocean-indigenous-space-lusophone-goa/","url":"https://www.iseg.ulisboa.pt/en/event/workshop-narratives-of-the-ocean-indigenous-space-lusophone-goa/","name":"Workshop | Narrativas do Oceano Índico no Espaço Lusófono: Goa - ISEG","isPartOf":{"@id":"https://www.iseg.ulisboa.pt/en/#website"},"primaryImageOfPage":{"@id":"https://www.iseg.ulisboa.pt/en/event/workshop-narratives-of-the-ocean-indigenous-space-lusophone-goa/#primaryimage"},"image":{"@id":"https://www.iseg.ulisboa.pt/en/event/workshop-narratives-of-the-ocean-indigenous-space-lusophone-goa/#primaryimage"},"thumbnailUrl":"https://www.iseg.ulisboa.pt/wp-content/uploads/2021/01/CARTAZ2_workshop_REV1-scaled.jpg","datePublished":"2016-12-16T13:30:00+00:00","dateModified":"2016-12-16T13:30:00+00:00","breadcrumb":{"@id":"https://www.iseg.ulisboa.pt/en/event/workshop-narratives-of-the-ocean-indigenous-space-lusophone-goa/#breadcrumb"},"inLanguage":"en-US","potentialAction":[{"@type":"ReadAction","target":["https://www.iseg.ulisboa.pt/en/event/workshop-narratives-of-the-ocean-indigenous-space-lusophone-goa/"]}]},{"@type":"ImageObject","inLanguage":"en-US","@id":"https://www.iseg.ulisboa.pt/en/event/workshop-narratives-of-the-ocean-indigenous-space-lusophone-goa/#primaryimage","url":"https://www.iseg.ulisboa.pt/wp-content/uploads/2021/01/CARTAZ2_workshop_REV1-scaled.jpg","contentUrl":"https://www.iseg.ulisboa.pt/wp-content/uploads/2021/01/CARTAZ2_workshop_REV1-scaled.jpg"},{"@type":"BreadcrumbList","@id":"https://www.iseg.ulisboa.pt/en/event/workshop-narratives-of-the-ocean-indigenous-space-lusophone-goa/#breadcrumb","itemListElement":[{"@type":"ListItem","position":1,"name":"Home","item":"https://www.iseg.ulisboa.pt/"},{"@type":"ListItem","position":2,"name":"Workshop | Narrativas do Oceano Índico no Espaço Lusófono: Goa"}]},{"@type":"WebSite","@id":"https://www.iseg.ulisboa.pt/en/#website","url":"https://www.iseg.ulisboa.pt/en/","name":"ISEG","description":"Lisbon School of Economics &amp; Management","publisher":{"@id":"https://www.iseg.ulisboa.pt/en/#organization"},"potentialAction":[{"@type":"SearchAction","target":{"@type":"EntryPoint","urlTemplate":"https://www.iseg.ulisboa.pt/en/?s={search_term_string}"},"query-input":"required name=search_term_string"}],"inLanguage":"en-US"},{"@type":"Organization","@id":"https://www.iseg.ulisboa.pt/en/#organization","name":"ISEG","url":"https://www.iseg.ulisboa.pt/en/","logo":{"@type":"ImageObject","inLanguage":"en-US","@id":"https://www.iseg.ulisboa.pt/en/#/schema/logo/image/","url":"https://www.iseg.ulisboa.pt/wp-content/uploads/2021/02/iseg-logo-ul.svg","contentUrl":"https://www.iseg.ulisboa.pt/wp-content/uploads/2021/02/iseg-logo-ul.svg","width":250,"height":120,"caption":"ISEG"},"image":{"@id":"https://www.iseg.ulisboa.pt/en/#/schema/logo/image/"},"sameAs":["https://www.facebook.com/iseg.pt","https://x.com/iseglisbon","https://www.instagram.com/iseglisbon/","https://www.linkedin.com/school/iseglisbon/","https://www.youtube.com/user/DMREISEG"]}]}</script>
<!-- / Yoast SEO plugin. -->

Workshop | Narrativas do Oceano Índico no Espaço Lusófono: Goa

Dia 16 de dezembro, pelas 13h30,  no Anfiteatro Novo Banco (Ed. Quelhas, 4º piso).  Com a presença do realizador do documentário "O outro", Francisco Veres Machado. Entrada livre.
