{"id":13438,"date":"2015-12-16T09:30:00","date_gmt":"2015-12-16T09:30:00","guid":{"rendered":"https:\/\/iseg.gomo.dev\/event\/europa-2020-mais-participacao-melhor-governacao\/"},"modified":"2015-12-16T09:30:00","modified_gmt":"2015-12-16T09:30:00","slug":"europe-2020-more-participation-better-governance","status":"publish","type":"event","link":"https:\/\/www.iseg.ulisboa.pt\/en\/event\/europe-2020-more-participation-better-governance\/","title":{"rendered":"Europe 2020: More participation, better governance"},"content":{"rendered":"<table border=\"0\" cellspacing=\"0\" cellpadding=\"0\">\n  <tbody>\n    <tr>\n      <td>\n        <a title=\"See poster\" href=\"\/en\/eagle\/getfile.do\/?method=getFile&amp;fileId=637661\" target=\"_blank\" rel=\"noopener\">\n        \t\t\r\n\t\t<figure class=\"wp-block-image size-large\"><img loading=\"lazy\" decoding=\"async\" width=\"1654\" height=\"2339\" src=\"https:\/\/www.iseg.ulisboa.pt\/wp-content\/uploads\/2021\/01\/Cartaz-Seminario-EU2020_-16Dez2015_final.jpg\" alt=\"\" class=\"wp-image-7200\" srcset=\"https:\/\/www.iseg.ulisboa.pt\/wp-content\/uploads\/2021\/01\/Cartaz-Seminario-EU2020_-16Dez2015_final.jpg 1654w, https:\/\/www.iseg.ulisboa.pt\/wp-content\/uploads\/2021\/01\/Cartaz-Seminario-EU2020_-16Dez2015_final-212x300.jpg 212w, https:\/\/www.iseg.ulisboa.pt\/wp-content\/uploads\/2021\/01\/Cartaz-Seminario-EU2020_-16Dez2015_final-1086x1536.jpg 1086w, https:\/\/www.iseg.ulisboa.pt\/wp-content\/uploads\/2021\/01\/Cartaz-Seminario-EU2020_-16Dez2015_final-1448x2048.jpg 1448w\" sizes=\"(max-width: 1654px) 100vw, 1654px\" \/><\/figure>\r\n\t\t\r\n\r\n\t\n      <\/td>\n      <td>&nbsp;<\/td>\n      <td valign=\"top\">\n        <p>With the support of ISEG, FNGIS is organizing the \"Transnational Seminar: Europe 2020 - more participation, better governance\", which integrates a set of activities and follows on from workshops held previously and which will now be followed up with an exhibition, debate and participatory aspect. This initiative aims to create opportunities for participation around the capacity and possible contributions of organizations and citizens to influence an overarching strategy such as Europe 2020.\n        <br \/>\n        <br \/>In 2010 the EU launched the Europe 2020 Strategy to promote smart, sustainable and inclusive growth, basing it on 5 objectives. At a time when the revision of the Strategy is its greatest certainty, it is important to bring it to the public in more plural and effective ways than those that have been developed. \"Europe 2020 - more participation, better governance\" is a project that aims to respond to this challenge. Led by EAPN Portugal in close coordination with the Non-Governmental Forum for Social Inclusion (FNGIS) and its member organizations, this project arises from a pressing need to open the box of Europe 2020 and the European Semester and bring its contents to the knowledge and debate with civil society.<\/p>\n        <h6>\n          <strong>Registration is free but mandatory until December 11 to&nbsp; \n          <a href=\"mailto:geral@fngis.pt\">geral@fngis.pt<\/a>, full name, entity, telephone contact and email.\n          <br \/>\n          <br \/> \n          <a href=\"\/en\/eagle\/getfile.do\/?method=getFile&amp;fileId=637662\" target=\"_blank\" rel=\"noopener\">\n          <span>&gt; Program<\/span><\/a><\/strong>\n        <\/h6>\n      <\/td>\n    <\/tr>\n  <\/tbody>\n<\/table>","protected":false},"excerpt":{"rendered":"Transnational Seminar","protected":false},"featured_media":0,"template":"","topic":[],"event_type":[],"acf":{"start_date":"2015-12-16 09:30:00","end_date":"2015-12-16 17:30:00","venue":"Audit\u00f3rio 3, Edf. Quelhas","event_type":false,"topic":false},"yoast_head":"<!-- This site is optimized with the Yoast SEO plugin v22.6 - https:\/\/yoast.com\/wordpress\/plugins\/seo\/ -->\n<title>Europa 2020: Mais participa\u00e7\u00e3o, melhor governa\u00e7\u00e3o - ISEG<\/title>\n<meta name=\"robots\" content=\"index, follow, max-snippet:-1, max-image-preview:large, max-video-preview:-1\" \/>\n<link rel=\"canonical\" href=\"https:\/\/www.iseg.ulisboa.pt\/en\/event\/europe-2020-more-participation-better-governance\/\" \/>\n<meta name=\"twitter:label1\" content=\"Est. reading time\" \/>\n\t<meta name=\"twitter:data1\" content=\"1 minute\" \/>\n<script type=\"application\/ld+json\" class=\"yoast-schema-graph\">{\"@context\":\"https:\/\/schema.org\",\"@graph\":[{\"@type\":\"WebPage\",\"@id\":\"https:\/\/www.iseg.ulisboa.pt\/en\/event\/europe-2020-more-participation-better-governance\/\",\"url\":\"https:\/\/www.iseg.ulisboa.pt\/en\/event\/europe-2020-more-participation-better-governance\/\",\"name\":\"Europa 2020: Mais participa\u00e7\u00e3o, melhor governa\u00e7\u00e3o - ISEG\",\"isPartOf\":{\"@id\":\"https:\/\/www.iseg.ulisboa.pt\/en\/#website\"},\"primaryImageOfPage\":{\"@id\":\"https:\/\/www.iseg.ulisboa.pt\/en\/event\/europe-2020-more-participation-better-governance\/#primaryimage\"},\"image\":{\"@id\":\"https:\/\/www.iseg.ulisboa.pt\/en\/event\/europe-2020-more-participation-better-governance\/#primaryimage\"},\"thumbnailUrl\":\"https:\/\/www.iseg.ulisboa.pt\/wp-content\/uploads\/2021\/01\/Cartaz-Seminario-EU2020_-16Dez2015_final.jpg\",\"datePublished\":\"2015-12-16T09:30:00+00:00\",\"dateModified\":\"2015-12-16T09:30:00+00:00\",\"breadcrumb\":{\"@id\":\"https:\/\/www.iseg.ulisboa.pt\/en\/event\/europe-2020-more-participation-better-governance\/#breadcrumb\"},\"inLanguage\":\"en-US\",\"potentialAction\":[{\"@type\":\"ReadAction\",\"target\":[\"https:\/\/www.iseg.ulisboa.pt\/en\/event\/europe-2020-more-participation-better-governance\/\"]}]},{\"@type\":\"ImageObject\",\"inLanguage\":\"en-US\",\"@id\":\"https:\/\/www.iseg.ulisboa.pt\/en\/event\/europe-2020-more-participation-better-governance\/#primaryimage\",\"url\":\"https:\/\/www.iseg.ulisboa.pt\/wp-content\/uploads\/2021\/01\/Cartaz-Seminario-EU2020_-16Dez2015_final.jpg\",\"contentUrl\":\"https:\/\/www.iseg.ulisboa.pt\/wp-content\/uploads\/2021\/01\/Cartaz-Seminario-EU2020_-16Dez2015_final.jpg\"},{\"@type\":\"BreadcrumbList\",\"@id\":\"https:\/\/www.iseg.ulisboa.pt\/en\/event\/europe-2020-more-participation-better-governance\/#breadcrumb\",\"itemListElement\":[{\"@type\":\"ListItem\",\"position\":1,\"name\":\"Home\",\"item\":\"https:\/\/www.iseg.ulisboa.pt\/\"},{\"@type\":\"ListItem\",\"position\":2,\"name\":\"Europa 2020: Mais participa\u00e7\u00e3o, melhor governa\u00e7\u00e3o\"}]},{\"@type\":\"WebSite\",\"@id\":\"https:\/\/www.iseg.ulisboa.pt\/en\/#website\",\"url\":\"https:\/\/www.iseg.ulisboa.pt\/en\/\",\"name\":\"ISEG\",\"description\":\"Lisbon School of Economics &amp; Management\",\"publisher\":{\"@id\":\"https:\/\/www.iseg.ulisboa.pt\/en\/#organization\"},\"potentialAction\":[{\"@type\":\"SearchAction\",\"target\":{\"@type\":\"EntryPoint\",\"urlTemplate\":\"https:\/\/www.iseg.ulisboa.pt\/en\/?s={search_term_string}\"},\"query-input\":\"required name=search_term_string\"}],\"inLanguage\":\"en-US\"},{\"@type\":\"Organization\",\"@id\":\"https:\/\/www.iseg.ulisboa.pt\/en\/#organization\",\"name\":\"ISEG\",\"url\":\"https:\/\/www.iseg.ulisboa.pt\/en\/\",\"logo\":{\"@type\":\"ImageObject\",\"inLanguage\":\"en-US\",\"@id\":\"https:\/\/www.iseg.ulisboa.pt\/en\/#\/schema\/logo\/image\/\",\"url\":\"https:\/\/www.iseg.ulisboa.pt\/wp-content\/uploads\/2021\/02\/iseg-logo-ul.svg\",\"contentUrl\":\"https:\/\/www.iseg.ulisboa.pt\/wp-content\/uploads\/2021\/02\/iseg-logo-ul.svg\",\"width\":250,\"height\":120,\"caption\":\"ISEG\"},\"image\":{\"@id\":\"https:\/\/www.iseg.ulisboa.pt\/en\/#\/schema\/logo\/image\/\"},\"sameAs\":[\"https:\/\/www.facebook.com\/iseg.pt\",\"https:\/\/x.com\/iseglisbon\",\"https:\/\/www.instagram.com\/iseglisbon\/\",\"https:\/\/www.linkedin.com\/school\/iseglisbon\/\",\"https:\/\/www.youtube.com\/user\/DMREISEG\"]}]}<\/script>\n<!-- \/ Yoast SEO plugin. -->","yoast_head_json":{"title":"Europe 2020: More participation, better governance - ISEG","robots":{"index":"index","follow":"follow","max-snippet":"max-snippet:-1","max-image-preview":"max-image-preview:large","max-video-preview":"max-video-preview:-1"},"canonical":"https:\/\/www.iseg.ulisboa.pt\/en\/event\/europe-2020-more-participation-better-governance\/","twitter_misc":{"Est. reading time":"1 minute"},"schema":{"@context":"https:\/\/schema.org","@graph":[{"@type":"WebPage","@id":"https:\/\/www.iseg.ulisboa.pt\/en\/event\/europe-2020-more-participation-better-governance\/","url":"https:\/\/www.iseg.ulisboa.pt\/en\/event\/europe-2020-more-participation-better-governance\/","name":"Europe 2020: More participation, better governance - ISEG","isPartOf":{"@id":"https:\/\/www.iseg.ulisboa.pt\/en\/#website"},"primaryImageOfPage":{"@id":"https:\/\/www.iseg.ulisboa.pt\/en\/event\/europe-2020-more-participation-better-governance\/#primaryimage"},"image":{"@id":"https:\/\/www.iseg.ulisboa.pt\/en\/event\/europe-2020-more-participation-better-governance\/#primaryimage"},"thumbnailUrl":"https:\/\/www.iseg.ulisboa.pt\/wp-content\/uploads\/2021\/01\/Cartaz-Seminario-EU2020_-16Dez2015_final.jpg","datePublished":"2015-12-16T09:30:00+00:00","dateModified":"2015-12-16T09:30:00+00:00","breadcrumb":{"@id":"https:\/\/www.iseg.ulisboa.pt\/en\/event\/europe-2020-more-participation-better-governance\/#breadcrumb"},"inLanguage":"en-US","potentialAction":[{"@type":"ReadAction","target":["https:\/\/www.iseg.ulisboa.pt\/en\/event\/europe-2020-more-participation-better-governance\/"]}]},{"@type":"ImageObject","inLanguage":"en-US","@id":"https:\/\/www.iseg.ulisboa.pt\/en\/event\/europe-2020-more-participation-better-governance\/#primaryimage","url":"https:\/\/www.iseg.ulisboa.pt\/wp-content\/uploads\/2021\/01\/Cartaz-Seminario-EU2020_-16Dez2015_final.jpg","contentUrl":"https:\/\/www.iseg.ulisboa.pt\/wp-content\/uploads\/2021\/01\/Cartaz-Seminario-EU2020_-16Dez2015_final.jpg"},{"@type":"BreadcrumbList","@id":"https:\/\/www.iseg.ulisboa.pt\/en\/event\/europe-2020-more-participation-better-governance\/#breadcrumb","itemListElement":[{"@type":"ListItem","position":1,"name":"Home","item":"https:\/\/www.iseg.ulisboa.pt\/"},{"@type":"ListItem","position":2,"name":"Europa 2020: Mais participa\u00e7\u00e3o, melhor governa\u00e7\u00e3o"}]},{"@type":"WebSite","@id":"https:\/\/www.iseg.ulisboa.pt\/en\/#website","url":"https:\/\/www.iseg.ulisboa.pt\/en\/","name":"ISEG","description":"Lisbon School of Economics &amp; Management","publisher":{"@id":"https:\/\/www.iseg.ulisboa.pt\/en\/#organization"},"potentialAction":[{"@type":"SearchAction","target":{"@type":"EntryPoint","urlTemplate":"https:\/\/www.iseg.ulisboa.pt\/en\/?s={search_term_string}"},"query-input":"required name=search_term_string"}],"inLanguage":"en-US"},{"@type":"Organization","@id":"https:\/\/www.iseg.ulisboa.pt\/en\/#organization","name":"ISEG","url":"https:\/\/www.iseg.ulisboa.pt\/en\/","logo":{"@type":"ImageObject","inLanguage":"en-US","@id":"https:\/\/www.iseg.ulisboa.pt\/en\/#\/schema\/logo\/image\/","url":"https:\/\/www.iseg.ulisboa.pt\/wp-content\/uploads\/2021\/02\/iseg-logo-ul.svg","contentUrl":"https:\/\/www.iseg.ulisboa.pt\/wp-content\/uploads\/2021\/02\/iseg-logo-ul.svg","width":250,"height":120,"caption":"ISEG"},"image":{"@id":"https:\/\/www.iseg.ulisboa.pt\/en\/#\/schema\/logo\/image\/"},"sameAs":["https:\/\/www.facebook.com\/iseg.pt","https:\/\/x.com\/iseglisbon","https:\/\/www.instagram.com\/iseglisbon\/","https:\/\/www.linkedin.com\/school\/iseglisbon\/","https:\/\/www.youtube.com\/user\/DMREISEG"]}]}},"uagb_featured_image_src":{"full":false,"thumbnail":false,"medium":false,"medium_large":false,"large":false,"1536x1536":false,"2048x2048":false,"trp-custom-language-flag":false},"uagb_author_info":{"display_name":"gomo","author_link":"https:\/\/www.iseg.ulisboa.pt\/en\/author\/"},"uagb_comment_info":0,"uagb_excerpt":"Semin\u00e1rio Transnacional","_links":{"self":[{"href":"https:\/\/www.iseg.ulisboa.pt\/en\/wp-json\/wp\/v2\/event\/13438"}],"collection":[{"href":"https:\/\/www.iseg.ulisboa.pt\/en\/wp-json\/wp\/v2\/event"}],"about":[{"href":"https:\/\/www.iseg.ulisboa.pt\/en\/wp-json\/wp\/v2\/types\/event"}],"version-history":[{"count":0,"href":"https:\/\/www.iseg.ulisboa.pt\/en\/wp-json\/wp\/v2\/event\/13438\/revisions"}],"wp:attachment":[{"href":"https:\/\/www.iseg.ulisboa.pt\/en\/wp-json\/wp\/v2\/media?parent=13438"}],"wp:term":[{"taxonomy":"topic","embeddable":true,"href":"https:\/\/www.iseg.ulisboa.pt\/en\/wp-json\/wp\/v2\/topic?post=13438"},{"taxonomy":"event_type","embeddable":true,"href":"https:\/\/www.iseg.ulisboa.pt\/en\/wp-json\/wp\/v2\/event_type?post=13438"}],"curies":[{"name":"wp","href":"https:\/\/api.w.org\/{rel}","templated":true}]}}

Auditório 3, Edf. Quelhas

<!-- This site is optimized with the Yoast SEO plugin v22.6 - https://yoast.com/wordpress/plugins/seo/ -->
<title>Europa 2020: Mais participação, melhor governação - ISEG</title>
<meta name="robots" content="index, follow, max-snippet:-1, max-image-preview:large, max-video-preview:-1" />
<link rel="canonical" href="https://www.iseg.ulisboa.pt/en/event/europe-2020-more-participation-better-governance/" />
<meta name="twitter:label1" content="Est. reading time" />
	<meta name="twitter:data1" content="1 minute" />
<script type="application/ld+json" class="yoast-schema-graph">{"@context":"https://schema.org","@graph":[{"@type":"WebPage","@id":"https://www.iseg.ulisboa.pt/en/event/europe-2020-more-participation-better-governance/","url":"https://www.iseg.ulisboa.pt/en/event/europe-2020-more-participation-better-governance/","name":"Europa 2020: Mais participação, melhor governação - ISEG","isPartOf":{"@id":"https://www.iseg.ulisboa.pt/en/#website"},"primaryImageOfPage":{"@id":"https://www.iseg.ulisboa.pt/en/event/europe-2020-more-participation-better-governance/#primaryimage"},"image":{"@id":"https://www.iseg.ulisboa.pt/en/event/europe-2020-more-participation-better-governance/#primaryimage"},"thumbnailUrl":"https://www.iseg.ulisboa.pt/wp-content/uploads/2021/01/Cartaz-Seminario-EU2020_-16Dez2015_final.jpg","datePublished":"2015-12-16T09:30:00+00:00","dateModified":"2015-12-16T09:30:00+00:00","breadcrumb":{"@id":"https://www.iseg.ulisboa.pt/en/event/europe-2020-more-participation-better-governance/#breadcrumb"},"inLanguage":"en-US","potentialAction":[{"@type":"ReadAction","target":["https://www.iseg.ulisboa.pt/en/event/europe-2020-more-participation-better-governance/"]}]},{"@type":"ImageObject","inLanguage":"en-US","@id":"https://www.iseg.ulisboa.pt/en/event/europe-2020-more-participation-better-governance/#primaryimage","url":"https://www.iseg.ulisboa.pt/wp-content/uploads/2021/01/Cartaz-Seminario-EU2020_-16Dez2015_final.jpg","contentUrl":"https://www.iseg.ulisboa.pt/wp-content/uploads/2021/01/Cartaz-Seminario-EU2020_-16Dez2015_final.jpg"},{"@type":"BreadcrumbList","@id":"https://www.iseg.ulisboa.pt/en/event/europe-2020-more-participation-better-governance/#breadcrumb","itemListElement":[{"@type":"ListItem","position":1,"name":"Home","item":"https://www.iseg.ulisboa.pt/"},{"@type":"ListItem","position":2,"name":"Europa 2020: Mais participação, melhor governação"}]},{"@type":"WebSite","@id":"https://www.iseg.ulisboa.pt/en/#website","url":"https://www.iseg.ulisboa.pt/en/","name":"ISEG","description":"Lisbon School of Economics &amp; Management","publisher":{"@id":"https://www.iseg.ulisboa.pt/en/#organization"},"potentialAction":[{"@type":"SearchAction","target":{"@type":"EntryPoint","urlTemplate":"https://www.iseg.ulisboa.pt/en/?s={search_term_string}"},"query-input":"required name=search_term_string"}],"inLanguage":"en-US"},{"@type":"Organization","@id":"https://www.iseg.ulisboa.pt/en/#organization","name":"ISEG","url":"https://www.iseg.ulisboa.pt/en/","logo":{"@type":"ImageObject","inLanguage":"en-US","@id":"https://www.iseg.ulisboa.pt/en/#/schema/logo/image/","url":"https://www.iseg.ulisboa.pt/wp-content/uploads/2021/02/iseg-logo-ul.svg","contentUrl":"https://www.iseg.ulisboa.pt/wp-content/uploads/2021/02/iseg-logo-ul.svg","width":250,"height":120,"caption":"ISEG"},"image":{"@id":"https://www.iseg.ulisboa.pt/en/#/schema/logo/image/"},"sameAs":["https://www.facebook.com/iseg.pt","https://x.com/iseglisbon","https://www.instagram.com/iseglisbon/","https://www.linkedin.com/school/iseglisbon/","https://www.youtube.com/user/DMREISEG"]}]}</script>
<!-- / Yoast SEO plugin. -->

Europa 2020: Mais participação, melhor governação

Seminário Transnacional
