{"id":13574,"date":"2015-06-30T10:00:00","date_gmt":"2015-06-30T10:00:00","guid":{"rendered":"https:\/\/iseg.gomo.dev\/event\/sessao-de-apresentacao-do-workshop-lean-spark-iseg-2015\/"},"modified":"2015-06-30T10:00:00","modified_gmt":"2015-06-30T10:00:00","slug":"workshop-presentation-session-lean-spark-iseg-2015","status":"publish","type":"event","link":"https:\/\/www.iseg.ulisboa.pt\/en\/event\/workshop-presentation-session-lean-spark-iseg-2015\/","title":{"rendered":"Presentation Session of the Lean Spark ISEG Workshop 2015"},"content":{"rendered":"<h6>\n<span>Tomorrow,&nbsp;<\/span> \n<strong>30 June<\/strong> \n<span>will be held at ISEG on&nbsp;<\/span> \n<strong>Presentation Session of the Lean Spark ISEG Workshop 2015<\/strong> \n<span>, at&nbsp;<\/span> \n<strong>18.00<\/strong> \n<span>, in&nbsp;<\/span> \n<strong>Auditorium 2 (Quelhas building)<\/strong> \n<span>.<\/span>\n<br \/>\n<br \/> \n<span>Admission to the presentation session is&nbsp;<\/span> \n<strong>free, subject to&nbsp;<\/strong> \n<a href=\"http:\/\/goo.gl\/forms\/hSO2u1LAqF\" target=\"_blank\" rel=\"noopener\">registration<\/a> \n<span>.\n<br \/>\n<br \/><\/span><\/h6>\n<h6>&nbsp;<\/h6>\n<h6>The&nbsp; \n<strong>Lean Spark ISEG 2015 will take place on September 11, 18 25 and 26<\/strong>. This is an immersive Lean Startup workshop that teaches how to test ideas, products or services before investing in their development and creating a company.<\/h6>\n<h6>\n<br \/> \n<strong>More information about Lean Spark ISEG 2015 at:<\/strong>\n<br \/> \n<span>&gt;&gt;&nbsp;<\/span> \n<strong>\n<a href=\"http:\/\/www.leansparkiseg2015.com\/\">http:\/\/www.leansparkiseg2015.com\/<\/a><\/strong>\n<br \/> \n<span>&gt;&gt;&nbsp;<\/span> \n<strong>\n<a href=\"https:\/\/www.facebook.com\/leansparkiseg2015\">https:\/\/www.facebook.com\/leansparkiseg2015<\/a><\/strong>\n<br \/> \n<span>&nbsp;<\/span>\n<br \/> \n<span>&nbsp;<\/span> \n<a href=\"http:\/\/www1.idefe.pt\/publico\/aquilaLexaRegistration.do?method=aquilaLexaRegistrationStep1&amp;degreeAcronym=LS2015&amp;contentContextPath_PATH=\/cursos\/ls2015\/descricao&amp;locale=en\" target=\"_blank\" rel=\"noopener\">Registration for the ISEG Lean Spark Workshop 2015<\/a>\n<br \/>\n<br \/> \n<strong>Contacts<\/strong>\n<br \/> \n<a href=\"mailto:contato@leansparkiseg2015.com\">contato@leansparkiseg2015.com<\/a>\n<br \/> \n<span>tel: (+351) 211990717<\/span><\/h6>","protected":false},"excerpt":{"rendered":"Tuesday, June 30, 18h00, Auditorium 2 (Quelhas)","protected":false},"featured_media":0,"template":"","topic":[],"event_type":[1151],"acf":[],"yoast_head":"<!-- This site is optimized with the Yoast SEO plugin v22.6 - https:\/\/yoast.com\/wordpress\/plugins\/seo\/ -->\n<title>Sess\u00e3o de Apresenta\u00e7\u00e3o do Workshop Lean Spark ISEG 2015 - ISEG<\/title>\n<meta name=\"robots\" content=\"index, follow, max-snippet:-1, max-image-preview:large, max-video-preview:-1\" \/>\n<link rel=\"canonical\" href=\"https:\/\/www.iseg.ulisboa.pt\/en\/event\/workshop-presentation-session-lean-spark-iseg-2015\/\" \/>\n<meta name=\"twitter:label1\" content=\"Est. reading time\" \/>\n\t<meta name=\"twitter:data1\" content=\"1 minute\" \/>\n<script type=\"application\/ld+json\" class=\"yoast-schema-graph\">{\"@context\":\"https:\/\/schema.org\",\"@graph\":[{\"@type\":\"WebPage\",\"@id\":\"https:\/\/www.iseg.ulisboa.pt\/en\/event\/workshop-presentation-session-lean-spark-iseg-2015\/\",\"url\":\"https:\/\/www.iseg.ulisboa.pt\/en\/event\/workshop-presentation-session-lean-spark-iseg-2015\/\",\"name\":\"Sess\u00e3o de Apresenta\u00e7\u00e3o do Workshop Lean Spark ISEG 2015 - ISEG\",\"isPartOf\":{\"@id\":\"https:\/\/www.iseg.ulisboa.pt\/en\/#website\"},\"datePublished\":\"2015-06-30T10:00:00+00:00\",\"dateModified\":\"2015-06-30T10:00:00+00:00\",\"breadcrumb\":{\"@id\":\"https:\/\/www.iseg.ulisboa.pt\/en\/event\/workshop-presentation-session-lean-spark-iseg-2015\/#breadcrumb\"},\"inLanguage\":\"en-US\",\"potentialAction\":[{\"@type\":\"ReadAction\",\"target\":[\"https:\/\/www.iseg.ulisboa.pt\/en\/event\/workshop-presentation-session-lean-spark-iseg-2015\/\"]}]},{\"@type\":\"BreadcrumbList\",\"@id\":\"https:\/\/www.iseg.ulisboa.pt\/en\/event\/workshop-presentation-session-lean-spark-iseg-2015\/#breadcrumb\",\"itemListElement\":[{\"@type\":\"ListItem\",\"position\":1,\"name\":\"Home\",\"item\":\"https:\/\/www.iseg.ulisboa.pt\/\"},{\"@type\":\"ListItem\",\"position\":2,\"name\":\"Sess\u00e3o de Apresenta\u00e7\u00e3o do Workshop Lean Spark ISEG 2015\"}]},{\"@type\":\"WebSite\",\"@id\":\"https:\/\/www.iseg.ulisboa.pt\/en\/#website\",\"url\":\"https:\/\/www.iseg.ulisboa.pt\/en\/\",\"name\":\"ISEG\",\"description\":\"Lisbon School of Economics &amp; Management\",\"publisher\":{\"@id\":\"https:\/\/www.iseg.ulisboa.pt\/en\/#organization\"},\"potentialAction\":[{\"@type\":\"SearchAction\",\"target\":{\"@type\":\"EntryPoint\",\"urlTemplate\":\"https:\/\/www.iseg.ulisboa.pt\/en\/?s={search_term_string}\"},\"query-input\":\"required name=search_term_string\"}],\"inLanguage\":\"en-US\"},{\"@type\":\"Organization\",\"@id\":\"https:\/\/www.iseg.ulisboa.pt\/en\/#organization\",\"name\":\"ISEG\",\"url\":\"https:\/\/www.iseg.ulisboa.pt\/en\/\",\"logo\":{\"@type\":\"ImageObject\",\"inLanguage\":\"en-US\",\"@id\":\"https:\/\/www.iseg.ulisboa.pt\/en\/#\/schema\/logo\/image\/\",\"url\":\"https:\/\/www.iseg.ulisboa.pt\/wp-content\/uploads\/2021\/02\/iseg-logo-ul.svg\",\"contentUrl\":\"https:\/\/www.iseg.ulisboa.pt\/wp-content\/uploads\/2021\/02\/iseg-logo-ul.svg\",\"width\":250,\"height\":120,\"caption\":\"ISEG\"},\"image\":{\"@id\":\"https:\/\/www.iseg.ulisboa.pt\/en\/#\/schema\/logo\/image\/\"},\"sameAs\":[\"https:\/\/www.facebook.com\/iseg.pt\",\"https:\/\/x.com\/iseglisbon\",\"https:\/\/www.instagram.com\/iseglisbon\/\",\"https:\/\/www.linkedin.com\/school\/iseglisbon\/\",\"https:\/\/www.youtube.com\/user\/DMREISEG\"]}]}<\/script>\n<!-- \/ Yoast SEO plugin. -->","yoast_head_json":{"title":"Presentation Session of the Lean Spark ISEG Workshop 2015 - ISEG","robots":{"index":"index","follow":"follow","max-snippet":"max-snippet:-1","max-image-preview":"max-image-preview:large","max-video-preview":"max-video-preview:-1"},"canonical":"https:\/\/www.iseg.ulisboa.pt\/en\/event\/workshop-presentation-session-lean-spark-iseg-2015\/","twitter_misc":{"Est. reading time":"1 minute"},"schema":{"@context":"https:\/\/schema.org","@graph":[{"@type":"WebPage","@id":"https:\/\/www.iseg.ulisboa.pt\/en\/event\/workshop-presentation-session-lean-spark-iseg-2015\/","url":"https:\/\/www.iseg.ulisboa.pt\/en\/event\/workshop-presentation-session-lean-spark-iseg-2015\/","name":"Presentation Session of the Lean Spark ISEG Workshop 2015 - ISEG","isPartOf":{"@id":"https:\/\/www.iseg.ulisboa.pt\/en\/#website"},"datePublished":"2015-06-30T10:00:00+00:00","dateModified":"2015-06-30T10:00:00+00:00","breadcrumb":{"@id":"https:\/\/www.iseg.ulisboa.pt\/en\/event\/workshop-presentation-session-lean-spark-iseg-2015\/#breadcrumb"},"inLanguage":"en-US","potentialAction":[{"@type":"ReadAction","target":["https:\/\/www.iseg.ulisboa.pt\/en\/event\/workshop-presentation-session-lean-spark-iseg-2015\/"]}]},{"@type":"BreadcrumbList","@id":"https:\/\/www.iseg.ulisboa.pt\/en\/event\/workshop-presentation-session-lean-spark-iseg-2015\/#breadcrumb","itemListElement":[{"@type":"ListItem","position":1,"name":"Home","item":"https:\/\/www.iseg.ulisboa.pt\/"},{"@type":"ListItem","position":2,"name":"Sess\u00e3o de Apresenta\u00e7\u00e3o do Workshop Lean Spark ISEG 2015"}]},{"@type":"WebSite","@id":"https:\/\/www.iseg.ulisboa.pt\/en\/#website","url":"https:\/\/www.iseg.ulisboa.pt\/en\/","name":"ISEG","description":"Lisbon School of Economics &amp; Management","publisher":{"@id":"https:\/\/www.iseg.ulisboa.pt\/en\/#organization"},"potentialAction":[{"@type":"SearchAction","target":{"@type":"EntryPoint","urlTemplate":"https:\/\/www.iseg.ulisboa.pt\/en\/?s={search_term_string}"},"query-input":"required name=search_term_string"}],"inLanguage":"en-US"},{"@type":"Organization","@id":"https:\/\/www.iseg.ulisboa.pt\/en\/#organization","name":"ISEG","url":"https:\/\/www.iseg.ulisboa.pt\/en\/","logo":{"@type":"ImageObject","inLanguage":"en-US","@id":"https:\/\/www.iseg.ulisboa.pt\/en\/#\/schema\/logo\/image\/","url":"https:\/\/www.iseg.ulisboa.pt\/wp-content\/uploads\/2021\/02\/iseg-logo-ul.svg","contentUrl":"https:\/\/www.iseg.ulisboa.pt\/wp-content\/uploads\/2021\/02\/iseg-logo-ul.svg","width":250,"height":120,"caption":"ISEG"},"image":{"@id":"https:\/\/www.iseg.ulisboa.pt\/en\/#\/schema\/logo\/image\/"},"sameAs":["https:\/\/www.facebook.com\/iseg.pt","https:\/\/x.com\/iseglisbon","https:\/\/www.instagram.com\/iseglisbon\/","https:\/\/www.linkedin.com\/school\/iseglisbon\/","https:\/\/www.youtube.com\/user\/DMREISEG"]}]}},"uagb_featured_image_src":{"full":false,"thumbnail":false,"medium":false,"medium_large":false,"large":false,"1536x1536":false,"2048x2048":false,"trp-custom-language-flag":false},"uagb_author_info":{"display_name":"gomo","author_link":"https:\/\/www.iseg.ulisboa.pt\/en\/author\/"},"uagb_comment_info":0,"uagb_excerpt":"Ter\u00e7a-feira, 30 de junho, 18h00, Audit\u00f3rio 2 (Quelhas)","_links":{"self":[{"href":"https:\/\/www.iseg.ulisboa.pt\/en\/wp-json\/wp\/v2\/event\/13574"}],"collection":[{"href":"https:\/\/www.iseg.ulisboa.pt\/en\/wp-json\/wp\/v2\/event"}],"about":[{"href":"https:\/\/www.iseg.ulisboa.pt\/en\/wp-json\/wp\/v2\/types\/event"}],"version-history":[{"count":0,"href":"https:\/\/www.iseg.ulisboa.pt\/en\/wp-json\/wp\/v2\/event\/13574\/revisions"}],"wp:attachment":[{"href":"https:\/\/www.iseg.ulisboa.pt\/en\/wp-json\/wp\/v2\/media?parent=13574"}],"wp:term":[{"taxonomy":"topic","embeddable":true,"href":"https:\/\/www.iseg.ulisboa.pt\/en\/wp-json\/wp\/v2\/topic?post=13574"},{"taxonomy":"event_type","embeddable":true,"href":"https:\/\/www.iseg.ulisboa.pt\/en\/wp-json\/wp\/v2\/event_type?post=13574"}],"curies":[{"name":"wp","href":"https:\/\/api.w.org\/{rel}","templated":true}]}}

<!-- This site is optimized with the Yoast SEO plugin v22.6 - https://yoast.com/wordpress/plugins/seo/ -->
<title>Sessão de Apresentação do Workshop Lean Spark ISEG 2015 - ISEG</title>
<meta name="robots" content="index, follow, max-snippet:-1, max-image-preview:large, max-video-preview:-1" />
<link rel="canonical" href="https://www.iseg.ulisboa.pt/en/event/workshop-presentation-session-lean-spark-iseg-2015/" />
<meta name="twitter:label1" content="Est. reading time" />
	<meta name="twitter:data1" content="1 minute" />
<script type="application/ld+json" class="yoast-schema-graph">{"@context":"https://schema.org","@graph":[{"@type":"WebPage","@id":"https://www.iseg.ulisboa.pt/en/event/workshop-presentation-session-lean-spark-iseg-2015/","url":"https://www.iseg.ulisboa.pt/en/event/workshop-presentation-session-lean-spark-iseg-2015/","name":"Sessão de Apresentação do Workshop Lean Spark ISEG 2015 - ISEG","isPartOf":{"@id":"https://www.iseg.ulisboa.pt/en/#website"},"datePublished":"2015-06-30T10:00:00+00:00","dateModified":"2015-06-30T10:00:00+00:00","breadcrumb":{"@id":"https://www.iseg.ulisboa.pt/en/event/workshop-presentation-session-lean-spark-iseg-2015/#breadcrumb"},"inLanguage":"en-US","potentialAction":[{"@type":"ReadAction","target":["https://www.iseg.ulisboa.pt/en/event/workshop-presentation-session-lean-spark-iseg-2015/"]}]},{"@type":"BreadcrumbList","@id":"https://www.iseg.ulisboa.pt/en/event/workshop-presentation-session-lean-spark-iseg-2015/#breadcrumb","itemListElement":[{"@type":"ListItem","position":1,"name":"Home","item":"https://www.iseg.ulisboa.pt/"},{"@type":"ListItem","position":2,"name":"Sessão de Apresentação do Workshop Lean Spark ISEG 2015"}]},{"@type":"WebSite","@id":"https://www.iseg.ulisboa.pt/en/#website","url":"https://www.iseg.ulisboa.pt/en/","name":"ISEG","description":"Lisbon School of Economics &amp; Management","publisher":{"@id":"https://www.iseg.ulisboa.pt/en/#organization"},"potentialAction":[{"@type":"SearchAction","target":{"@type":"EntryPoint","urlTemplate":"https://www.iseg.ulisboa.pt/en/?s={search_term_string}"},"query-input":"required name=search_term_string"}],"inLanguage":"en-US"},{"@type":"Organization","@id":"https://www.iseg.ulisboa.pt/en/#organization","name":"ISEG","url":"https://www.iseg.ulisboa.pt/en/","logo":{"@type":"ImageObject","inLanguage":"en-US","@id":"https://www.iseg.ulisboa.pt/en/#/schema/logo/image/","url":"https://www.iseg.ulisboa.pt/wp-content/uploads/2021/02/iseg-logo-ul.svg","contentUrl":"https://www.iseg.ulisboa.pt/wp-content/uploads/2021/02/iseg-logo-ul.svg","width":250,"height":120,"caption":"ISEG"},"image":{"@id":"https://www.iseg.ulisboa.pt/en/#/schema/logo/image/"},"sameAs":["https://www.facebook.com/iseg.pt","https://x.com/iseglisbon","https://www.instagram.com/iseglisbon/","https://www.linkedin.com/school/iseglisbon/","https://www.youtube.com/user/DMREISEG"]}]}</script>
<!-- / Yoast SEO plugin. -->

Sessão de Apresentação do Workshop Lean Spark ISEG 2015

Terça-feira, 30 de junho, 18h00, Auditório 2 (Quelhas)
