{"id":14783,"date":"2012-11-07T19:00:00","date_gmt":"2012-11-07T19:00:00","guid":{"rendered":"https:\/\/iseg.gomo.dev\/event\/nova-temporada-de-concertos-iseg-antena-2\/"},"modified":"2012-11-07T19:00:00","modified_gmt":"2012-11-07T19:00:00","slug":"new-iseg-antena-2-concert-season","status":"publish","type":"event","link":"https:\/\/www.iseg.ulisboa.pt\/en\/event\/new-iseg-antena-2-concert-season\/","title":{"rendered":"NEW SEASON OF ISEG CONCERTS | ANTENA 2"},"content":{"rendered":"<p>The classical music concerts, broadcast live by Antena 2, are back at ISEG.<\/p>\n<p>On November 7, you can enjoy a piano and violin performance by Ana Queir\u00f3s and Evandra Gon\u00e7alves.<\/p>\n<p>\n  <a title=\"7 Nov\" href=\"https:\/\/aquila2.iseg.utl.pt\/aquila\/getFile.do?method=getFile&amp;fileId=307073\">\n    <img loading=\"lazy\" decoding=\"async\" src=\"https:\/\/aquila2.iseg.utl.pt\/aquila\/getFile.do?method=getFile&amp;fileId=307077\" alt=\"7 NOV\" width=\"269\" height=\"187\" \/>\n  <\/a>\n<\/p>\n<p>7 NOV | 19:00 | AUD. CGD QUELHAS\n<br \/>FREE ENTRY<\/p>\n<p>&nbsp;<\/p>\n<p>\n  <span>\n    <strong>\n      <span>\n        <a title=\"Room sheet\" href=\"https:\/\/aquila2.iseg.utl.pt\/aquila\/getFile.do?method=getFile&amp;fileId=307073\">PROGRAMME<\/a>\n      <\/span>\n    <\/strong>\n  <\/span>\n<\/p>\n<p>&nbsp;\n<br \/>\n<strong>\n  <span>O. Messiaen<\/span>\n<\/strong> (1908-1992)Theme and Variations for violin and piano&nbsp;&nbsp;&nbsp;&nbsp;&nbsp;&nbsp; &nbsp;<\/p>\n<p>\n<span>\n  <strong>Astor Piazzolla<\/strong>\n<\/span> (1921-1992) Caf\u00e9 1930 and Nightclub 1960\n<br \/>(from Histoire du Tango)<\/p>\n<p>\n<strong>\n  <span>Fernando Lopes-Gra\u00e7a<\/span>\n<\/strong> (1906-1994) Sonatina No. 1 for violin and piano&nbsp;\n<br \/>&nbsp;&nbsp;I. Moderato\n<br \/>&nbsp;&nbsp;II. Andante\n<br \/>&nbsp;&nbsp;III. Scherzando\n<br \/>&nbsp;&nbsp;IV. Allegro ma non troppo<\/p>\n<p>\n  <strong>\n    <span>Interval<\/span>\n  <\/strong>\n<\/p>\n<p>\n<span>\n  <strong>S. Prokofiev<\/strong>\n<\/span> (1891-1953) Sonata for violin and piano in D major, No. 2, Op.94 bis&nbsp;&nbsp;&nbsp;&nbsp;&nbsp;&nbsp;\n<br \/>&nbsp;&nbsp;I. Moderato\n<br \/>&nbsp;&nbsp;II. Scherzo:Presto\n<br \/>&nbsp;&nbsp;III. Andante\n<br \/>&nbsp;&nbsp;IV. Allegro con brio<\/p>\n<p>..............................................................................<\/p>\n<p>The concert is broadcast live on Antena 2, so punctuality is requested.<\/p>","protected":false},"excerpt":{"rendered":"The classical music concerts, broadcast live by Antena 2, are back at ISEG.\n7 NOV | 19:00 | Aud. CGD","protected":false},"featured_media":0,"template":"","topic":[1403],"event_type":[1180],"acf":{"start_date":"2012-11-07 19:00:00","end_date":"2012-11-07 19:01:00","venue":"AUD. CGD | Quelhas","event_type":1180,"topic":[1403]},"yoast_head":"<!-- This site is optimized with the Yoast SEO plugin v22.6 - https:\/\/yoast.com\/wordpress\/plugins\/seo\/ -->\n<title>NOVA TEMPORADA DE CONCERTOS ISEG | ANTENA 2 - ISEG<\/title>\n<meta name=\"robots\" content=\"index, follow, max-snippet:-1, max-image-preview:large, max-video-preview:-1\" \/>\n<link rel=\"canonical\" href=\"https:\/\/www.iseg.ulisboa.pt\/en\/event\/new-iseg-antena-2-concert-season\/\" \/>\n<meta name=\"twitter:label1\" content=\"Est. reading time\" \/>\n\t<meta name=\"twitter:data1\" content=\"1 minute\" \/>\n<script type=\"application\/ld+json\" class=\"yoast-schema-graph\">{\"@context\":\"https:\/\/schema.org\",\"@graph\":[{\"@type\":\"WebPage\",\"@id\":\"https:\/\/www.iseg.ulisboa.pt\/en\/event\/new-iseg-antena-2-concert-season\/\",\"url\":\"https:\/\/www.iseg.ulisboa.pt\/en\/event\/new-iseg-antena-2-concert-season\/\",\"name\":\"NOVA TEMPORADA DE CONCERTOS ISEG | ANTENA 2 - ISEG\",\"isPartOf\":{\"@id\":\"https:\/\/www.iseg.ulisboa.pt\/en\/#website\"},\"primaryImageOfPage\":{\"@id\":\"https:\/\/www.iseg.ulisboa.pt\/en\/event\/new-iseg-antena-2-concert-season\/#primaryimage\"},\"image\":{\"@id\":\"https:\/\/www.iseg.ulisboa.pt\/en\/event\/new-iseg-antena-2-concert-season\/#primaryimage\"},\"thumbnailUrl\":\"https:\/\/aquila2.iseg.utl.pt\/aquila\/getFile.do?method=getFile&amp;fileId=307077\",\"datePublished\":\"2012-11-07T19:00:00+00:00\",\"dateModified\":\"2012-11-07T19:00:00+00:00\",\"breadcrumb\":{\"@id\":\"https:\/\/www.iseg.ulisboa.pt\/en\/event\/new-iseg-antena-2-concert-season\/#breadcrumb\"},\"inLanguage\":\"en-US\",\"potentialAction\":[{\"@type\":\"ReadAction\",\"target\":[\"https:\/\/www.iseg.ulisboa.pt\/en\/event\/new-iseg-antena-2-concert-season\/\"]}]},{\"@type\":\"ImageObject\",\"inLanguage\":\"en-US\",\"@id\":\"https:\/\/www.iseg.ulisboa.pt\/en\/event\/new-iseg-antena-2-concert-season\/#primaryimage\",\"url\":\"https:\/\/aquila2.iseg.utl.pt\/aquila\/getFile.do?method=getFile&amp;fileId=307077\",\"contentUrl\":\"https:\/\/aquila2.iseg.utl.pt\/aquila\/getFile.do?method=getFile&amp;fileId=307077\"},{\"@type\":\"BreadcrumbList\",\"@id\":\"https:\/\/www.iseg.ulisboa.pt\/en\/event\/new-iseg-antena-2-concert-season\/#breadcrumb\",\"itemListElement\":[{\"@type\":\"ListItem\",\"position\":1,\"name\":\"Home\",\"item\":\"https:\/\/www.iseg.ulisboa.pt\/\"},{\"@type\":\"ListItem\",\"position\":2,\"name\":\"NOVA TEMPORADA DE CONCERTOS ISEG | ANTENA 2\"}]},{\"@type\":\"WebSite\",\"@id\":\"https:\/\/www.iseg.ulisboa.pt\/en\/#website\",\"url\":\"https:\/\/www.iseg.ulisboa.pt\/en\/\",\"name\":\"ISEG\",\"description\":\"Lisbon School of Economics &amp; Management\",\"publisher\":{\"@id\":\"https:\/\/www.iseg.ulisboa.pt\/en\/#organization\"},\"potentialAction\":[{\"@type\":\"SearchAction\",\"target\":{\"@type\":\"EntryPoint\",\"urlTemplate\":\"https:\/\/www.iseg.ulisboa.pt\/en\/?s={search_term_string}\"},\"query-input\":\"required name=search_term_string\"}],\"inLanguage\":\"en-US\"},{\"@type\":\"Organization\",\"@id\":\"https:\/\/www.iseg.ulisboa.pt\/en\/#organization\",\"name\":\"ISEG\",\"url\":\"https:\/\/www.iseg.ulisboa.pt\/en\/\",\"logo\":{\"@type\":\"ImageObject\",\"inLanguage\":\"en-US\",\"@id\":\"https:\/\/www.iseg.ulisboa.pt\/en\/#\/schema\/logo\/image\/\",\"url\":\"https:\/\/www.iseg.ulisboa.pt\/wp-content\/uploads\/2021\/02\/iseg-logo-ul.svg\",\"contentUrl\":\"https:\/\/www.iseg.ulisboa.pt\/wp-content\/uploads\/2021\/02\/iseg-logo-ul.svg\",\"width\":250,\"height\":120,\"caption\":\"ISEG\"},\"image\":{\"@id\":\"https:\/\/www.iseg.ulisboa.pt\/en\/#\/schema\/logo\/image\/\"},\"sameAs\":[\"https:\/\/www.facebook.com\/iseg.pt\",\"https:\/\/x.com\/iseglisbon\",\"https:\/\/www.instagram.com\/iseglisbon\/\",\"https:\/\/www.linkedin.com\/school\/iseglisbon\/\",\"https:\/\/www.youtube.com\/user\/DMREISEG\"]}]}<\/script>\n<!-- \/ Yoast SEO plugin. -->","yoast_head_json":{"title":"NEW ISEG CONCERT SEASON | ANTENA 2 - ISEG","robots":{"index":"index","follow":"follow","max-snippet":"max-snippet:-1","max-image-preview":"max-image-preview:large","max-video-preview":"max-video-preview:-1"},"canonical":"https:\/\/www.iseg.ulisboa.pt\/en\/event\/new-iseg-antena-2-concert-season\/","twitter_misc":{"Est. reading time":"1 minute"},"schema":{"@context":"https:\/\/schema.org","@graph":[{"@type":"WebPage","@id":"https:\/\/www.iseg.ulisboa.pt\/en\/event\/new-iseg-antena-2-concert-season\/","url":"https:\/\/www.iseg.ulisboa.pt\/en\/event\/new-iseg-antena-2-concert-season\/","name":"NEW ISEG CONCERT SEASON | ANTENA 2 - ISEG","isPartOf":{"@id":"https:\/\/www.iseg.ulisboa.pt\/en\/#website"},"primaryImageOfPage":{"@id":"https:\/\/www.iseg.ulisboa.pt\/en\/event\/new-iseg-antena-2-concert-season\/#primaryimage"},"image":{"@id":"https:\/\/www.iseg.ulisboa.pt\/en\/event\/new-iseg-antena-2-concert-season\/#primaryimage"},"thumbnailUrl":"https:\/\/aquila2.iseg.utl.pt\/aquila\/getFile.do?method=getFile&amp;fileId=307077","datePublished":"2012-11-07T19:00:00+00:00","dateModified":"2012-11-07T19:00:00+00:00","breadcrumb":{"@id":"https:\/\/www.iseg.ulisboa.pt\/en\/event\/new-iseg-antena-2-concert-season\/#breadcrumb"},"inLanguage":"en-US","potentialAction":[{"@type":"ReadAction","target":["https:\/\/www.iseg.ulisboa.pt\/en\/event\/new-iseg-antena-2-concert-season\/"]}]},{"@type":"ImageObject","inLanguage":"en-US","@id":"https:\/\/www.iseg.ulisboa.pt\/en\/event\/new-iseg-antena-2-concert-season\/#primaryimage","url":"https:\/\/aquila2.iseg.utl.pt\/aquila\/getFile.do?method=getFile&amp;fileId=307077","contentUrl":"https:\/\/aquila2.iseg.utl.pt\/aquila\/getFile.do?method=getFile&amp;fileId=307077"},{"@type":"BreadcrumbList","@id":"https:\/\/www.iseg.ulisboa.pt\/en\/event\/new-iseg-antena-2-concert-season\/#breadcrumb","itemListElement":[{"@type":"ListItem","position":1,"name":"Home","item":"https:\/\/www.iseg.ulisboa.pt\/"},{"@type":"ListItem","position":2,"name":"NOVA TEMPORADA DE CONCERTOS ISEG | ANTENA 2"}]},{"@type":"WebSite","@id":"https:\/\/www.iseg.ulisboa.pt\/en\/#website","url":"https:\/\/www.iseg.ulisboa.pt\/en\/","name":"ISEG","description":"Lisbon School of Economics &amp; Management","publisher":{"@id":"https:\/\/www.iseg.ulisboa.pt\/en\/#organization"},"potentialAction":[{"@type":"SearchAction","target":{"@type":"EntryPoint","urlTemplate":"https:\/\/www.iseg.ulisboa.pt\/en\/?s={search_term_string}"},"query-input":"required name=search_term_string"}],"inLanguage":"en-US"},{"@type":"Organization","@id":"https:\/\/www.iseg.ulisboa.pt\/en\/#organization","name":"ISEG","url":"https:\/\/www.iseg.ulisboa.pt\/en\/","logo":{"@type":"ImageObject","inLanguage":"en-US","@id":"https:\/\/www.iseg.ulisboa.pt\/en\/#\/schema\/logo\/image\/","url":"https:\/\/www.iseg.ulisboa.pt\/wp-content\/uploads\/2021\/02\/iseg-logo-ul.svg","contentUrl":"https:\/\/www.iseg.ulisboa.pt\/wp-content\/uploads\/2021\/02\/iseg-logo-ul.svg","width":250,"height":120,"caption":"ISEG"},"image":{"@id":"https:\/\/www.iseg.ulisboa.pt\/en\/#\/schema\/logo\/image\/"},"sameAs":["https:\/\/www.facebook.com\/iseg.pt","https:\/\/x.com\/iseglisbon","https:\/\/www.instagram.com\/iseglisbon\/","https:\/\/www.linkedin.com\/school\/iseglisbon\/","https:\/\/www.youtube.com\/user\/DMREISEG"]}]}},"uagb_featured_image_src":{"full":false,"thumbnail":false,"medium":false,"medium_large":false,"large":false,"1536x1536":false,"2048x2048":false,"trp-custom-language-flag":false},"uagb_author_info":{"display_name":"gomo","author_link":"https:\/\/www.iseg.ulisboa.pt\/en\/author\/"},"uagb_comment_info":0,"uagb_excerpt":"Est\u00e3o de volta ao ISEG os concertos de m\u00fasica cl\u00e1ssica, transmitidos em direto pela Antena 2. 7 NOV | 19:00 | Aud. CGD","_links":{"self":[{"href":"https:\/\/www.iseg.ulisboa.pt\/en\/wp-json\/wp\/v2\/event\/14783"}],"collection":[{"href":"https:\/\/www.iseg.ulisboa.pt\/en\/wp-json\/wp\/v2\/event"}],"about":[{"href":"https:\/\/www.iseg.ulisboa.pt\/en\/wp-json\/wp\/v2\/types\/event"}],"version-history":[{"count":0,"href":"https:\/\/www.iseg.ulisboa.pt\/en\/wp-json\/wp\/v2\/event\/14783\/revisions"}],"acf:term":[{"embeddable":true,"taxonomy":"topic","href":"https:\/\/www.iseg.ulisboa.pt\/en\/wp-json\/wp\/v2\/topic\/1403"},{"embeddable":true,"taxonomy":"event_type","href":"https:\/\/www.iseg.ulisboa.pt\/en\/wp-json\/wp\/v2\/event_type\/1180"}],"wp:attachment":[{"href":"https:\/\/www.iseg.ulisboa.pt\/en\/wp-json\/wp\/v2\/media?parent=14783"}],"wp:term":[{"taxonomy":"topic","embeddable":true,"href":"https:\/\/www.iseg.ulisboa.pt\/en\/wp-json\/wp\/v2\/topic?post=14783"},{"taxonomy":"event_type","embeddable":true,"href":"https:\/\/www.iseg.ulisboa.pt\/en\/wp-json\/wp\/v2\/event_type?post=14783"}],"curies":[{"name":"wp","href":"https:\/\/api.w.org\/{rel}","templated":true}]}}

<p>The classical music concerts, broadcast live by Antena 2, are back at ISEG.</p>
<p>On November 7, you can enjoy a piano and violin performance by Ana Queirós and Evandra Gonçalves.</p>
<p>
  <a title="7 Nov" href="https://aquila2.iseg.utl.pt/aquila/getFile.do?method=getFile&amp;fileId=307073">
    <img loading="lazy" decoding="async" src="https://aquila2.iseg.utl.pt/aquila/getFile.do?method=getFile&amp;fileId=307077" alt="7 NOV" width="269" height="187" />
  </a>
</p>
<p>7 NOV | 19:00 | AUD. CGD QUELHAS
<br />FREE ENTRY</p>
<p>&nbsp;</p>
<p>
  <span>
    <strong>
      <span>
        <a title="Room sheet" href="https://aquila2.iseg.utl.pt/aquila/getFile.do?method=getFile&amp;fileId=307073">PROGRAMME</a>
      </span>
    </strong>
  </span>
</p>
<p>&nbsp;
<br />
<strong>
  <span>O. Messiaen</span>
</strong> (1908-1992)Theme and Variations for violin and piano&nbsp;&nbsp;&nbsp;&nbsp;&nbsp;&nbsp; &nbsp;</p>
<p>
<span>
  <strong>Astor Piazzolla</strong>
</span> (1921-1992) Café 1930 and Nightclub 1960
<br />(from Histoire du Tango)</p>
<p>
<strong>
  <span>Fernando Lopes-Graça</span>
</strong> (1906-1994) Sonatina No. 1 for violin and piano&nbsp;
<br />&nbsp;&nbsp;I. Moderato
<br />&nbsp;&nbsp;II. Andante
<br />&nbsp;&nbsp;III. Scherzando
<br />&nbsp;&nbsp;IV. Allegro ma non troppo</p>
<p>
  <strong>
    <span>Interval</span>
  </strong>
</p>
<p>
<span>
  <strong>S. Prokofiev</strong>
</span> (1891-1953) Sonata for violin and piano in D major, No. 2, Op.94 bis&nbsp;&nbsp;&nbsp;&nbsp;&nbsp;&nbsp;
<br />&nbsp;&nbsp;I. Moderato
<br />&nbsp;&nbsp;II. Scherzo:Presto
<br />&nbsp;&nbsp;III. Andante
<br />&nbsp;&nbsp;IV. Allegro con brio</p>
<p>..............................................................................</p>
<p>The concert is broadcast live on Antena 2, so punctuality is requested.</p>

Estão de volta ao ISEG os concertos de música clássica, transmitidos em direto pela Antena 2. 7 NOV | 19:00 | Aud. CGD
