{"id":14878,"date":"2012-05-21T18:30:00","date_gmt":"2012-05-21T18:30:00","guid":{"rendered":"https:\/\/iseg.gomo.dev\/event\/apresentacao-recrutamento-banco-de-portugal\/"},"modified":"2012-05-21T18:30:00","modified_gmt":"2012-05-21T18:30:00","slug":"presentation-recruitment-banco-de-portugal","status":"publish","type":"event","link":"https:\/\/www.iseg.ulisboa.pt\/en\/event\/presentation-recruitment-banco-de-portugal\/","title":{"rendered":"PRESENTATION| Recruitment Banco de Portugal"},"content":{"rendered":"<p>Banco de Portugal will be at ISEG to present career opportunities.<\/p>\n<p>\n  <strong>PROGRAMME:<\/strong>\n<\/p>\n<p>Banco de Portugal Global Presentation\n<br \/>Dr. Ant\u00f3nio Garcia, Director of the Human Resources Management and Development Department\n<br \/>\n<br \/>Presentation of the Department of Statistics\n<br \/>Dr. Jo\u00e3o Ant\u00f3nio Cadete de Matos, Director of DDE\n<br \/>\n<br \/>Recruitment and Selection Process at Banco de Portugal\n<br \/>Dr. Ant\u00f3nio Rodrigues, Coord. Human Resources Development Area<\/p>\n<p>Testimony from former students:\n<br \/>Dr. Tiago Cordeiro, Senior Technician in the Payment Systems Department\n<br \/>Dr. Pedro P\u00f3lvora, Senior Technician in the Statistics Department<\/p>\n<p>Discussion \/ answering questions.<\/p>\n<p>Register \n<a title=\"Registration\" href=\"http:\/\/pascal.iseg.utl.pt\/lsinq\/index.php?sid=17656&amp;lang=pt\" target=\"_blank\" rel=\"noopener\">HERE<\/a>.\n<br \/>Date and place: May 21st (Monday) | 18h30 | Auditorium 3 | Edf. Quelhas | ISEG<\/p>\n<p>\n<br \/>Don't miss it!<\/p>","protected":false},"excerpt":{"rendered":"O Banco de Portugal vai estar no ISEG para apresentar as oportunidades de carreira. PROGRAMA: Apresenta\u00e7\u00e3o Global do Banco de Portugal Dr. Ant\u00f3nio Garcia, Director do Departamento de Gest\u00e3o e&nbsp;[&#8230;]","protected":false},"featured_media":0,"template":"","topic":[],"event_type":[],"acf":{"start_date":"2012-05-21 18:30:00","end_date":"2012-05-21 18:31:00","venue":"Audit\u00f3rio 3 | Edf. Quelhas | ISEG","event_type":false,"topic":false},"yoast_head":"<!-- This site is optimized with the Yoast SEO plugin v22.6 - https:\/\/yoast.com\/wordpress\/plugins\/seo\/ -->\n<title>APRESENTA\u00c7\u00c3O| Recrutamento Banco de Portugal - ISEG<\/title>\n<meta name=\"robots\" content=\"index, follow, max-snippet:-1, max-image-preview:large, max-video-preview:-1\" \/>\n<link rel=\"canonical\" href=\"https:\/\/www.iseg.ulisboa.pt\/en\/event\/presentation-recruitment-banco-de-portugal\/\" \/>\n<meta name=\"twitter:label1\" content=\"Est. reading time\" \/>\n\t<meta name=\"twitter:data1\" content=\"1 minute\" \/>\n<script type=\"application\/ld+json\" class=\"yoast-schema-graph\">{\"@context\":\"https:\/\/schema.org\",\"@graph\":[{\"@type\":\"WebPage\",\"@id\":\"https:\/\/www.iseg.ulisboa.pt\/en\/event\/presentation-recruitment-banco-de-portugal\/\",\"url\":\"https:\/\/www.iseg.ulisboa.pt\/en\/event\/presentation-recruitment-banco-de-portugal\/\",\"name\":\"APRESENTA\u00c7\u00c3O| Recrutamento Banco de Portugal - ISEG\",\"isPartOf\":{\"@id\":\"https:\/\/www.iseg.ulisboa.pt\/en\/#website\"},\"datePublished\":\"2012-05-21T18:30:00+00:00\",\"dateModified\":\"2012-05-21T18:30:00+00:00\",\"breadcrumb\":{\"@id\":\"https:\/\/www.iseg.ulisboa.pt\/en\/event\/presentation-recruitment-banco-de-portugal\/#breadcrumb\"},\"inLanguage\":\"en-US\",\"potentialAction\":[{\"@type\":\"ReadAction\",\"target\":[\"https:\/\/www.iseg.ulisboa.pt\/en\/event\/presentation-recruitment-banco-de-portugal\/\"]}]},{\"@type\":\"BreadcrumbList\",\"@id\":\"https:\/\/www.iseg.ulisboa.pt\/en\/event\/presentation-recruitment-banco-de-portugal\/#breadcrumb\",\"itemListElement\":[{\"@type\":\"ListItem\",\"position\":1,\"name\":\"Home\",\"item\":\"https:\/\/www.iseg.ulisboa.pt\/\"},{\"@type\":\"ListItem\",\"position\":2,\"name\":\"APRESENTA\u00c7\u00c3O| Recrutamento Banco de Portugal\"}]},{\"@type\":\"WebSite\",\"@id\":\"https:\/\/www.iseg.ulisboa.pt\/en\/#website\",\"url\":\"https:\/\/www.iseg.ulisboa.pt\/en\/\",\"name\":\"ISEG\",\"description\":\"Lisbon School of Economics &amp; Management\",\"publisher\":{\"@id\":\"https:\/\/www.iseg.ulisboa.pt\/en\/#organization\"},\"potentialAction\":[{\"@type\":\"SearchAction\",\"target\":{\"@type\":\"EntryPoint\",\"urlTemplate\":\"https:\/\/www.iseg.ulisboa.pt\/en\/?s={search_term_string}\"},\"query-input\":\"required name=search_term_string\"}],\"inLanguage\":\"en-US\"},{\"@type\":\"Organization\",\"@id\":\"https:\/\/www.iseg.ulisboa.pt\/en\/#organization\",\"name\":\"ISEG\",\"url\":\"https:\/\/www.iseg.ulisboa.pt\/en\/\",\"logo\":{\"@type\":\"ImageObject\",\"inLanguage\":\"en-US\",\"@id\":\"https:\/\/www.iseg.ulisboa.pt\/en\/#\/schema\/logo\/image\/\",\"url\":\"https:\/\/www.iseg.ulisboa.pt\/wp-content\/uploads\/2021\/02\/iseg-logo-ul.svg\",\"contentUrl\":\"https:\/\/www.iseg.ulisboa.pt\/wp-content\/uploads\/2021\/02\/iseg-logo-ul.svg\",\"width\":250,\"height\":120,\"caption\":\"ISEG\"},\"image\":{\"@id\":\"https:\/\/www.iseg.ulisboa.pt\/en\/#\/schema\/logo\/image\/\"},\"sameAs\":[\"https:\/\/www.facebook.com\/iseg.pt\",\"https:\/\/x.com\/iseglisbon\",\"https:\/\/www.instagram.com\/iseglisbon\/\",\"https:\/\/www.linkedin.com\/school\/iseglisbon\/\",\"https:\/\/www.youtube.com\/user\/DMREISEG\"]}]}<\/script>\n<!-- \/ Yoast SEO plugin. -->","yoast_head_json":{"title":"PRESENTATION| Recruitment Banco de Portugal - ISEG","robots":{"index":"index","follow":"follow","max-snippet":"max-snippet:-1","max-image-preview":"max-image-preview:large","max-video-preview":"max-video-preview:-1"},"canonical":"https:\/\/www.iseg.ulisboa.pt\/en\/event\/presentation-recruitment-banco-de-portugal\/","twitter_misc":{"Est. reading time":"1 minute"},"schema":{"@context":"https:\/\/schema.org","@graph":[{"@type":"WebPage","@id":"https:\/\/www.iseg.ulisboa.pt\/en\/event\/presentation-recruitment-banco-de-portugal\/","url":"https:\/\/www.iseg.ulisboa.pt\/en\/event\/presentation-recruitment-banco-de-portugal\/","name":"PRESENTATION| Recruitment Banco de Portugal - ISEG","isPartOf":{"@id":"https:\/\/www.iseg.ulisboa.pt\/en\/#website"},"datePublished":"2012-05-21T18:30:00+00:00","dateModified":"2012-05-21T18:30:00+00:00","breadcrumb":{"@id":"https:\/\/www.iseg.ulisboa.pt\/en\/event\/presentation-recruitment-banco-de-portugal\/#breadcrumb"},"inLanguage":"en-US","potentialAction":[{"@type":"ReadAction","target":["https:\/\/www.iseg.ulisboa.pt\/en\/event\/presentation-recruitment-banco-de-portugal\/"]}]},{"@type":"BreadcrumbList","@id":"https:\/\/www.iseg.ulisboa.pt\/en\/event\/presentation-recruitment-banco-de-portugal\/#breadcrumb","itemListElement":[{"@type":"ListItem","position":1,"name":"Home","item":"https:\/\/www.iseg.ulisboa.pt\/"},{"@type":"ListItem","position":2,"name":"APRESENTA\u00c7\u00c3O| Recrutamento Banco de Portugal"}]},{"@type":"WebSite","@id":"https:\/\/www.iseg.ulisboa.pt\/en\/#website","url":"https:\/\/www.iseg.ulisboa.pt\/en\/","name":"ISEG","description":"Lisbon School of Economics &amp; Management","publisher":{"@id":"https:\/\/www.iseg.ulisboa.pt\/en\/#organization"},"potentialAction":[{"@type":"SearchAction","target":{"@type":"EntryPoint","urlTemplate":"https:\/\/www.iseg.ulisboa.pt\/en\/?s={search_term_string}"},"query-input":"required name=search_term_string"}],"inLanguage":"en-US"},{"@type":"Organization","@id":"https:\/\/www.iseg.ulisboa.pt\/en\/#organization","name":"ISEG","url":"https:\/\/www.iseg.ulisboa.pt\/en\/","logo":{"@type":"ImageObject","inLanguage":"en-US","@id":"https:\/\/www.iseg.ulisboa.pt\/en\/#\/schema\/logo\/image\/","url":"https:\/\/www.iseg.ulisboa.pt\/wp-content\/uploads\/2021\/02\/iseg-logo-ul.svg","contentUrl":"https:\/\/www.iseg.ulisboa.pt\/wp-content\/uploads\/2021\/02\/iseg-logo-ul.svg","width":250,"height":120,"caption":"ISEG"},"image":{"@id":"https:\/\/www.iseg.ulisboa.pt\/en\/#\/schema\/logo\/image\/"},"sameAs":["https:\/\/www.facebook.com\/iseg.pt","https:\/\/x.com\/iseglisbon","https:\/\/www.instagram.com\/iseglisbon\/","https:\/\/www.linkedin.com\/school\/iseglisbon\/","https:\/\/www.youtube.com\/user\/DMREISEG"]}]}},"uagb_featured_image_src":{"full":false,"thumbnail":false,"medium":false,"medium_large":false,"large":false,"1536x1536":false,"2048x2048":false,"trp-custom-language-flag":false},"uagb_author_info":{"display_name":"gomo","author_link":"https:\/\/www.iseg.ulisboa.pt\/en\/author\/"},"uagb_comment_info":0,"uagb_excerpt":"O Banco de Portugal vai estar no ISEG para apresentar as oportunidades de carreira. PROGRAMA: Apresenta\u00e7\u00e3o Global do Banco de Portugal Dr. Ant\u00f3nio Garcia, Director do Departamento de Gest\u00e3o e&nbsp;[...]","_links":{"self":[{"href":"https:\/\/www.iseg.ulisboa.pt\/en\/wp-json\/wp\/v2\/event\/14878"}],"collection":[{"href":"https:\/\/www.iseg.ulisboa.pt\/en\/wp-json\/wp\/v2\/event"}],"about":[{"href":"https:\/\/www.iseg.ulisboa.pt\/en\/wp-json\/wp\/v2\/types\/event"}],"version-history":[{"count":0,"href":"https:\/\/www.iseg.ulisboa.pt\/en\/wp-json\/wp\/v2\/event\/14878\/revisions"}],"wp:attachment":[{"href":"https:\/\/www.iseg.ulisboa.pt\/en\/wp-json\/wp\/v2\/media?parent=14878"}],"wp:term":[{"taxonomy":"topic","embeddable":true,"href":"https:\/\/www.iseg.ulisboa.pt\/en\/wp-json\/wp\/v2\/topic?post=14878"},{"taxonomy":"event_type","embeddable":true,"href":"https:\/\/www.iseg.ulisboa.pt\/en\/wp-json\/wp\/v2\/event_type?post=14878"}],"curies":[{"name":"wp","href":"https:\/\/api.w.org\/{rel}","templated":true}]}}

<p>Banco de Portugal will be at ISEG to present career opportunities.</p>
<p>
  <strong>PROGRAMME:</strong>
</p>
<p>Banco de Portugal Global Presentation
<br />Dr. António Garcia, Director of the Human Resources Management and Development Department
<br />
<br />Presentation of the Department of Statistics
<br />Dr. João António Cadete de Matos, Director of DDE
<br />
<br />Recruitment and Selection Process at Banco de Portugal
<br />Dr. António Rodrigues, Coord. Human Resources Development Area</p>
<p>Testimony from former students:
<br />Dr. Tiago Cordeiro, Senior Technician in the Payment Systems Department
<br />Dr. Pedro Pólvora, Senior Technician in the Statistics Department</p>
<p>Discussion / answering questions.</p>
<p>Register 
<a title="Registration" href="http://pascal.iseg.utl.pt/lsinq/index.php?sid=17656&amp;lang=pt" target="_blank" rel="noopener">HERE</a>.
<br />Date and place: May 21st (Monday) | 18h30 | Auditorium 3 | Edf. Quelhas | ISEG</p>
<p>
<br />Don't miss it!</p>

O Banco de Portugal vai estar no ISEG para apresentar as oportunidades de carreira. PROGRAMA: Apresentação Global do Banco de Portugal Dr. António Garcia, Director do Departamento de Gestão e&nbsp;[&#8230;]

Auditório 3 | Edf. Quelhas | ISEG

<!-- This site is optimized with the Yoast SEO plugin v22.6 - https://yoast.com/wordpress/plugins/seo/ -->
<title>APRESENTAÇÃO| Recrutamento Banco de Portugal - ISEG</title>
<meta name="robots" content="index, follow, max-snippet:-1, max-image-preview:large, max-video-preview:-1" />
<link rel="canonical" href="https://www.iseg.ulisboa.pt/en/event/presentation-recruitment-banco-de-portugal/" />
<meta name="twitter:label1" content="Est. reading time" />
	<meta name="twitter:data1" content="1 minute" />
<script type="application/ld+json" class="yoast-schema-graph">{"@context":"https://schema.org","@graph":[{"@type":"WebPage","@id":"https://www.iseg.ulisboa.pt/en/event/presentation-recruitment-banco-de-portugal/","url":"https://www.iseg.ulisboa.pt/en/event/presentation-recruitment-banco-de-portugal/","name":"APRESENTAÇÃO| Recrutamento Banco de Portugal - ISEG","isPartOf":{"@id":"https://www.iseg.ulisboa.pt/en/#website"},"datePublished":"2012-05-21T18:30:00+00:00","dateModified":"2012-05-21T18:30:00+00:00","breadcrumb":{"@id":"https://www.iseg.ulisboa.pt/en/event/presentation-recruitment-banco-de-portugal/#breadcrumb"},"inLanguage":"en-US","potentialAction":[{"@type":"ReadAction","target":["https://www.iseg.ulisboa.pt/en/event/presentation-recruitment-banco-de-portugal/"]}]},{"@type":"BreadcrumbList","@id":"https://www.iseg.ulisboa.pt/en/event/presentation-recruitment-banco-de-portugal/#breadcrumb","itemListElement":[{"@type":"ListItem","position":1,"name":"Home","item":"https://www.iseg.ulisboa.pt/"},{"@type":"ListItem","position":2,"name":"APRESENTAÇÃO| Recrutamento Banco de Portugal"}]},{"@type":"WebSite","@id":"https://www.iseg.ulisboa.pt/en/#website","url":"https://www.iseg.ulisboa.pt/en/","name":"ISEG","description":"Lisbon School of Economics &amp; Management","publisher":{"@id":"https://www.iseg.ulisboa.pt/en/#organization"},"potentialAction":[{"@type":"SearchAction","target":{"@type":"EntryPoint","urlTemplate":"https://www.iseg.ulisboa.pt/en/?s={search_term_string}"},"query-input":"required name=search_term_string"}],"inLanguage":"en-US"},{"@type":"Organization","@id":"https://www.iseg.ulisboa.pt/en/#organization","name":"ISEG","url":"https://www.iseg.ulisboa.pt/en/","logo":{"@type":"ImageObject","inLanguage":"en-US","@id":"https://www.iseg.ulisboa.pt/en/#/schema/logo/image/","url":"https://www.iseg.ulisboa.pt/wp-content/uploads/2021/02/iseg-logo-ul.svg","contentUrl":"https://www.iseg.ulisboa.pt/wp-content/uploads/2021/02/iseg-logo-ul.svg","width":250,"height":120,"caption":"ISEG"},"image":{"@id":"https://www.iseg.ulisboa.pt/en/#/schema/logo/image/"},"sameAs":["https://www.facebook.com/iseg.pt","https://x.com/iseglisbon","https://www.instagram.com/iseglisbon/","https://www.linkedin.com/school/iseglisbon/","https://www.youtube.com/user/DMREISEG"]}]}</script>
<!-- / Yoast SEO plugin. -->

APRESENTAÇÃO| Recrutamento Banco de Portugal

O Banco de Portugal vai estar no ISEG para apresentar as oportunidades de carreira. PROGRAMA: Apresentação Global do Banco de Portugal Dr. António Garcia, Director do Departamento de Gestão e&nbsp;[...]
