{"id":14881,"date":"2012-05-14T18:30:00","date_gmt":"2012-05-14T18:30:00","guid":{"rendered":"https:\/\/iseg.gomo.dev\/event\/workshop-o-negocio-da-distribuicao-automovel-e-os-desafios-de-hoje\/"},"modified":"2012-05-14T18:30:00","modified_gmt":"2012-05-14T18:30:00","slug":"workshop-the-negotiation-of-automobile-distribution-and-todays-challenges","status":"publish","type":"event","link":"https:\/\/www.iseg.ulisboa.pt\/en\/event\/workshop-the-negotiation-of-automobile-distribution-and-todays-challenges\/","title":{"rendered":"WORKSHOP | The automotive distribution business and today's challenges."},"content":{"rendered":"<p>14 May - 18h30<\/p>\n<p>Quelhas, CTT room<\/p>\n<p>&nbsp;<\/p>\n<p>Speaker's Curriculum:<\/p>\n<p>Name: Helder Boavida\n<br \/>Age: 49\n<br \/>Marital status: Married, two children\n<br \/>Education: Degree in Business Management from ISEG\n<br \/>\n<br \/>I started my career in the automotive sector in 1992 when I joined Renault Portuguesa as a Network Development Manager. I soon felt a strong attraction to the commercial area, so after a short time I moved into the role of Area Manager for the Dealer Network. In the following years, I became Sales Coordinator, and in 1998 I had the opportunity to start a new company within the Renault group from scratch as General Manager - it was Renault Telheiras, a new sales subsidiary. In 2001, I returned to Renault's headquarters to take on the role of Fleet Sales Director.\n<br \/>\n<br \/>In 2004, I came into contact with the fantastic project to start up the BMW Group subsidiary in Portugal (BMW Portugal Lda), and accepted the invitation to become Sales and Marketing Director, a position I held until 2008. Then I was invited to take on the role of Managing Director of BMW in Portugal, a position I have held to this day.<\/p>\n<p>&nbsp;<\/p>","protected":false},"excerpt":{"rendered":"May 14 \u2013 6:30 p.m., Quelhas, CTT Room   Speaker\u2019s Biography: Name: Helder Boavida Age: 49 Marital Status: Married, two children Education: Bachelor\u2019s degree in Business Administration from ISEG [\u2026]","protected":false},"featured_media":0,"template":"","topic":[],"event_type":[1151],"acf":{"start_date":"2012-05-14 18:30:00","end_date":"2012-05-14 18:31:00","venue":"Quelhas, Sala CTT","event_type":1151,"topic":false},"yoast_head":"<!-- This site is optimized with the Yoast SEO plugin v22.6 - https:\/\/yoast.com\/wordpress\/plugins\/seo\/ -->\n<title>WORKSHOP | O neg\u00f3cio da distribui\u00e7\u00e3o autom\u00f3vel e os desafios de hoje. - ISEG<\/title>\n<meta name=\"robots\" content=\"index, follow, max-snippet:-1, max-image-preview:large, max-video-preview:-1\" \/>\n<link rel=\"canonical\" href=\"https:\/\/www.iseg.ulisboa.pt\/en\/event\/workshop-the-negotiation-of-automobile-distribution-and-todays-challenges\/\" \/>\n<meta name=\"twitter:label1\" content=\"Est. reading time\" \/>\n\t<meta name=\"twitter:data1\" content=\"1 minute\" \/>\n<script type=\"application\/ld+json\" class=\"yoast-schema-graph\">{\"@context\":\"https:\/\/schema.org\",\"@graph\":[{\"@type\":\"WebPage\",\"@id\":\"https:\/\/www.iseg.ulisboa.pt\/en\/event\/workshop-the-negotiation-of-automobile-distribution-and-todays-challenges\/\",\"url\":\"https:\/\/www.iseg.ulisboa.pt\/en\/event\/workshop-the-negotiation-of-automobile-distribution-and-todays-challenges\/\",\"name\":\"WORKSHOP | O neg\u00f3cio da distribui\u00e7\u00e3o autom\u00f3vel e os desafios de hoje. - ISEG\",\"isPartOf\":{\"@id\":\"https:\/\/www.iseg.ulisboa.pt\/en\/#website\"},\"datePublished\":\"2012-05-14T18:30:00+00:00\",\"dateModified\":\"2012-05-14T18:30:00+00:00\",\"breadcrumb\":{\"@id\":\"https:\/\/www.iseg.ulisboa.pt\/en\/event\/workshop-the-negotiation-of-automobile-distribution-and-todays-challenges\/#breadcrumb\"},\"inLanguage\":\"en-US\",\"potentialAction\":[{\"@type\":\"ReadAction\",\"target\":[\"https:\/\/www.iseg.ulisboa.pt\/en\/event\/workshop-the-negotiation-of-automobile-distribution-and-todays-challenges\/\"]}]},{\"@type\":\"BreadcrumbList\",\"@id\":\"https:\/\/www.iseg.ulisboa.pt\/en\/event\/workshop-the-negotiation-of-automobile-distribution-and-todays-challenges\/#breadcrumb\",\"itemListElement\":[{\"@type\":\"ListItem\",\"position\":1,\"name\":\"Home\",\"item\":\"https:\/\/www.iseg.ulisboa.pt\/\"},{\"@type\":\"ListItem\",\"position\":2,\"name\":\"WORKSHOP | O neg\u00f3cio da distribui\u00e7\u00e3o autom\u00f3vel e os desafios de hoje.\"}]},{\"@type\":\"WebSite\",\"@id\":\"https:\/\/www.iseg.ulisboa.pt\/en\/#website\",\"url\":\"https:\/\/www.iseg.ulisboa.pt\/en\/\",\"name\":\"ISEG\",\"description\":\"Lisbon School of Economics &amp; Management\",\"publisher\":{\"@id\":\"https:\/\/www.iseg.ulisboa.pt\/en\/#organization\"},\"potentialAction\":[{\"@type\":\"SearchAction\",\"target\":{\"@type\":\"EntryPoint\",\"urlTemplate\":\"https:\/\/www.iseg.ulisboa.pt\/en\/?s={search_term_string}\"},\"query-input\":\"required name=search_term_string\"}],\"inLanguage\":\"en-US\"},{\"@type\":\"Organization\",\"@id\":\"https:\/\/www.iseg.ulisboa.pt\/en\/#organization\",\"name\":\"ISEG\",\"url\":\"https:\/\/www.iseg.ulisboa.pt\/en\/\",\"logo\":{\"@type\":\"ImageObject\",\"inLanguage\":\"en-US\",\"@id\":\"https:\/\/www.iseg.ulisboa.pt\/en\/#\/schema\/logo\/image\/\",\"url\":\"https:\/\/www.iseg.ulisboa.pt\/wp-content\/uploads\/2021\/02\/iseg-logo-ul.svg\",\"contentUrl\":\"https:\/\/www.iseg.ulisboa.pt\/wp-content\/uploads\/2021\/02\/iseg-logo-ul.svg\",\"width\":250,\"height\":120,\"caption\":\"ISEG\"},\"image\":{\"@id\":\"https:\/\/www.iseg.ulisboa.pt\/en\/#\/schema\/logo\/image\/\"},\"sameAs\":[\"https:\/\/www.facebook.com\/iseg.pt\",\"https:\/\/x.com\/iseglisbon\",\"https:\/\/www.instagram.com\/iseglisbon\/\",\"https:\/\/www.linkedin.com\/school\/iseglisbon\/\",\"https:\/\/www.youtube.com\/user\/DMREISEG\"]}]}<\/script>\n<!-- \/ Yoast SEO plugin. -->","yoast_head_json":{"title":"WORKSHOP | The car distribution business and today's challenges. - ISEG","robots":{"index":"index","follow":"follow","max-snippet":"max-snippet:-1","max-image-preview":"max-image-preview:large","max-video-preview":"max-video-preview:-1"},"canonical":"https:\/\/www.iseg.ulisboa.pt\/en\/event\/workshop-the-negotiation-of-automobile-distribution-and-todays-challenges\/","twitter_misc":{"Est. reading time":"1 minute"},"schema":{"@context":"https:\/\/schema.org","@graph":[{"@type":"WebPage","@id":"https:\/\/www.iseg.ulisboa.pt\/en\/event\/workshop-the-negotiation-of-automobile-distribution-and-todays-challenges\/","url":"https:\/\/www.iseg.ulisboa.pt\/en\/event\/workshop-the-negotiation-of-automobile-distribution-and-todays-challenges\/","name":"WORKSHOP | The car distribution business and today's challenges. - ISEG","isPartOf":{"@id":"https:\/\/www.iseg.ulisboa.pt\/en\/#website"},"datePublished":"2012-05-14T18:30:00+00:00","dateModified":"2012-05-14T18:30:00+00:00","breadcrumb":{"@id":"https:\/\/www.iseg.ulisboa.pt\/en\/event\/workshop-the-negotiation-of-automobile-distribution-and-todays-challenges\/#breadcrumb"},"inLanguage":"en-US","potentialAction":[{"@type":"ReadAction","target":["https:\/\/www.iseg.ulisboa.pt\/en\/event\/workshop-the-negotiation-of-automobile-distribution-and-todays-challenges\/"]}]},{"@type":"BreadcrumbList","@id":"https:\/\/www.iseg.ulisboa.pt\/en\/event\/workshop-the-negotiation-of-automobile-distribution-and-todays-challenges\/#breadcrumb","itemListElement":[{"@type":"ListItem","position":1,"name":"Home","item":"https:\/\/www.iseg.ulisboa.pt\/"},{"@type":"ListItem","position":2,"name":"WORKSHOP | O neg\u00f3cio da distribui\u00e7\u00e3o autom\u00f3vel e os desafios de hoje."}]},{"@type":"WebSite","@id":"https:\/\/www.iseg.ulisboa.pt\/en\/#website","url":"https:\/\/www.iseg.ulisboa.pt\/en\/","name":"ISEG","description":"Lisbon School of Economics &amp; Management","publisher":{"@id":"https:\/\/www.iseg.ulisboa.pt\/en\/#organization"},"potentialAction":[{"@type":"SearchAction","target":{"@type":"EntryPoint","urlTemplate":"https:\/\/www.iseg.ulisboa.pt\/en\/?s={search_term_string}"},"query-input":"required name=search_term_string"}],"inLanguage":"en-US"},{"@type":"Organization","@id":"https:\/\/www.iseg.ulisboa.pt\/en\/#organization","name":"ISEG","url":"https:\/\/www.iseg.ulisboa.pt\/en\/","logo":{"@type":"ImageObject","inLanguage":"en-US","@id":"https:\/\/www.iseg.ulisboa.pt\/en\/#\/schema\/logo\/image\/","url":"https:\/\/www.iseg.ulisboa.pt\/wp-content\/uploads\/2021\/02\/iseg-logo-ul.svg","contentUrl":"https:\/\/www.iseg.ulisboa.pt\/wp-content\/uploads\/2021\/02\/iseg-logo-ul.svg","width":250,"height":120,"caption":"ISEG"},"image":{"@id":"https:\/\/www.iseg.ulisboa.pt\/en\/#\/schema\/logo\/image\/"},"sameAs":["https:\/\/www.facebook.com\/iseg.pt","https:\/\/x.com\/iseglisbon","https:\/\/www.instagram.com\/iseglisbon\/","https:\/\/www.linkedin.com\/school\/iseglisbon\/","https:\/\/www.youtube.com\/user\/DMREISEG"]}]}},"uagb_featured_image_src":{"full":false,"thumbnail":false,"medium":false,"medium_large":false,"large":false,"1536x1536":false,"2048x2048":false,"trp-custom-language-flag":false},"uagb_author_info":{"display_name":"gomo","author_link":"https:\/\/www.iseg.ulisboa.pt\/en\/author\/"},"uagb_comment_info":0,"uagb_excerpt":"14 Maio &#8211; 18h30 Quelhas, sala CTT &nbsp; Curriculum do Orador: Nome: Helder Boavida Idade: 49 anos Estado Civil: Casado, dois filhos Educa\u00e7\u00e3o: Licenciatura em Gest\u00e3o de Empresas pelo ISEG&nbsp;[...]","_links":{"self":[{"href":"https:\/\/www.iseg.ulisboa.pt\/en\/wp-json\/wp\/v2\/event\/14881"}],"collection":[{"href":"https:\/\/www.iseg.ulisboa.pt\/en\/wp-json\/wp\/v2\/event"}],"about":[{"href":"https:\/\/www.iseg.ulisboa.pt\/en\/wp-json\/wp\/v2\/types\/event"}],"version-history":[{"count":0,"href":"https:\/\/www.iseg.ulisboa.pt\/en\/wp-json\/wp\/v2\/event\/14881\/revisions"}],"acf:term":[{"embeddable":true,"taxonomy":"event_type","href":"https:\/\/www.iseg.ulisboa.pt\/en\/wp-json\/wp\/v2\/event_type\/1151"}],"wp:attachment":[{"href":"https:\/\/www.iseg.ulisboa.pt\/en\/wp-json\/wp\/v2\/media?parent=14881"}],"wp:term":[{"taxonomy":"topic","embeddable":true,"href":"https:\/\/www.iseg.ulisboa.pt\/en\/wp-json\/wp\/v2\/topic?post=14881"},{"taxonomy":"event_type","embeddable":true,"href":"https:\/\/www.iseg.ulisboa.pt\/en\/wp-json\/wp\/v2\/event_type?post=14881"}],"curies":[{"name":"wp","href":"https:\/\/api.w.org\/{rel}","templated":true}]}}

<!-- This site is optimized with the Yoast SEO plugin v22.6 - https://yoast.com/wordpress/plugins/seo/ -->
<title>WORKSHOP | O negócio da distribuição automóvel e os desafios de hoje. - ISEG</title>
<meta name="robots" content="index, follow, max-snippet:-1, max-image-preview:large, max-video-preview:-1" />
<link rel="canonical" href="https://www.iseg.ulisboa.pt/en/event/workshop-the-negotiation-of-automobile-distribution-and-todays-challenges/" />
<meta name="twitter:label1" content="Est. reading time" />
	<meta name="twitter:data1" content="1 minute" />
<script type="application/ld+json" class="yoast-schema-graph">{"@context":"https://schema.org","@graph":[{"@type":"WebPage","@id":"https://www.iseg.ulisboa.pt/en/event/workshop-the-negotiation-of-automobile-distribution-and-todays-challenges/","url":"https://www.iseg.ulisboa.pt/en/event/workshop-the-negotiation-of-automobile-distribution-and-todays-challenges/","name":"WORKSHOP | O negócio da distribuição automóvel e os desafios de hoje. - ISEG","isPartOf":{"@id":"https://www.iseg.ulisboa.pt/en/#website"},"datePublished":"2012-05-14T18:30:00+00:00","dateModified":"2012-05-14T18:30:00+00:00","breadcrumb":{"@id":"https://www.iseg.ulisboa.pt/en/event/workshop-the-negotiation-of-automobile-distribution-and-todays-challenges/#breadcrumb"},"inLanguage":"en-US","potentialAction":[{"@type":"ReadAction","target":["https://www.iseg.ulisboa.pt/en/event/workshop-the-negotiation-of-automobile-distribution-and-todays-challenges/"]}]},{"@type":"BreadcrumbList","@id":"https://www.iseg.ulisboa.pt/en/event/workshop-the-negotiation-of-automobile-distribution-and-todays-challenges/#breadcrumb","itemListElement":[{"@type":"ListItem","position":1,"name":"Home","item":"https://www.iseg.ulisboa.pt/"},{"@type":"ListItem","position":2,"name":"WORKSHOP | O negócio da distribuição automóvel e os desafios de hoje."}]},{"@type":"WebSite","@id":"https://www.iseg.ulisboa.pt/en/#website","url":"https://www.iseg.ulisboa.pt/en/","name":"ISEG","description":"Lisbon School of Economics &amp; Management","publisher":{"@id":"https://www.iseg.ulisboa.pt/en/#organization"},"potentialAction":[{"@type":"SearchAction","target":{"@type":"EntryPoint","urlTemplate":"https://www.iseg.ulisboa.pt/en/?s={search_term_string}"},"query-input":"required name=search_term_string"}],"inLanguage":"en-US"},{"@type":"Organization","@id":"https://www.iseg.ulisboa.pt/en/#organization","name":"ISEG","url":"https://www.iseg.ulisboa.pt/en/","logo":{"@type":"ImageObject","inLanguage":"en-US","@id":"https://www.iseg.ulisboa.pt/en/#/schema/logo/image/","url":"https://www.iseg.ulisboa.pt/wp-content/uploads/2021/02/iseg-logo-ul.svg","contentUrl":"https://www.iseg.ulisboa.pt/wp-content/uploads/2021/02/iseg-logo-ul.svg","width":250,"height":120,"caption":"ISEG"},"image":{"@id":"https://www.iseg.ulisboa.pt/en/#/schema/logo/image/"},"sameAs":["https://www.facebook.com/iseg.pt","https://x.com/iseglisbon","https://www.instagram.com/iseglisbon/","https://www.linkedin.com/school/iseglisbon/","https://www.youtube.com/user/DMREISEG"]}]}</script>
<!-- / Yoast SEO plugin. -->

WORKSHOP | O negócio da distribuição automóvel e os desafios de hoje.

14 Maio &#8211; 18h30 Quelhas, sala CTT &nbsp; Curriculum do Orador: Nome: Helder Boavida Idade: 49 anos Estado Civil: Casado, dois filhos Educação: Licenciatura em Gestão de Empresas pelo ISEG&nbsp;[...]
