{"id":15016,"date":"2011-11-17T18:00:00","date_gmt":"2011-11-17T18:00:00","guid":{"rendered":"https:\/\/iseg.gomo.dev\/event\/seminario-cesa-construction-nationale-et-integration-regionale-le-cas-du-rwanda\/"},"modified":"2011-11-17T18:00:00","modified_gmt":"2011-11-17T18:00:00","slug":"seminar-cesa-construction-nationale-et-integration-regionale-le-cas-du-rwanda","status":"publish","type":"event","link":"https:\/\/www.iseg.ulisboa.pt\/en\/event\/seminar-cesa-construction-nationale-et-integration-regionale-le-cas-du-rwanda\/","title":{"rendered":"CESA Seminar \"Construction Nationale et Int\u00e9gration R\u00e9gionale: Le cas du Rwanda\""},"content":{"rendered":"<p>\n  <strong>Seminar in the framework of the Master in Development and International Cooperation<\/strong>\n<\/p>\n<p>\n<strong>Speaker\n<br \/><\/strong> Professor Jos\u00e9 Kagabo - EHESS, Paris<\/p>\n<p>\n  <strong>Initiative: CEsA - Center for African and Development Studies<\/strong>\n<\/p>\n<p>\n  <strong>Support: FCT<\/strong>\n<\/p>\n<p>\n<strong>Contacts\n<br \/><\/strong> CEsA - Center for African and Development Studies\n<br \/>Instituto Superior de Economia e Gest\u00e3o\/UTL\n<br \/>Rua Miguel Lupi, 20\n<br \/>1249-078 Lisboa\n<br \/>Tlf: 21 3925983 Fax: 21 3976271\n<br \/>email: \n<a href=\"mailto:cesa@iseg.utl.pt\">cesa@iseg.utl.pt<\/a>\n<br \/>\n<a href=\"http:\/\/pascal.iseg.utl.pt\/~cesa\/\">http:\/\/pascal.iseg.utl.pt\/~cesa\/<\/a><\/p>\n<p>&nbsp;<\/p>","protected":false},"excerpt":{"rendered":"The CEsA Seminar \"Construction Nationale et Int\u00e9gration R\u00e9gionale: Le cas du Rwanda\", as part of the Master's Degree in Development and International Cooperation, with the participation of Prof. Jos\u00e9 Kagabo from EHESS, Paris.","protected":false},"featured_media":0,"template":"","topic":[1401],"event_type":[1155],"acf":{"start_date":"2011-11-17 18:00:00","end_date":"2011-11-17 18:01:00","venue":"Edif\u00edcio Francesinhas I, anfiteatro 21","event_type":1155,"topic":[1401]},"yoast_head":"<!-- This site is optimized with the Yoast SEO plugin v22.6 - https:\/\/yoast.com\/wordpress\/plugins\/seo\/ -->\n<title>Semin\u00e1rio CEsA &quot;Construction Nationale et Int\u00e9gration R\u00e9gionale: Le cas du Rwanda&quot; - ISEG<\/title>\n<meta name=\"robots\" content=\"index, follow, max-snippet:-1, max-image-preview:large, max-video-preview:-1\" \/>\n<link rel=\"canonical\" href=\"https:\/\/www.iseg.ulisboa.pt\/en\/event\/seminar-cesa-construction-nationale-et-integration-regionale-le-cas-du-rwanda\/\" \/>\n<script type=\"application\/ld+json\" class=\"yoast-schema-graph\">{\"@context\":\"https:\/\/schema.org\",\"@graph\":[{\"@type\":\"WebPage\",\"@id\":\"https:\/\/www.iseg.ulisboa.pt\/en\/event\/seminar-cesa-construction-nationale-et-integration-regionale-le-cas-du-rwanda\/\",\"url\":\"https:\/\/www.iseg.ulisboa.pt\/en\/event\/seminar-cesa-construction-nationale-et-integration-regionale-le-cas-du-rwanda\/\",\"name\":\"Semin\u00e1rio CEsA \\\"Construction Nationale et Int\u00e9gration R\u00e9gionale: Le cas du Rwanda\\\" - ISEG\",\"isPartOf\":{\"@id\":\"https:\/\/www.iseg.ulisboa.pt\/en\/#website\"},\"datePublished\":\"2011-11-17T18:00:00+00:00\",\"dateModified\":\"2011-11-17T18:00:00+00:00\",\"breadcrumb\":{\"@id\":\"https:\/\/www.iseg.ulisboa.pt\/en\/event\/seminar-cesa-construction-nationale-et-integration-regionale-le-cas-du-rwanda\/#breadcrumb\"},\"inLanguage\":\"en-US\",\"potentialAction\":[{\"@type\":\"ReadAction\",\"target\":[\"https:\/\/www.iseg.ulisboa.pt\/en\/event\/seminar-cesa-construction-nationale-et-integration-regionale-le-cas-du-rwanda\/\"]}]},{\"@type\":\"BreadcrumbList\",\"@id\":\"https:\/\/www.iseg.ulisboa.pt\/en\/event\/seminar-cesa-construction-nationale-et-integration-regionale-le-cas-du-rwanda\/#breadcrumb\",\"itemListElement\":[{\"@type\":\"ListItem\",\"position\":1,\"name\":\"Home\",\"item\":\"https:\/\/www.iseg.ulisboa.pt\/\"},{\"@type\":\"ListItem\",\"position\":2,\"name\":\"Semin\u00e1rio CEsA &#8220;Construction Nationale et Int\u00e9gration R\u00e9gionale: Le cas du Rwanda&#8221;\"}]},{\"@type\":\"WebSite\",\"@id\":\"https:\/\/www.iseg.ulisboa.pt\/en\/#website\",\"url\":\"https:\/\/www.iseg.ulisboa.pt\/en\/\",\"name\":\"ISEG\",\"description\":\"Lisbon School of Economics &amp; Management\",\"publisher\":{\"@id\":\"https:\/\/www.iseg.ulisboa.pt\/en\/#organization\"},\"potentialAction\":[{\"@type\":\"SearchAction\",\"target\":{\"@type\":\"EntryPoint\",\"urlTemplate\":\"https:\/\/www.iseg.ulisboa.pt\/en\/?s={search_term_string}\"},\"query-input\":\"required name=search_term_string\"}],\"inLanguage\":\"en-US\"},{\"@type\":\"Organization\",\"@id\":\"https:\/\/www.iseg.ulisboa.pt\/en\/#organization\",\"name\":\"ISEG\",\"url\":\"https:\/\/www.iseg.ulisboa.pt\/en\/\",\"logo\":{\"@type\":\"ImageObject\",\"inLanguage\":\"en-US\",\"@id\":\"https:\/\/www.iseg.ulisboa.pt\/en\/#\/schema\/logo\/image\/\",\"url\":\"https:\/\/www.iseg.ulisboa.pt\/wp-content\/uploads\/2021\/02\/iseg-logo-ul.svg\",\"contentUrl\":\"https:\/\/www.iseg.ulisboa.pt\/wp-content\/uploads\/2021\/02\/iseg-logo-ul.svg\",\"width\":250,\"height\":120,\"caption\":\"ISEG\"},\"image\":{\"@id\":\"https:\/\/www.iseg.ulisboa.pt\/en\/#\/schema\/logo\/image\/\"},\"sameAs\":[\"https:\/\/www.facebook.com\/iseg.pt\",\"https:\/\/x.com\/iseglisbon\",\"https:\/\/www.instagram.com\/iseglisbon\/\",\"https:\/\/www.linkedin.com\/school\/iseglisbon\/\",\"https:\/\/www.youtube.com\/user\/DMREISEG\"]}]}<\/script>\n<!-- \/ Yoast SEO plugin. -->","yoast_head_json":{"title":"CEsA Seminar \"Construction Nationale et Int\u00e9gration R\u00e9gionale: Le cas du Rwanda\" - ISEG","robots":{"index":"index","follow":"follow","max-snippet":"max-snippet:-1","max-image-preview":"max-image-preview:large","max-video-preview":"max-video-preview:-1"},"canonical":"https:\/\/www.iseg.ulisboa.pt\/en\/event\/seminar-cesa-construction-nationale-et-integration-regionale-le-cas-du-rwanda\/","schema":{"@context":"https:\/\/schema.org","@graph":[{"@type":"WebPage","@id":"https:\/\/www.iseg.ulisboa.pt\/en\/event\/seminar-cesa-construction-nationale-et-integration-regionale-le-cas-du-rwanda\/","url":"https:\/\/www.iseg.ulisboa.pt\/en\/event\/seminar-cesa-construction-nationale-et-integration-regionale-le-cas-du-rwanda\/","name":"CEsA Seminar \"Construction Nationale et Int\u00e9gration R\u00e9gionale: Le cas du Rwanda\" - ISEG","isPartOf":{"@id":"https:\/\/www.iseg.ulisboa.pt\/en\/#website"},"datePublished":"2011-11-17T18:00:00+00:00","dateModified":"2011-11-17T18:00:00+00:00","breadcrumb":{"@id":"https:\/\/www.iseg.ulisboa.pt\/en\/event\/seminar-cesa-construction-nationale-et-integration-regionale-le-cas-du-rwanda\/#breadcrumb"},"inLanguage":"en-US","potentialAction":[{"@type":"ReadAction","target":["https:\/\/www.iseg.ulisboa.pt\/en\/event\/seminar-cesa-construction-nationale-et-integration-regionale-le-cas-du-rwanda\/"]}]},{"@type":"BreadcrumbList","@id":"https:\/\/www.iseg.ulisboa.pt\/en\/event\/seminar-cesa-construction-nationale-et-integration-regionale-le-cas-du-rwanda\/#breadcrumb","itemListElement":[{"@type":"ListItem","position":1,"name":"Home","item":"https:\/\/www.iseg.ulisboa.pt\/"},{"@type":"ListItem","position":2,"name":"Semin\u00e1rio CEsA &#8220;Construction Nationale et Int\u00e9gration R\u00e9gionale: Le cas du Rwanda&#8221;"}]},{"@type":"WebSite","@id":"https:\/\/www.iseg.ulisboa.pt\/en\/#website","url":"https:\/\/www.iseg.ulisboa.pt\/en\/","name":"ISEG","description":"Lisbon School of Economics &amp; Management","publisher":{"@id":"https:\/\/www.iseg.ulisboa.pt\/en\/#organization"},"potentialAction":[{"@type":"SearchAction","target":{"@type":"EntryPoint","urlTemplate":"https:\/\/www.iseg.ulisboa.pt\/en\/?s={search_term_string}"},"query-input":"required name=search_term_string"}],"inLanguage":"en-US"},{"@type":"Organization","@id":"https:\/\/www.iseg.ulisboa.pt\/en\/#organization","name":"ISEG","url":"https:\/\/www.iseg.ulisboa.pt\/en\/","logo":{"@type":"ImageObject","inLanguage":"en-US","@id":"https:\/\/www.iseg.ulisboa.pt\/en\/#\/schema\/logo\/image\/","url":"https:\/\/www.iseg.ulisboa.pt\/wp-content\/uploads\/2021\/02\/iseg-logo-ul.svg","contentUrl":"https:\/\/www.iseg.ulisboa.pt\/wp-content\/uploads\/2021\/02\/iseg-logo-ul.svg","width":250,"height":120,"caption":"ISEG"},"image":{"@id":"https:\/\/www.iseg.ulisboa.pt\/en\/#\/schema\/logo\/image\/"},"sameAs":["https:\/\/www.facebook.com\/iseg.pt","https:\/\/x.com\/iseglisbon","https:\/\/www.instagram.com\/iseglisbon\/","https:\/\/www.linkedin.com\/school\/iseglisbon\/","https:\/\/www.youtube.com\/user\/DMREISEG"]}]}},"uagb_featured_image_src":{"full":false,"thumbnail":false,"medium":false,"medium_large":false,"large":false,"1536x1536":false,"2048x2048":false,"trp-custom-language-flag":false},"uagb_author_info":{"display_name":"gomo","author_link":"https:\/\/www.iseg.ulisboa.pt\/en\/author\/"},"uagb_comment_info":0,"uagb_excerpt":"Realiza-se no pr\u00f3ximo dia 17 de Novembro o Semin\u00e1rio CEsA \"Construction Nationale et Int\u00e9gration R\u00e9gionale: Le cas du Rwanda\", no \u00e2mbito do Mestrado em Desenvolvimento e Coopera\u00e7\u00e3o Internacional, com a participa\u00e7\u00e3o do Prof. Jos\u00e9 Kagabo\u00a0da EHESS, Paris.","_links":{"self":[{"href":"https:\/\/www.iseg.ulisboa.pt\/en\/wp-json\/wp\/v2\/event\/15016"}],"collection":[{"href":"https:\/\/www.iseg.ulisboa.pt\/en\/wp-json\/wp\/v2\/event"}],"about":[{"href":"https:\/\/www.iseg.ulisboa.pt\/en\/wp-json\/wp\/v2\/types\/event"}],"version-history":[{"count":0,"href":"https:\/\/www.iseg.ulisboa.pt\/en\/wp-json\/wp\/v2\/event\/15016\/revisions"}],"acf:term":[{"embeddable":true,"taxonomy":"topic","href":"https:\/\/www.iseg.ulisboa.pt\/en\/wp-json\/wp\/v2\/topic\/1401"},{"embeddable":true,"taxonomy":"event_type","href":"https:\/\/www.iseg.ulisboa.pt\/en\/wp-json\/wp\/v2\/event_type\/1155"}],"wp:attachment":[{"href":"https:\/\/www.iseg.ulisboa.pt\/en\/wp-json\/wp\/v2\/media?parent=15016"}],"wp:term":[{"taxonomy":"topic","embeddable":true,"href":"https:\/\/www.iseg.ulisboa.pt\/en\/wp-json\/wp\/v2\/topic?post=15016"},{"taxonomy":"event_type","embeddable":true,"href":"https:\/\/www.iseg.ulisboa.pt\/en\/wp-json\/wp\/v2\/event_type?post=15016"}],"curies":[{"name":"wp","href":"https:\/\/api.w.org\/{rel}","templated":true}]}}

CESA Seminar "Construction Nationale et Intégration Régionale: Le cas du Rwanda"

<p>
  <strong>Seminar in the framework of the Master in Development and International Cooperation</strong>
</p>
<p>
<strong>Speaker
<br /></strong> Professor José Kagabo - EHESS, Paris</p>
<p>
  <strong>Initiative: CEsA - Center for African and Development Studies</strong>
</p>
<p>
  <strong>Support: FCT</strong>
</p>
<p>
<strong>Contacts
<br /></strong> CEsA - Center for African and Development Studies
<br />Instituto Superior de Economia e Gestão/UTL
<br />Rua Miguel Lupi, 20
<br />1249-078 Lisboa
<br />Tlf: 21 3925983 Fax: 21 3976271
<br />email: 
<a href="mailto:cesa@iseg.utl.pt">cesa@iseg.utl.pt</a>
<br />
<a href="http://pascal.iseg.utl.pt/~cesa/">http://pascal.iseg.utl.pt/~cesa/</a></p>
<p>&nbsp;</p>

The CEsA Seminar "Construction Nationale et Intégration Régionale: Le cas du Rwanda", as part of the Master's Degree in Development and International Cooperation, with the participation of Prof. José Kagabo from EHESS, Paris.

Edifício Francesinhas I, anfiteatro 21

<!-- This site is optimized with the Yoast SEO plugin v22.6 - https://yoast.com/wordpress/plugins/seo/ -->
<title>Seminário CEsA &quot;Construction Nationale et Intégration Régionale: Le cas du Rwanda&quot; - ISEG</title>
<meta name="robots" content="index, follow, max-snippet:-1, max-image-preview:large, max-video-preview:-1" />
<link rel="canonical" href="https://www.iseg.ulisboa.pt/en/event/seminar-cesa-construction-nationale-et-integration-regionale-le-cas-du-rwanda/" />
<script type="application/ld+json" class="yoast-schema-graph">{"@context":"https://schema.org","@graph":[{"@type":"WebPage","@id":"https://www.iseg.ulisboa.pt/en/event/seminar-cesa-construction-nationale-et-integration-regionale-le-cas-du-rwanda/","url":"https://www.iseg.ulisboa.pt/en/event/seminar-cesa-construction-nationale-et-integration-regionale-le-cas-du-rwanda/","name":"Seminário CEsA \"Construction Nationale et Intégration Régionale: Le cas du Rwanda\" - ISEG","isPartOf":{"@id":"https://www.iseg.ulisboa.pt/en/#website"},"datePublished":"2011-11-17T18:00:00+00:00","dateModified":"2011-11-17T18:00:00+00:00","breadcrumb":{"@id":"https://www.iseg.ulisboa.pt/en/event/seminar-cesa-construction-nationale-et-integration-regionale-le-cas-du-rwanda/#breadcrumb"},"inLanguage":"en-US","potentialAction":[{"@type":"ReadAction","target":["https://www.iseg.ulisboa.pt/en/event/seminar-cesa-construction-nationale-et-integration-regionale-le-cas-du-rwanda/"]}]},{"@type":"BreadcrumbList","@id":"https://www.iseg.ulisboa.pt/en/event/seminar-cesa-construction-nationale-et-integration-regionale-le-cas-du-rwanda/#breadcrumb","itemListElement":[{"@type":"ListItem","position":1,"name":"Home","item":"https://www.iseg.ulisboa.pt/"},{"@type":"ListItem","position":2,"name":"Seminário CEsA &#8220;Construction Nationale et Intégration Régionale: Le cas du Rwanda&#8221;"}]},{"@type":"WebSite","@id":"https://www.iseg.ulisboa.pt/en/#website","url":"https://www.iseg.ulisboa.pt/en/","name":"ISEG","description":"Lisbon School of Economics &amp; Management","publisher":{"@id":"https://www.iseg.ulisboa.pt/en/#organization"},"potentialAction":[{"@type":"SearchAction","target":{"@type":"EntryPoint","urlTemplate":"https://www.iseg.ulisboa.pt/en/?s={search_term_string}"},"query-input":"required name=search_term_string"}],"inLanguage":"en-US"},{"@type":"Organization","@id":"https://www.iseg.ulisboa.pt/en/#organization","name":"ISEG","url":"https://www.iseg.ulisboa.pt/en/","logo":{"@type":"ImageObject","inLanguage":"en-US","@id":"https://www.iseg.ulisboa.pt/en/#/schema/logo/image/","url":"https://www.iseg.ulisboa.pt/wp-content/uploads/2021/02/iseg-logo-ul.svg","contentUrl":"https://www.iseg.ulisboa.pt/wp-content/uploads/2021/02/iseg-logo-ul.svg","width":250,"height":120,"caption":"ISEG"},"image":{"@id":"https://www.iseg.ulisboa.pt/en/#/schema/logo/image/"},"sameAs":["https://www.facebook.com/iseg.pt","https://x.com/iseglisbon","https://www.instagram.com/iseglisbon/","https://www.linkedin.com/school/iseglisbon/","https://www.youtube.com/user/DMREISEG"]}]}</script>
<!-- / Yoast SEO plugin. -->

CEsA Seminar "Construction Nationale et Intégration Régionale: Le cas du Rwanda" - ISEG

Seminário CEsA &#8220;Construction Nationale et Intégration Régionale: Le cas du Rwanda&#8221;

Realiza-se no próximo dia 17 de Novembro o Seminário CEsA "Construction Nationale et Intégration Régionale: Le cas du Rwanda", no âmbito do Mestrado em Desenvolvimento e Cooperação Internacional, com a participação do Prof. José Kagabo da EHESS, Paris.
