{"id":15405,"date":"2009-11-18T15:00:00","date_gmt":"2009-11-18T15:00:00","guid":{"rendered":"https:\/\/iseg.gomo.dev\/event\/sessao-solene-de-abertura-do-ano-lectivo-2009-2010\/"},"modified":"2009-11-18T15:00:00","modified_gmt":"2009-11-18T15:00:00","slug":"sessao-solene-de-abertura-do-ano-lectivo-2009-2010","status":"publish","type":"event","link":"https:\/\/www.iseg.ulisboa.pt\/en\/event\/sessao-solene-de-abertura-do-ano-lectivo-2009-2010\/","title":{"rendered":"Solemn Opening of the 2009\/2010 School Year"},"content":{"rendered":"<ul>\n  <li>\n    <strong>\n      <a title=\"Solemn Opening Session of the 2009-2010 School Year\" href=\"https:\/\/aquila.iseg.utl.pt\/aquila\/instituicao\/ISEG\/lateral\/a-escola\/quem-somos-\/sessao-solene\/abertura-do-ano-lectivo-2009-2010\">PHOTOGRAPHIC REPORTING and DISCURSIONS<\/a>\n    <\/strong>\n  <\/li>\n<\/ul>\n<p>The Solemn Opening Session of the 2009\/2010 School Year will be held on November 18, at 3:00 p.m. in the Caixa Geral de Dep\u00f3sitos Auditorium.<\/p>\n<p>In addition to the speeches by the President of the School and the Rector of the Technical University of Lisbon, Professor Miguel St. Aubyn will deliver the Keynote Address, entitled \"Measuring efficiency in the public sector with application to universities\".<\/p>\n<p>Insignia, diplomas and awards will be presented during the session.<\/p>\n<p>\n  <strong>PROGRAMME<\/strong>\n<\/p>\n<ul>\n  <li>Opening of the event<\/li>\n  <li>Speech by the President of the Instituto Superior de Economia e Gest\u00e3o, Professor Jo\u00e3o Duque<\/li>\n  <li>Keynote lecture by Professor Miguel Pedro St. Aubyn, \"Measuring efficiency in the public sector with application to universities\"<\/li>\n  <li>Intervention by the Academic Tuna of ISEG<\/li>\n  <li>Presentation of Insignia, Awards and Diplomas<\/li>\n  <li>Musical Moment<\/li>\n  <li>Speech by the Rector, Professor Fernando Ram\u00f4a Ribeiro<\/li>\n  <li>Closure of the Session<\/li>\n<\/ul>\n<p>\n<strong>For more information<\/strong>\n<br \/>GCI- Communication and Image Office\n<br \/>J\u00falia Marmelada or Paulo Fonseca\n<br \/>e-mail:gci@iseg.utl.pt\n<br \/>tel. 213 925 802\/834<\/p>\n<p>\n  <strong>R.S.F. Until 12\/11\/2009<\/strong>\n<\/p>\n<table border=\"0\">\n  <tbody>\n    <tr>\n      <td>\n        <img loading=\"lazy\" decoding=\"async\" src=\"https:\/\/aquila1.iseg.utl.pt\/aquila\/getFile.do?method=getFile&amp;fileId=81070\" alt=\"Poster for the Solemn Opening of the 2009\/2010 School Year\" width=\"200\" height=\"259\" \/>\n      <\/td>\n      <td>\n        <p>\n          <strong>\n            <a title=\"Invitation Formal Session Opening of the 2009\/2010 School Year\" href=\"https:\/\/aquila1.iseg.utl.pt\/aquila\/getFile.do?method=getFile&amp;fileId=81071\">INVITATION<\/a>\n          <\/strong>\n        <\/p>\n        <p>\n          <strong>\n            <a title=\"Poster for the Solemn Opening of the 2009\/2010 School Year\" href=\"https:\/\/aquila1.iseg.utl.pt\/aquila\/getFile.do?method=getFile&amp;fileId=81069\">CART<\/a>\n          <\/strong>\n        <\/p>\n      <\/td>\n    <\/tr>\n  <\/tbody>\n<\/table>\n<p>&nbsp;<\/p>","protected":false},"excerpt":{"rendered":"The\nNovember 18, at 3 p.m. in the Caixa Geral de Dep\u00f3sitos Auditorium, the Solemn Opening Session of the 2009\/2010 Academic Year. The session was attended by His Excellency, the Minister of Public Works, Transport and Communications, Professor Ant\u00f3nio Augusto da Ascen\u00e7\u00e3o Mendon\u00e7a to receive the Insignia for the category of Full Professor.\nSee the PHOTO REPORT here!","protected":false},"featured_media":0,"template":"","topic":[],"event_type":[1188],"acf":{"start_date":"2009-11-18 15:00:00","end_date":"2009-11-18 15:00:00","venue":"Edif\u00edcio Quelhas, Audit\u00f3rio Caixa Geral de Dep\u00f3sitos","event_type":1188,"topic":false},"yoast_head":"<!-- This site is optimized with the Yoast SEO plugin v22.6 - https:\/\/yoast.com\/wordpress\/plugins\/seo\/ -->\n<title>Sess\u00e3o Solene de Abertura do Ano Lectivo 2009\/2010 - ISEG<\/title>\n<meta name=\"robots\" content=\"index, follow, max-snippet:-1, max-image-preview:large, max-video-preview:-1\" \/>\n<link rel=\"canonical\" href=\"https:\/\/www.iseg.ulisboa.pt\/en\/event\/sessao-solene-de-abertura-do-ano-lectivo-2009-2010\/\" \/>\n<meta name=\"twitter:label1\" content=\"Est. reading time\" \/>\n\t<meta name=\"twitter:data1\" content=\"1 minute\" \/>\n<script type=\"application\/ld+json\" class=\"yoast-schema-graph\">{\"@context\":\"https:\/\/schema.org\",\"@graph\":[{\"@type\":\"WebPage\",\"@id\":\"https:\/\/www.iseg.ulisboa.pt\/en\/event\/sessao-solene-de-abertura-do-ano-lectivo-2009-2010\/\",\"url\":\"https:\/\/www.iseg.ulisboa.pt\/en\/event\/sessao-solene-de-abertura-do-ano-lectivo-2009-2010\/\",\"name\":\"Sess\u00e3o Solene de Abertura do Ano Lectivo 2009\/2010 - ISEG\",\"isPartOf\":{\"@id\":\"https:\/\/www.iseg.ulisboa.pt\/en\/#website\"},\"primaryImageOfPage\":{\"@id\":\"https:\/\/www.iseg.ulisboa.pt\/en\/event\/sessao-solene-de-abertura-do-ano-lectivo-2009-2010\/#primaryimage\"},\"image\":{\"@id\":\"https:\/\/www.iseg.ulisboa.pt\/en\/event\/sessao-solene-de-abertura-do-ano-lectivo-2009-2010\/#primaryimage\"},\"thumbnailUrl\":\"https:\/\/aquila1.iseg.utl.pt\/aquila\/getFile.do?method=getFile&amp;fileId=81070\",\"datePublished\":\"2009-11-18T15:00:00+00:00\",\"dateModified\":\"2009-11-18T15:00:00+00:00\",\"breadcrumb\":{\"@id\":\"https:\/\/www.iseg.ulisboa.pt\/en\/event\/sessao-solene-de-abertura-do-ano-lectivo-2009-2010\/#breadcrumb\"},\"inLanguage\":\"en-US\",\"potentialAction\":[{\"@type\":\"ReadAction\",\"target\":[\"https:\/\/www.iseg.ulisboa.pt\/en\/event\/sessao-solene-de-abertura-do-ano-lectivo-2009-2010\/\"]}]},{\"@type\":\"ImageObject\",\"inLanguage\":\"en-US\",\"@id\":\"https:\/\/www.iseg.ulisboa.pt\/en\/event\/sessao-solene-de-abertura-do-ano-lectivo-2009-2010\/#primaryimage\",\"url\":\"https:\/\/aquila1.iseg.utl.pt\/aquila\/getFile.do?method=getFile&amp;fileId=81070\",\"contentUrl\":\"https:\/\/aquila1.iseg.utl.pt\/aquila\/getFile.do?method=getFile&amp;fileId=81070\"},{\"@type\":\"BreadcrumbList\",\"@id\":\"https:\/\/www.iseg.ulisboa.pt\/en\/event\/sessao-solene-de-abertura-do-ano-lectivo-2009-2010\/#breadcrumb\",\"itemListElement\":[{\"@type\":\"ListItem\",\"position\":1,\"name\":\"Home\",\"item\":\"https:\/\/www.iseg.ulisboa.pt\/\"},{\"@type\":\"ListItem\",\"position\":2,\"name\":\"Sess\u00e3o Solene de Abertura do Ano Lectivo 2009\/2010\"}]},{\"@type\":\"WebSite\",\"@id\":\"https:\/\/www.iseg.ulisboa.pt\/en\/#website\",\"url\":\"https:\/\/www.iseg.ulisboa.pt\/en\/\",\"name\":\"ISEG\",\"description\":\"Lisbon School of Economics &amp; Management\",\"publisher\":{\"@id\":\"https:\/\/www.iseg.ulisboa.pt\/en\/#organization\"},\"potentialAction\":[{\"@type\":\"SearchAction\",\"target\":{\"@type\":\"EntryPoint\",\"urlTemplate\":\"https:\/\/www.iseg.ulisboa.pt\/en\/?s={search_term_string}\"},\"query-input\":\"required name=search_term_string\"}],\"inLanguage\":\"en-US\"},{\"@type\":\"Organization\",\"@id\":\"https:\/\/www.iseg.ulisboa.pt\/en\/#organization\",\"name\":\"ISEG\",\"url\":\"https:\/\/www.iseg.ulisboa.pt\/en\/\",\"logo\":{\"@type\":\"ImageObject\",\"inLanguage\":\"en-US\",\"@id\":\"https:\/\/www.iseg.ulisboa.pt\/en\/#\/schema\/logo\/image\/\",\"url\":\"https:\/\/www.iseg.ulisboa.pt\/wp-content\/uploads\/2021\/02\/iseg-logo-ul.svg\",\"contentUrl\":\"https:\/\/www.iseg.ulisboa.pt\/wp-content\/uploads\/2021\/02\/iseg-logo-ul.svg\",\"width\":250,\"height\":120,\"caption\":\"ISEG\"},\"image\":{\"@id\":\"https:\/\/www.iseg.ulisboa.pt\/en\/#\/schema\/logo\/image\/\"},\"sameAs\":[\"https:\/\/www.facebook.com\/iseg.pt\",\"https:\/\/x.com\/iseglisbon\",\"https:\/\/www.instagram.com\/iseglisbon\/\",\"https:\/\/www.linkedin.com\/school\/iseglisbon\/\",\"https:\/\/www.youtube.com\/user\/DMREISEG\"]}]}<\/script>\n<!-- \/ Yoast SEO plugin. -->","yoast_head_json":{"title":"Solemn Opening Session of the 2009\/2010 Academic Year - ISEG","robots":{"index":"index","follow":"follow","max-snippet":"max-snippet:-1","max-image-preview":"max-image-preview:large","max-video-preview":"max-video-preview:-1"},"canonical":"https:\/\/www.iseg.ulisboa.pt\/en\/event\/sessao-solene-de-abertura-do-ano-lectivo-2009-2010\/","twitter_misc":{"Est. reading time":"1 minute"},"schema":{"@context":"https:\/\/schema.org","@graph":[{"@type":"WebPage","@id":"https:\/\/www.iseg.ulisboa.pt\/en\/event\/sessao-solene-de-abertura-do-ano-lectivo-2009-2010\/","url":"https:\/\/www.iseg.ulisboa.pt\/en\/event\/sessao-solene-de-abertura-do-ano-lectivo-2009-2010\/","name":"Solemn Opening Session of the 2009\/2010 Academic Year - ISEG","isPartOf":{"@id":"https:\/\/www.iseg.ulisboa.pt\/en\/#website"},"primaryImageOfPage":{"@id":"https:\/\/www.iseg.ulisboa.pt\/en\/event\/sessao-solene-de-abertura-do-ano-lectivo-2009-2010\/#primaryimage"},"image":{"@id":"https:\/\/www.iseg.ulisboa.pt\/en\/event\/sessao-solene-de-abertura-do-ano-lectivo-2009-2010\/#primaryimage"},"thumbnailUrl":"https:\/\/aquila1.iseg.utl.pt\/aquila\/getFile.do?method=getFile&amp;fileId=81070","datePublished":"2009-11-18T15:00:00+00:00","dateModified":"2009-11-18T15:00:00+00:00","breadcrumb":{"@id":"https:\/\/www.iseg.ulisboa.pt\/en\/event\/sessao-solene-de-abertura-do-ano-lectivo-2009-2010\/#breadcrumb"},"inLanguage":"en-US","potentialAction":[{"@type":"ReadAction","target":["https:\/\/www.iseg.ulisboa.pt\/en\/event\/sessao-solene-de-abertura-do-ano-lectivo-2009-2010\/"]}]},{"@type":"ImageObject","inLanguage":"en-US","@id":"https:\/\/www.iseg.ulisboa.pt\/en\/event\/sessao-solene-de-abertura-do-ano-lectivo-2009-2010\/#primaryimage","url":"https:\/\/aquila1.iseg.utl.pt\/aquila\/getFile.do?method=getFile&amp;fileId=81070","contentUrl":"https:\/\/aquila1.iseg.utl.pt\/aquila\/getFile.do?method=getFile&amp;fileId=81070"},{"@type":"BreadcrumbList","@id":"https:\/\/www.iseg.ulisboa.pt\/en\/event\/sessao-solene-de-abertura-do-ano-lectivo-2009-2010\/#breadcrumb","itemListElement":[{"@type":"ListItem","position":1,"name":"Home","item":"https:\/\/www.iseg.ulisboa.pt\/"},{"@type":"ListItem","position":2,"name":"Sess\u00e3o Solene de Abertura do Ano Lectivo 2009\/2010"}]},{"@type":"WebSite","@id":"https:\/\/www.iseg.ulisboa.pt\/en\/#website","url":"https:\/\/www.iseg.ulisboa.pt\/en\/","name":"ISEG","description":"Lisbon School of Economics &amp; Management","publisher":{"@id":"https:\/\/www.iseg.ulisboa.pt\/en\/#organization"},"potentialAction":[{"@type":"SearchAction","target":{"@type":"EntryPoint","urlTemplate":"https:\/\/www.iseg.ulisboa.pt\/en\/?s={search_term_string}"},"query-input":"required name=search_term_string"}],"inLanguage":"en-US"},{"@type":"Organization","@id":"https:\/\/www.iseg.ulisboa.pt\/en\/#organization","name":"ISEG","url":"https:\/\/www.iseg.ulisboa.pt\/en\/","logo":{"@type":"ImageObject","inLanguage":"en-US","@id":"https:\/\/www.iseg.ulisboa.pt\/en\/#\/schema\/logo\/image\/","url":"https:\/\/www.iseg.ulisboa.pt\/wp-content\/uploads\/2021\/02\/iseg-logo-ul.svg","contentUrl":"https:\/\/www.iseg.ulisboa.pt\/wp-content\/uploads\/2021\/02\/iseg-logo-ul.svg","width":250,"height":120,"caption":"ISEG"},"image":{"@id":"https:\/\/www.iseg.ulisboa.pt\/en\/#\/schema\/logo\/image\/"},"sameAs":["https:\/\/www.facebook.com\/iseg.pt","https:\/\/x.com\/iseglisbon","https:\/\/www.instagram.com\/iseglisbon\/","https:\/\/www.linkedin.com\/school\/iseglisbon\/","https:\/\/www.youtube.com\/user\/DMREISEG"]}]}},"uagb_featured_image_src":{"full":false,"thumbnail":false,"medium":false,"medium_large":false,"large":false,"1536x1536":false,"2048x2048":false,"trp-custom-language-flag":false},"uagb_author_info":{"display_name":"gomo","author_link":"https:\/\/www.iseg.ulisboa.pt\/en\/author\/"},"uagb_comment_info":0,"uagb_excerpt":"Realizou-se no dia 18 de Novembro, pelas 15h00 no Audit\u00f3rio Caixa Geral de Dep\u00f3sitos a Sess\u00e3o Solene de Abertura do Ano Lectivo 2009\/2010. A Sess\u00e3o contou com a presen\u00e7a de Sua Excel\u00eancia, o Ministro das Obras P\u00fablicas, Transportes e Comunica\u00e7\u00f5es, o Professor Doutor Ant\u00f3nio Augusto da Ascen\u00e7\u00e3o Mendon\u00e7a para receber a Ins\u00edgnia pela categoria de&hellip;","_links":{"self":[{"href":"https:\/\/www.iseg.ulisboa.pt\/en\/wp-json\/wp\/v2\/event\/15405"}],"collection":[{"href":"https:\/\/www.iseg.ulisboa.pt\/en\/wp-json\/wp\/v2\/event"}],"about":[{"href":"https:\/\/www.iseg.ulisboa.pt\/en\/wp-json\/wp\/v2\/types\/event"}],"version-history":[{"count":0,"href":"https:\/\/www.iseg.ulisboa.pt\/en\/wp-json\/wp\/v2\/event\/15405\/revisions"}],"acf:term":[{"embeddable":true,"taxonomy":"event_type","href":"https:\/\/www.iseg.ulisboa.pt\/en\/wp-json\/wp\/v2\/event_type\/1188"}],"wp:attachment":[{"href":"https:\/\/www.iseg.ulisboa.pt\/en\/wp-json\/wp\/v2\/media?parent=15405"}],"wp:term":[{"taxonomy":"topic","embeddable":true,"href":"https:\/\/www.iseg.ulisboa.pt\/en\/wp-json\/wp\/v2\/topic?post=15405"},{"taxonomy":"event_type","embeddable":true,"href":"https:\/\/www.iseg.ulisboa.pt\/en\/wp-json\/wp\/v2\/event_type?post=15405"}],"curies":[{"name":"wp","href":"https:\/\/api.w.org\/{rel}","templated":true}]}}

<ul>
  <li>
    <strong>
      <a title="Solemn Opening Session of the 2009-2010 School Year" href="https://aquila.iseg.utl.pt/aquila/instituicao/ISEG/lateral/a-escola/quem-somos-/sessao-solene/abertura-do-ano-lectivo-2009-2010">PHOTOGRAPHIC REPORTING and DISCURSIONS</a>
    </strong>
  </li>
</ul>
<p>The Solemn Opening Session of the 2009/2010 School Year will be held on November 18, at 3:00 p.m. in the Caixa Geral de Depósitos Auditorium.</p>
<p>In addition to the speeches by the President of the School and the Rector of the Technical University of Lisbon, Professor Miguel St. Aubyn will deliver the Keynote Address, entitled "Measuring efficiency in the public sector with application to universities".</p>
<p>Insignia, diplomas and awards will be presented during the session.</p>
<p>
  <strong>PROGRAMME</strong>
</p>
<ul>
  <li>Opening of the event</li>
  <li>Speech by the President of the Instituto Superior de Economia e Gestão, Professor João Duque</li>
  <li>Keynote lecture by Professor Miguel Pedro St. Aubyn, "Measuring efficiency in the public sector with application to universities"</li>
  <li>Intervention by the Academic Tuna of ISEG</li>
  <li>Presentation of Insignia, Awards and Diplomas</li>
  <li>Musical Moment</li>
  <li>Speech by the Rector, Professor Fernando Ramôa Ribeiro</li>
  <li>Closure of the Session</li>
</ul>
<p>
<strong>For more information</strong>
<br />GCI- Communication and Image Office
<br />Júlia Marmelada or Paulo Fonseca
<br />e-mail:gci@iseg.utl.pt
<br />tel. 213 925 802/834</p>
<p>
  <strong>R.S.F. Until 12/11/2009</strong>
</p>
<table border="0">
  <tbody>
    <tr>
      <td>
        <img loading="lazy" decoding="async" src="https://aquila1.iseg.utl.pt/aquila/getFile.do?method=getFile&amp;fileId=81070" alt="Poster for the Solemn Opening of the 2009/2010 School Year" width="200" height="259" />
      </td>
      <td>
        <p>
          <strong>
            <a title="Invitation Formal Session Opening of the 2009/2010 School Year" href="https://aquila1.iseg.utl.pt/aquila/getFile.do?method=getFile&amp;fileId=81071">INVITATION</a>
          </strong>
        </p>
        <p>
          <strong>
            <a title="Poster for the Solemn Opening of the 2009/2010 School Year" href="https://aquila1.iseg.utl.pt/aquila/getFile.do?method=getFile&amp;fileId=81069">CART</a>
          </strong>
        </p>
      </td>
    </tr>
  </tbody>
</table>
<p>&nbsp;</p>

The
November 18, at 3 p.m. in the Caixa Geral de Depósitos Auditorium, the Solemn Opening Session of the 2009/2010 Academic Year. The session was attended by His Excellency, the Minister of Public Works, Transport and Communications, Professor António Augusto da Ascenção Mendonça to receive the Insignia for the category of Full Professor.
See the PHOTO REPORT here!

Edifício Quelhas, Auditório Caixa Geral de Depósitos

<!-- This site is optimized with the Yoast SEO plugin v22.6 - https://yoast.com/wordpress/plugins/seo/ -->
<title>Sessão Solene de Abertura do Ano Lectivo 2009/2010 - ISEG</title>
<meta name="robots" content="index, follow, max-snippet:-1, max-image-preview:large, max-video-preview:-1" />
<link rel="canonical" href="https://www.iseg.ulisboa.pt/en/event/sessao-solene-de-abertura-do-ano-lectivo-2009-2010/" />
<meta name="twitter:label1" content="Est. reading time" />
	<meta name="twitter:data1" content="1 minute" />
<script type="application/ld+json" class="yoast-schema-graph">{"@context":"https://schema.org","@graph":[{"@type":"WebPage","@id":"https://www.iseg.ulisboa.pt/en/event/sessao-solene-de-abertura-do-ano-lectivo-2009-2010/","url":"https://www.iseg.ulisboa.pt/en/event/sessao-solene-de-abertura-do-ano-lectivo-2009-2010/","name":"Sessão Solene de Abertura do Ano Lectivo 2009/2010 - ISEG","isPartOf":{"@id":"https://www.iseg.ulisboa.pt/en/#website"},"primaryImageOfPage":{"@id":"https://www.iseg.ulisboa.pt/en/event/sessao-solene-de-abertura-do-ano-lectivo-2009-2010/#primaryimage"},"image":{"@id":"https://www.iseg.ulisboa.pt/en/event/sessao-solene-de-abertura-do-ano-lectivo-2009-2010/#primaryimage"},"thumbnailUrl":"https://aquila1.iseg.utl.pt/aquila/getFile.do?method=getFile&amp;fileId=81070","datePublished":"2009-11-18T15:00:00+00:00","dateModified":"2009-11-18T15:00:00+00:00","breadcrumb":{"@id":"https://www.iseg.ulisboa.pt/en/event/sessao-solene-de-abertura-do-ano-lectivo-2009-2010/#breadcrumb"},"inLanguage":"en-US","potentialAction":[{"@type":"ReadAction","target":["https://www.iseg.ulisboa.pt/en/event/sessao-solene-de-abertura-do-ano-lectivo-2009-2010/"]}]},{"@type":"ImageObject","inLanguage":"en-US","@id":"https://www.iseg.ulisboa.pt/en/event/sessao-solene-de-abertura-do-ano-lectivo-2009-2010/#primaryimage","url":"https://aquila1.iseg.utl.pt/aquila/getFile.do?method=getFile&amp;fileId=81070","contentUrl":"https://aquila1.iseg.utl.pt/aquila/getFile.do?method=getFile&amp;fileId=81070"},{"@type":"BreadcrumbList","@id":"https://www.iseg.ulisboa.pt/en/event/sessao-solene-de-abertura-do-ano-lectivo-2009-2010/#breadcrumb","itemListElement":[{"@type":"ListItem","position":1,"name":"Home","item":"https://www.iseg.ulisboa.pt/"},{"@type":"ListItem","position":2,"name":"Sessão Solene de Abertura do Ano Lectivo 2009/2010"}]},{"@type":"WebSite","@id":"https://www.iseg.ulisboa.pt/en/#website","url":"https://www.iseg.ulisboa.pt/en/","name":"ISEG","description":"Lisbon School of Economics &amp; Management","publisher":{"@id":"https://www.iseg.ulisboa.pt/en/#organization"},"potentialAction":[{"@type":"SearchAction","target":{"@type":"EntryPoint","urlTemplate":"https://www.iseg.ulisboa.pt/en/?s={search_term_string}"},"query-input":"required name=search_term_string"}],"inLanguage":"en-US"},{"@type":"Organization","@id":"https://www.iseg.ulisboa.pt/en/#organization","name":"ISEG","url":"https://www.iseg.ulisboa.pt/en/","logo":{"@type":"ImageObject","inLanguage":"en-US","@id":"https://www.iseg.ulisboa.pt/en/#/schema/logo/image/","url":"https://www.iseg.ulisboa.pt/wp-content/uploads/2021/02/iseg-logo-ul.svg","contentUrl":"https://www.iseg.ulisboa.pt/wp-content/uploads/2021/02/iseg-logo-ul.svg","width":250,"height":120,"caption":"ISEG"},"image":{"@id":"https://www.iseg.ulisboa.pt/en/#/schema/logo/image/"},"sameAs":["https://www.facebook.com/iseg.pt","https://x.com/iseglisbon","https://www.instagram.com/iseglisbon/","https://www.linkedin.com/school/iseglisbon/","https://www.youtube.com/user/DMREISEG"]}]}</script>
<!-- / Yoast SEO plugin. -->

Sessão Solene de Abertura do Ano Lectivo 2009/2010

Realizou-se no dia 18 de Novembro, pelas 15h00 no Auditório Caixa Geral de Depósitos a Sessão Solene de Abertura do Ano Lectivo 2009/2010. A Sessão contou com a presença de Sua Excelência, o Ministro das Obras Públicas, Transportes e Comunicações, o Professor Doutor António Augusto da Ascenção Mendonça para receber a Insígnia pela categoria de&hellip;
