{"id":21474,"date":"2021-09-27T10:26:02","date_gmt":"2021-09-27T10:26:02","guid":{"rendered":"https:\/\/www.iseg.ulisboa.pt\/?post_type=event&#038;p=21474"},"modified":"2021-09-28T15:18:31","modified_gmt":"2021-09-28T15:18:31","slug":"future-u-week-2021-2","status":"publish","type":"event","link":"https:\/\/www.iseg.ulisboa.pt\/en\/event\/future-u-week-2021-2\/","title":{"rendered":"Future U Week"},"content":{"rendered":"<p>As part of the promotion of quality employability of our students, the <strong>ISEG <em>Careers Services<\/em><\/strong> is organising the <strong><em>FutureU Week, <\/em><\/strong>a 3-day event entirely dedicated to careers and organized for all master's and undergraduate students.<\/p>\n\n\n\n<p>Classes will be replaced by <em>workshops<\/em>, <em>talks<\/em>among other initiatives. <\/p>\n\n\n\n<p>The event will be <em>online<\/em> and held in English on September 29, 30, and October 1.<br><br>Consult the programme <a rel=\"noreferrer noopener\" href=\"https:\/\/www.iseg.ulisboa.pt\/wp-content\/uploads\/2021\/09\/FUWeek_V02.pdf\" data-type=\"URL\" target=\"_blank\">here<\/a>.<\/p>\n\n\n\n<hr class=\"wp-block-separator is-style-default\" \/>\n\n\n\n<div class=\"wp-block-columns is-layout-flex wp-container-core-columns-is-layout-1 wp-block-columns-is-layout-flex\">\n<div class=\"wp-block-column is-layout-flow wp-block-column-is-layout-flow\">\n<h4 class=\"has-iseg-red-color has-text-color wp-block-heading\">29th September<\/h4>\n<\/div>\n\n\n\n<div class=\"wp-block-column is-layout-flow wp-block-column-is-layout-flow\">\n<p class=\"has-text-align-left\"><a href=\"https:\/\/youtu.be\/tfS-v7bRR_s\">Watch here.<\/a><\/p>\n<\/div>\n<\/div>\n\n\n\n<p><strong>Session 1: 12h-13h<\/strong><br>Welcome to Future U Week - Dean<br>ISEG Career Services - What could you expect from us?<\/p>\n\n\n\n<p><strong>Session 2: 15h- 16:45h<\/strong><br>DISCOVERING CAREERS in Risk Advisory, Audit, Tax and Financial Advisory with KPMG, PWC, Mazars &amp; EY<br><br><strong>Session 3: 17h-18h<\/strong><br>DISCOVERING CAREERS in Marketing with EDP &amp; NESTL\u00c9<\/p>\n\n\n\n<p><strong>Session 4: 19:00-20:00<\/strong> &#8211; <a href=\"https:\/\/docs.google.com\/forms\/d\/e\/1FAIpQLSfy6KB0Rpp0CKCVP1owYtPDahNo6uCxxwzt1YFUnwM4Kzw3nQ\/viewform?usp=sf_link\">This session will be held in Portuguese and needs registration<\/a><br>WEBINAR \"The Competitiveness of the Portuguese Economy\"<br>Ant\u00f3nio Saraiva (President of CIP), Paulo Macedo (CEO of CGD), Jorge Magalh\u00e3es Correia (Chairman of Fidelidade) and Miguel St. Aubyn (Executive Board Member at Conselho de Finan\u00e7as P\u00fablicas), Moderator: Lu\u00eds Nazar\u00e9<\/p>\n\n\n\n<hr class=\"wp-block-separator is-style-default\" \/>\n\n\n\n<div class=\"wp-block-columns is-layout-flex wp-container-core-columns-is-layout-2 wp-block-columns-is-layout-flex\">\n<div class=\"wp-block-column is-layout-flow wp-block-column-is-layout-flow\">\n<h4 class=\"has-iseg-red-color has-text-color wp-block-heading\">30th September<\/h4>\n<\/div>\n\n\n\n<div class=\"wp-block-column is-layout-flow wp-block-column-is-layout-flow\">\n<p class=\"has-text-align-left\"><a href=\"https:\/\/youtu.be\/E3gXeb3njOE\">Watch here.<\/a><\/p>\n<\/div>\n<\/div>\n\n\n\n<p><strong>Session 1: 11am-12pm<\/strong><br>MEET THE EXPERT with TIAGO FORJAZ: How to find your Talent?<\/p>\n\n\n\n<p><strong>Session 2: 12h-13h<\/strong><br>DISCOVERING CAREERS in Technology with VODAFONE<\/p>\n\n\n\n<p><strong>Session 3: 14:30h-15h<\/strong><br>MEET ISEG alumnus M\u00c1RIO CENTENO, Governor of the Bank of Portugal<br><br><strong>Session 4: 15h-16h<\/strong><br>DISCOVERING CAREERS in Management Consulting with DELOITTE<\/p>\n\n\n\n<p><strong>Session 5: 16h-17h<\/strong><br>DISCOVERING CAREERS in Retail with SONAE FASHION &amp; WORTEN<\/p>\n\n\n\n<p><strong>Session 6: 18h<\/strong> - This session can be watched <a href=\"https:\/\/youtu.be\/deesu5Xu4u4\">here<\/a>.<br>Concert - The Four and a Half<\/p>\n\n\n\n<hr class=\"wp-block-separator is-style-default\" \/>\n\n\n\n<div class=\"wp-block-columns is-layout-flex wp-container-core-columns-is-layout-3 wp-block-columns-is-layout-flex\">\n<div class=\"wp-block-column is-layout-flow wp-block-column-is-layout-flow\">\n<h4 class=\"has-iseg-red-color has-text-color wp-block-heading\">1st October<\/h4>\n<\/div>\n\n\n\n<div class=\"wp-block-column is-layout-flow wp-block-column-is-layout-flow\">\n<p class=\"has-text-align-left\"><a href=\"https:\/\/youtu.be\/spUAhwA3BZI\">Watch here.<\/a><\/p>\n<\/div>\n<\/div>\n\n\n\n<p><strong>Session 1: 12h-13:15h<\/strong><br>DISCOVERING CAREERS in Investment Banking &amp; Corporate Finance with BNP &amp; MONERIS<\/p>\n\n\n\n<p><br><strong>Session 2: 14:30h-16h<\/strong><br>ROUNDTABLE - Job Market: Students vs Companies Perspectives<br>CUF\/Mercer\/LGG Advisors \/ Teleperformance<\/p>\n\n\n\n<p><strong>Session 3: 16h<\/strong><br>MEET THE EXPERT with MIGUEL GON\u00c7ALVES (Co-Founder of Spark): Picasso or Saramago: Is there a secret path to greatness?<\/p>","protected":false},"excerpt":{"rendered":"In order to promote the employability of our students, ISEG Career Services is organizing FutureU Week, a 3-day event entirely dedicated to careers and [...]","protected":false},"featured_media":0,"template":"","topic":[1407],"event_type":[1151],"acf":[],"yoast_head":"<!-- This site is optimized with the Yoast SEO plugin v22.6 - https:\/\/yoast.com\/wordpress\/plugins\/seo\/ -->\n<title>Future U Week - ISEG<\/title>\n<meta name=\"robots\" content=\"index, follow, max-snippet:-1, max-image-preview:large, max-video-preview:-1\" \/>\n<link rel=\"canonical\" href=\"https:\/\/www.iseg.ulisboa.pt\/en\/event\/future-u-week-2021-2\/\" \/>\n<meta name=\"twitter:label1\" content=\"Est. reading time\" \/>\n\t<meta name=\"twitter:data1\" content=\"2 minutes\" \/>\n<script type=\"application\/ld+json\" class=\"yoast-schema-graph\">{\"@context\":\"https:\/\/schema.org\",\"@graph\":[{\"@type\":\"WebPage\",\"@id\":\"https:\/\/www.iseg.ulisboa.pt\/en\/event\/future-u-week-2021-2\/\",\"url\":\"https:\/\/www.iseg.ulisboa.pt\/en\/event\/future-u-week-2021-2\/\",\"name\":\"Future U Week - ISEG\",\"isPartOf\":{\"@id\":\"https:\/\/www.iseg.ulisboa.pt\/en\/#website\"},\"datePublished\":\"2021-09-27T10:26:02+00:00\",\"dateModified\":\"2021-09-28T15:18:31+00:00\",\"breadcrumb\":{\"@id\":\"https:\/\/www.iseg.ulisboa.pt\/en\/event\/future-u-week-2021-2\/#breadcrumb\"},\"inLanguage\":\"en-US\",\"potentialAction\":[{\"@type\":\"ReadAction\",\"target\":[\"https:\/\/www.iseg.ulisboa.pt\/en\/event\/future-u-week-2021-2\/\"]}]},{\"@type\":\"BreadcrumbList\",\"@id\":\"https:\/\/www.iseg.ulisboa.pt\/en\/event\/future-u-week-2021-2\/#breadcrumb\",\"itemListElement\":[{\"@type\":\"ListItem\",\"position\":1,\"name\":\"Home\",\"item\":\"https:\/\/www.iseg.ulisboa.pt\/\"},{\"@type\":\"ListItem\",\"position\":2,\"name\":\"Future U Week\"}]},{\"@type\":\"WebSite\",\"@id\":\"https:\/\/www.iseg.ulisboa.pt\/en\/#website\",\"url\":\"https:\/\/www.iseg.ulisboa.pt\/en\/\",\"name\":\"ISEG\",\"description\":\"Lisbon School of Economics &amp; Management\",\"publisher\":{\"@id\":\"https:\/\/www.iseg.ulisboa.pt\/en\/#organization\"},\"potentialAction\":[{\"@type\":\"SearchAction\",\"target\":{\"@type\":\"EntryPoint\",\"urlTemplate\":\"https:\/\/www.iseg.ulisboa.pt\/en\/?s={search_term_string}\"},\"query-input\":\"required name=search_term_string\"}],\"inLanguage\":\"en-US\"},{\"@type\":\"Organization\",\"@id\":\"https:\/\/www.iseg.ulisboa.pt\/en\/#organization\",\"name\":\"ISEG\",\"url\":\"https:\/\/www.iseg.ulisboa.pt\/en\/\",\"logo\":{\"@type\":\"ImageObject\",\"inLanguage\":\"en-US\",\"@id\":\"https:\/\/www.iseg.ulisboa.pt\/en\/#\/schema\/logo\/image\/\",\"url\":\"https:\/\/www.iseg.ulisboa.pt\/wp-content\/uploads\/2021\/02\/iseg-logo-ul.svg\",\"contentUrl\":\"https:\/\/www.iseg.ulisboa.pt\/wp-content\/uploads\/2021\/02\/iseg-logo-ul.svg\",\"width\":250,\"height\":120,\"caption\":\"ISEG\"},\"image\":{\"@id\":\"https:\/\/www.iseg.ulisboa.pt\/en\/#\/schema\/logo\/image\/\"},\"sameAs\":[\"https:\/\/www.facebook.com\/iseg.pt\",\"https:\/\/x.com\/iseglisbon\",\"https:\/\/www.instagram.com\/iseglisbon\/\",\"https:\/\/www.linkedin.com\/school\/iseglisbon\/\",\"https:\/\/www.youtube.com\/user\/DMREISEG\"]}]}<\/script>\n<!-- \/ Yoast SEO plugin. -->","yoast_head_json":{"title":"Future U Week - ISEG","robots":{"index":"index","follow":"follow","max-snippet":"max-snippet:-1","max-image-preview":"max-image-preview:large","max-video-preview":"max-video-preview:-1"},"canonical":"https:\/\/www.iseg.ulisboa.pt\/en\/event\/future-u-week-2021-2\/","twitter_misc":{"Est. reading time":"2 minutes"},"schema":{"@context":"https:\/\/schema.org","@graph":[{"@type":"WebPage","@id":"https:\/\/www.iseg.ulisboa.pt\/en\/event\/future-u-week-2021-2\/","url":"https:\/\/www.iseg.ulisboa.pt\/en\/event\/future-u-week-2021-2\/","name":"Future U Week - ISEG","isPartOf":{"@id":"https:\/\/www.iseg.ulisboa.pt\/en\/#website"},"datePublished":"2021-09-27T10:26:02+00:00","dateModified":"2021-09-28T15:18:31+00:00","breadcrumb":{"@id":"https:\/\/www.iseg.ulisboa.pt\/en\/event\/future-u-week-2021-2\/#breadcrumb"},"inLanguage":"en-US","potentialAction":[{"@type":"ReadAction","target":["https:\/\/www.iseg.ulisboa.pt\/en\/event\/future-u-week-2021-2\/"]}]},{"@type":"BreadcrumbList","@id":"https:\/\/www.iseg.ulisboa.pt\/en\/event\/future-u-week-2021-2\/#breadcrumb","itemListElement":[{"@type":"ListItem","position":1,"name":"Home","item":"https:\/\/www.iseg.ulisboa.pt\/"},{"@type":"ListItem","position":2,"name":"Future U Week"}]},{"@type":"WebSite","@id":"https:\/\/www.iseg.ulisboa.pt\/en\/#website","url":"https:\/\/www.iseg.ulisboa.pt\/en\/","name":"ISEG","description":"Lisbon School of Economics &amp; Management","publisher":{"@id":"https:\/\/www.iseg.ulisboa.pt\/en\/#organization"},"potentialAction":[{"@type":"SearchAction","target":{"@type":"EntryPoint","urlTemplate":"https:\/\/www.iseg.ulisboa.pt\/en\/?s={search_term_string}"},"query-input":"required name=search_term_string"}],"inLanguage":"en-US"},{"@type":"Organization","@id":"https:\/\/www.iseg.ulisboa.pt\/en\/#organization","name":"ISEG","url":"https:\/\/www.iseg.ulisboa.pt\/en\/","logo":{"@type":"ImageObject","inLanguage":"en-US","@id":"https:\/\/www.iseg.ulisboa.pt\/en\/#\/schema\/logo\/image\/","url":"https:\/\/www.iseg.ulisboa.pt\/wp-content\/uploads\/2021\/02\/iseg-logo-ul.svg","contentUrl":"https:\/\/www.iseg.ulisboa.pt\/wp-content\/uploads\/2021\/02\/iseg-logo-ul.svg","width":250,"height":120,"caption":"ISEG"},"image":{"@id":"https:\/\/www.iseg.ulisboa.pt\/en\/#\/schema\/logo\/image\/"},"sameAs":["https:\/\/www.facebook.com\/iseg.pt","https:\/\/x.com\/iseglisbon","https:\/\/www.instagram.com\/iseglisbon\/","https:\/\/www.linkedin.com\/school\/iseglisbon\/","https:\/\/www.youtube.com\/user\/DMREISEG"]}]}},"uagb_featured_image_src":{"full":false,"thumbnail":false,"medium":false,"medium_large":false,"large":false,"1536x1536":false,"2048x2048":false,"trp-custom-language-flag":false},"uagb_author_info":{"display_name":"paulamonteiro","author_link":"https:\/\/www.iseg.ulisboa.pt\/en\/author\/"},"uagb_comment_info":0,"uagb_excerpt":"No \u00e2mbito da promo\u00e7\u00e3o de uma empregabilidade de qualidade dos nossos alunos, o ISEG Career Services organiza a FutureU Week, um evento de 3 dias inteiramente dedicado \u00e0s carreiras e&nbsp;[...]","_links":{"self":[{"href":"https:\/\/www.iseg.ulisboa.pt\/en\/wp-json\/wp\/v2\/event\/21474"}],"collection":[{"href":"https:\/\/www.iseg.ulisboa.pt\/en\/wp-json\/wp\/v2\/event"}],"about":[{"href":"https:\/\/www.iseg.ulisboa.pt\/en\/wp-json\/wp\/v2\/types\/event"}],"version-history":[{"count":0,"href":"https:\/\/www.iseg.ulisboa.pt\/en\/wp-json\/wp\/v2\/event\/21474\/revisions"}],"wp:attachment":[{"href":"https:\/\/www.iseg.ulisboa.pt\/en\/wp-json\/wp\/v2\/media?parent=21474"}],"wp:term":[{"taxonomy":"topic","embeddable":true,"href":"https:\/\/www.iseg.ulisboa.pt\/en\/wp-json\/wp\/v2\/topic?post=21474"},{"taxonomy":"event_type","embeddable":true,"href":"https:\/\/www.iseg.ulisboa.pt\/en\/wp-json\/wp\/v2\/event_type?post=21474"}],"curies":[{"name":"wp","href":"https:\/\/api.w.org\/{rel}","templated":true}]}}

<p>As part of the promotion of quality employability of our students, the <strong>ISEG <em>Careers Services</em></strong> is organising the <strong><em>FutureU Week, </em></strong>a 3-day event entirely dedicated to careers and organized for all master's and undergraduate students.</p>



<p>Classes will be replaced by <em>workshops</em>, <em>talks</em>among other initiatives. </p>



<p>The event will be <em>online</em> and held in English on September 29, 30, and October 1.<br><br>Consult the programme <a rel="noreferrer noopener" href="https://www.iseg.ulisboa.pt/wp-content/uploads/2021/09/FUWeek_V02.pdf" data-type="URL" target="_blank">here</a>.</p>



<hr class="wp-block-separator is-style-default" />



<div class="wp-block-columns is-layout-flex wp-container-core-columns-is-layout-1 wp-block-columns-is-layout-flex">
<div class="wp-block-column is-layout-flow wp-block-column-is-layout-flow">
<h4 class="has-iseg-red-color has-text-color wp-block-heading">29th September</h4>
</div>



<div class="wp-block-column is-layout-flow wp-block-column-is-layout-flow">
<p class="has-text-align-left"><a href="https://youtu.be/tfS-v7bRR_s">Watch here.</a></p>
</div>
</div>



<p><strong>Session 1: 12h-13h</strong><br>Welcome to Future U Week - Dean<br>ISEG Career Services - What could you expect from us?</p>



<p><strong>Session 2: 15h- 16:45h</strong><br>DISCOVERING CAREERS in Risk Advisory, Audit, Tax and Financial Advisory with KPMG, PWC, Mazars &amp; EY<br><br><strong>Session 3: 17h-18h</strong><br>DISCOVERING CAREERS in Marketing with EDP &amp; NESTLÉ</p>



<p><strong>Session 4: 19:00-20:00</strong> &#8211; <a href="https://docs.google.com/forms/d/e/1FAIpQLSfy6KB0Rpp0CKCVP1owYtPDahNo6uCxxwzt1YFUnwM4Kzw3nQ/viewform?usp=sf_link">This session will be held in Portuguese and needs registration</a><br>WEBINAR "The Competitiveness of the Portuguese Economy"<br>António Saraiva (President of CIP), Paulo Macedo (CEO of CGD), Jorge Magalhães Correia (Chairman of Fidelidade) and Miguel St. Aubyn (Executive Board Member at Conselho de Finanças Públicas), Moderator: Luís Nazaré</p>



<hr class="wp-block-separator is-style-default" />



<div class="wp-block-columns is-layout-flex wp-container-core-columns-is-layout-2 wp-block-columns-is-layout-flex">
<div class="wp-block-column is-layout-flow wp-block-column-is-layout-flow">
<h4 class="has-iseg-red-color has-text-color wp-block-heading">30th September</h4>
</div>



<div class="wp-block-column is-layout-flow wp-block-column-is-layout-flow">
<p class="has-text-align-left"><a href="https://youtu.be/E3gXeb3njOE">Watch here.</a></p>
</div>
</div>



<p><strong>Session 1: 11am-12pm</strong><br>MEET THE EXPERT with TIAGO FORJAZ: How to find your Talent?</p>



<p><strong>Session 2: 12h-13h</strong><br>DISCOVERING CAREERS in Technology with VODAFONE</p>



<p><strong>Session 3: 14:30h-15h</strong><br>MEET ISEG alumnus MÁRIO CENTENO, Governor of the Bank of Portugal<br><br><strong>Session 4: 15h-16h</strong><br>DISCOVERING CAREERS in Management Consulting with DELOITTE</p>



<p><strong>Session 5: 16h-17h</strong><br>DISCOVERING CAREERS in Retail with SONAE FASHION &amp; WORTEN</p>



<p><strong>Session 6: 18h</strong> - This session can be watched <a href="https://youtu.be/deesu5Xu4u4">here</a>.<br>Concert - The Four and a Half</p>



<hr class="wp-block-separator is-style-default" />



<div class="wp-block-columns is-layout-flex wp-container-core-columns-is-layout-3 wp-block-columns-is-layout-flex">
<div class="wp-block-column is-layout-flow wp-block-column-is-layout-flow">
<h4 class="has-iseg-red-color has-text-color wp-block-heading">1st October</h4>
</div>



<div class="wp-block-column is-layout-flow wp-block-column-is-layout-flow">
<p class="has-text-align-left"><a href="https://youtu.be/spUAhwA3BZI">Watch here.</a></p>
</div>
</div>



<p><strong>Session 1: 12h-13:15h</strong><br>DISCOVERING CAREERS in Investment Banking &amp; Corporate Finance with BNP &amp; MONERIS</p>



<p><br><strong>Session 2: 14:30h-16h</strong><br>ROUNDTABLE - Job Market: Students vs Companies Perspectives<br>CUF/Mercer/LGG Advisors / Teleperformance</p>



<p><strong>Session 3: 16h</strong><br>MEET THE EXPERT with MIGUEL GONÇALVES (Co-Founder of Spark): Picasso or Saramago: Is there a secret path to greatness?</p>

No âmbito da promoção de uma empregabilidade de qualidade dos nossos alunos, o ISEG Career Services organiza a FutureU Week, um evento de 3 dias inteiramente dedicado às carreiras e&nbsp;[...]
