{"id":23086,"date":"2021-12-02T14:45:40","date_gmt":"2021-12-02T14:45:40","guid":{"rendered":"https:\/\/www.iseg.ulisboa.pt\/?post_type=event&#038;p=23086"},"modified":"2023-02-03T18:49:18","modified_gmt":"2023-02-03T18:49:18","slug":"orbis-library-user-training-ip-2","status":"publish","type":"event","link":"https:\/\/www.iseg.ulisboa.pt\/en\/event\/orbis-library-user-training-ip-2\/","title":{"rendered":"Library user training | Orbis IP"},"content":{"rendered":"<p>We invite you to participate in the online session \"<a rel=\"noreferrer noopener\" href=\"https:\/\/www.iseg.ulisboa.pt\/en\/aquila\/getFile.do\/?method=getFile&amp;fileId=1542349\" target=\"_blank\">Orbis IP Training<\/a>\", which will take place on <strong>December 8th<\/strong>, from <strong>18h00 to 19h30<\/strong>.<br><br>The training program is as follows:<\/p>\n\n\n\n<ul><li><strong>Global research themes in Academic\/Government;<\/strong><\/li><li><strong>Data curation;<\/strong><\/li><li><strong>Patent to firm matching process;<\/strong><\/li><li><strong>Demonstration:<\/strong><br>- Green\/clean technology trend analysis;<br>- IP right transfers; signals of tax misappropriation in multinational corporations.\u00a0<\/li><\/ul>\n\n\n\n<p><br>This training will be delivered in English.<br><br>For registration you must register at:<br><a href=\"https:\/\/forms.office.com\/r\/BY8at64U3D\">https:\/\/forms.office.com\/r\/BY8at64U3D<\/a><br><br>Further information:<br><a href=\"mailto:formacaobib@iseg.ulisboa.pt\">formacaobib@iseg.ulisboa.pt<\/a><\/p>","protected":false},"excerpt":{"rendered":"We invite you to participate in the online session \"Orbis IP Training\", which will take place on December 8, from 6:00 p.m. to 7:30 p.m. The training program is as follows: Global research themes in [...]","protected":false},"featured_media":23132,"template":"","topic":[1401,4617],"event_type":[4623],"acf":[],"yoast_head":"<!-- This site is optimized with the Yoast SEO plugin v22.6 - https:\/\/yoast.com\/wordpress\/plugins\/seo\/ -->\n<title>Forma\u00e7\u00e3o de utilizadores da biblioteca | Orbis IP - ISEG<\/title>\n<meta name=\"robots\" content=\"index, follow, max-snippet:-1, max-image-preview:large, max-video-preview:-1\" \/>\n<link rel=\"canonical\" href=\"https:\/\/www.iseg.ulisboa.pt\/en\/event\/orbis-library-user-training-ip-2\/\" \/>\n<script type=\"application\/ld+json\" class=\"yoast-schema-graph\">{\"@context\":\"https:\/\/schema.org\",\"@graph\":[{\"@type\":\"WebPage\",\"@id\":\"https:\/\/www.iseg.ulisboa.pt\/en\/event\/orbis-library-user-training-ip-2\/\",\"url\":\"https:\/\/www.iseg.ulisboa.pt\/en\/event\/orbis-library-user-training-ip-2\/\",\"name\":\"Forma\u00e7\u00e3o de utilizadores da biblioteca | Orbis IP - ISEG\",\"isPartOf\":{\"@id\":\"https:\/\/www.iseg.ulisboa.pt\/en\/#website\"},\"primaryImageOfPage\":{\"@id\":\"https:\/\/www.iseg.ulisboa.pt\/en\/event\/orbis-library-user-training-ip-2\/#primaryimage\"},\"image\":{\"@id\":\"https:\/\/www.iseg.ulisboa.pt\/en\/event\/orbis-library-user-training-ip-2\/#primaryimage\"},\"thumbnailUrl\":\"https:\/\/www.iseg.ulisboa.pt\/wp-content\/uploads\/2021\/12\/ORBIS-IP_Metatag.png\",\"datePublished\":\"2021-12-02T14:45:40+00:00\",\"dateModified\":\"2023-02-03T18:49:18+00:00\",\"breadcrumb\":{\"@id\":\"https:\/\/www.iseg.ulisboa.pt\/en\/event\/orbis-library-user-training-ip-2\/#breadcrumb\"},\"inLanguage\":\"en-US\",\"potentialAction\":[{\"@type\":\"ReadAction\",\"target\":[\"https:\/\/www.iseg.ulisboa.pt\/en\/event\/orbis-library-user-training-ip-2\/\"]}]},{\"@type\":\"ImageObject\",\"inLanguage\":\"en-US\",\"@id\":\"https:\/\/www.iseg.ulisboa.pt\/en\/event\/orbis-library-user-training-ip-2\/#primaryimage\",\"url\":\"https:\/\/www.iseg.ulisboa.pt\/wp-content\/uploads\/2021\/12\/ORBIS-IP_Metatag.png\",\"contentUrl\":\"https:\/\/www.iseg.ulisboa.pt\/wp-content\/uploads\/2021\/12\/ORBIS-IP_Metatag.png\",\"width\":1200,\"height\":630},{\"@type\":\"BreadcrumbList\",\"@id\":\"https:\/\/www.iseg.ulisboa.pt\/en\/event\/orbis-library-user-training-ip-2\/#breadcrumb\",\"itemListElement\":[{\"@type\":\"ListItem\",\"position\":1,\"name\":\"Home\",\"item\":\"https:\/\/www.iseg.ulisboa.pt\/\"},{\"@type\":\"ListItem\",\"position\":2,\"name\":\"Forma\u00e7\u00e3o de utilizadores da biblioteca | Orbis IP\"}]},{\"@type\":\"WebSite\",\"@id\":\"https:\/\/www.iseg.ulisboa.pt\/en\/#website\",\"url\":\"https:\/\/www.iseg.ulisboa.pt\/en\/\",\"name\":\"ISEG\",\"description\":\"Lisbon School of Economics &amp; Management\",\"publisher\":{\"@id\":\"https:\/\/www.iseg.ulisboa.pt\/en\/#organization\"},\"potentialAction\":[{\"@type\":\"SearchAction\",\"target\":{\"@type\":\"EntryPoint\",\"urlTemplate\":\"https:\/\/www.iseg.ulisboa.pt\/en\/?s={search_term_string}\"},\"query-input\":\"required name=search_term_string\"}],\"inLanguage\":\"en-US\"},{\"@type\":\"Organization\",\"@id\":\"https:\/\/www.iseg.ulisboa.pt\/en\/#organization\",\"name\":\"ISEG\",\"url\":\"https:\/\/www.iseg.ulisboa.pt\/en\/\",\"logo\":{\"@type\":\"ImageObject\",\"inLanguage\":\"en-US\",\"@id\":\"https:\/\/www.iseg.ulisboa.pt\/en\/#\/schema\/logo\/image\/\",\"url\":\"https:\/\/www.iseg.ulisboa.pt\/wp-content\/uploads\/2021\/02\/iseg-logo-ul.svg\",\"contentUrl\":\"https:\/\/www.iseg.ulisboa.pt\/wp-content\/uploads\/2021\/02\/iseg-logo-ul.svg\",\"width\":250,\"height\":120,\"caption\":\"ISEG\"},\"image\":{\"@id\":\"https:\/\/www.iseg.ulisboa.pt\/en\/#\/schema\/logo\/image\/\"},\"sameAs\":[\"https:\/\/www.facebook.com\/iseg.pt\",\"https:\/\/x.com\/iseglisbon\",\"https:\/\/www.instagram.com\/iseglisbon\/\",\"https:\/\/www.linkedin.com\/school\/iseglisbon\/\",\"https:\/\/www.youtube.com\/user\/DMREISEG\"]}]}<\/script>\n<!-- \/ Yoast SEO plugin. -->","yoast_head_json":{"title":"Library user training | Orbis IP - ISEG","robots":{"index":"index","follow":"follow","max-snippet":"max-snippet:-1","max-image-preview":"max-image-preview:large","max-video-preview":"max-video-preview:-1"},"canonical":"https:\/\/www.iseg.ulisboa.pt\/en\/event\/orbis-library-user-training-ip-2\/","schema":{"@context":"https:\/\/schema.org","@graph":[{"@type":"WebPage","@id":"https:\/\/www.iseg.ulisboa.pt\/en\/event\/orbis-library-user-training-ip-2\/","url":"https:\/\/www.iseg.ulisboa.pt\/en\/event\/orbis-library-user-training-ip-2\/","name":"Library user training | Orbis IP - ISEG","isPartOf":{"@id":"https:\/\/www.iseg.ulisboa.pt\/en\/#website"},"primaryImageOfPage":{"@id":"https:\/\/www.iseg.ulisboa.pt\/en\/event\/orbis-library-user-training-ip-2\/#primaryimage"},"image":{"@id":"https:\/\/www.iseg.ulisboa.pt\/en\/event\/orbis-library-user-training-ip-2\/#primaryimage"},"thumbnailUrl":"https:\/\/www.iseg.ulisboa.pt\/wp-content\/uploads\/2021\/12\/ORBIS-IP_Metatag.png","datePublished":"2021-12-02T14:45:40+00:00","dateModified":"2023-02-03T18:49:18+00:00","breadcrumb":{"@id":"https:\/\/www.iseg.ulisboa.pt\/en\/event\/orbis-library-user-training-ip-2\/#breadcrumb"},"inLanguage":"en-US","potentialAction":[{"@type":"ReadAction","target":["https:\/\/www.iseg.ulisboa.pt\/en\/event\/orbis-library-user-training-ip-2\/"]}]},{"@type":"ImageObject","inLanguage":"en-US","@id":"https:\/\/www.iseg.ulisboa.pt\/en\/event\/orbis-library-user-training-ip-2\/#primaryimage","url":"https:\/\/www.iseg.ulisboa.pt\/wp-content\/uploads\/2021\/12\/ORBIS-IP_Metatag.png","contentUrl":"https:\/\/www.iseg.ulisboa.pt\/wp-content\/uploads\/2021\/12\/ORBIS-IP_Metatag.png","width":1200,"height":630},{"@type":"BreadcrumbList","@id":"https:\/\/www.iseg.ulisboa.pt\/en\/event\/orbis-library-user-training-ip-2\/#breadcrumb","itemListElement":[{"@type":"ListItem","position":1,"name":"Home","item":"https:\/\/www.iseg.ulisboa.pt\/"},{"@type":"ListItem","position":2,"name":"Forma\u00e7\u00e3o de utilizadores da biblioteca | Orbis IP"}]},{"@type":"WebSite","@id":"https:\/\/www.iseg.ulisboa.pt\/en\/#website","url":"https:\/\/www.iseg.ulisboa.pt\/en\/","name":"ISEG","description":"Lisbon School of Economics &amp; Management","publisher":{"@id":"https:\/\/www.iseg.ulisboa.pt\/en\/#organization"},"potentialAction":[{"@type":"SearchAction","target":{"@type":"EntryPoint","urlTemplate":"https:\/\/www.iseg.ulisboa.pt\/en\/?s={search_term_string}"},"query-input":"required name=search_term_string"}],"inLanguage":"en-US"},{"@type":"Organization","@id":"https:\/\/www.iseg.ulisboa.pt\/en\/#organization","name":"ISEG","url":"https:\/\/www.iseg.ulisboa.pt\/en\/","logo":{"@type":"ImageObject","inLanguage":"en-US","@id":"https:\/\/www.iseg.ulisboa.pt\/en\/#\/schema\/logo\/image\/","url":"https:\/\/www.iseg.ulisboa.pt\/wp-content\/uploads\/2021\/02\/iseg-logo-ul.svg","contentUrl":"https:\/\/www.iseg.ulisboa.pt\/wp-content\/uploads\/2021\/02\/iseg-logo-ul.svg","width":250,"height":120,"caption":"ISEG"},"image":{"@id":"https:\/\/www.iseg.ulisboa.pt\/en\/#\/schema\/logo\/image\/"},"sameAs":["https:\/\/www.facebook.com\/iseg.pt","https:\/\/x.com\/iseglisbon","https:\/\/www.instagram.com\/iseglisbon\/","https:\/\/www.linkedin.com\/school\/iseglisbon\/","https:\/\/www.youtube.com\/user\/DMREISEG"]}]}},"uagb_featured_image_src":{"full":["https:\/\/www.iseg.ulisboa.pt\/wp-content\/uploads\/2021\/12\/ORBIS-IP_Metatag.png",1200,630,false],"thumbnail":["https:\/\/www.iseg.ulisboa.pt\/wp-content\/uploads\/2021\/12\/ORBIS-IP_Metatag-150x150.png",150,150,true],"medium":["https:\/\/www.iseg.ulisboa.pt\/wp-content\/uploads\/2021\/12\/ORBIS-IP_Metatag-300x158.png",300,158,true],"medium_large":["https:\/\/www.iseg.ulisboa.pt\/wp-content\/uploads\/2021\/12\/ORBIS-IP_Metatag.png",768,403,false],"large":["https:\/\/www.iseg.ulisboa.pt\/wp-content\/uploads\/2021\/12\/ORBIS-IP_Metatag.png",1024,538,false],"1536x1536":["https:\/\/www.iseg.ulisboa.pt\/wp-content\/uploads\/2021\/12\/ORBIS-IP_Metatag.png",1200,630,false],"2048x2048":["https:\/\/www.iseg.ulisboa.pt\/wp-content\/uploads\/2021\/12\/ORBIS-IP_Metatag.png",1200,630,false],"trp-custom-language-flag":["https:\/\/www.iseg.ulisboa.pt\/wp-content\/uploads\/2021\/12\/ORBIS-IP_Metatag.png",18,9,false]},"uagb_author_info":{"display_name":"paulamonteiro","author_link":"https:\/\/www.iseg.ulisboa.pt\/en\/author\/"},"uagb_comment_info":0,"uagb_excerpt":"Convidamo-lo(a)&nbsp;a participar na sess\u00e3o online \u201cForma\u00e7\u00e3o Orbis IP\u201d, que ir\u00e1 decorrer &nbsp;no pr\u00f3ximo&nbsp;dia 8 de dezembro, das 18h00 \u00e0s 19h30.O programa da forma\u00e7\u00e3o \u00e9 o seguinte: Global research themes in&nbsp;[...]","_links":{"self":[{"href":"https:\/\/www.iseg.ulisboa.pt\/en\/wp-json\/wp\/v2\/event\/23086"}],"collection":[{"href":"https:\/\/www.iseg.ulisboa.pt\/en\/wp-json\/wp\/v2\/event"}],"about":[{"href":"https:\/\/www.iseg.ulisboa.pt\/en\/wp-json\/wp\/v2\/types\/event"}],"version-history":[{"count":0,"href":"https:\/\/www.iseg.ulisboa.pt\/en\/wp-json\/wp\/v2\/event\/23086\/revisions"}],"wp:featuredmedia":[{"embeddable":true,"href":"https:\/\/www.iseg.ulisboa.pt\/en\/wp-json\/wp\/v2\/media\/23132"}],"wp:attachment":[{"href":"https:\/\/www.iseg.ulisboa.pt\/en\/wp-json\/wp\/v2\/media?parent=23086"}],"wp:term":[{"taxonomy":"topic","embeddable":true,"href":"https:\/\/www.iseg.ulisboa.pt\/en\/wp-json\/wp\/v2\/topic?post=23086"},{"taxonomy":"event_type","embeddable":true,"href":"https:\/\/www.iseg.ulisboa.pt\/en\/wp-json\/wp\/v2\/event_type?post=23086"}],"curies":[{"name":"wp","href":"https:\/\/api.w.org\/{rel}","templated":true}]}}

<!-- This site is optimized with the Yoast SEO plugin v22.6 - https://yoast.com/wordpress/plugins/seo/ -->
<title>Formação de utilizadores da biblioteca | Orbis IP - ISEG</title>
<meta name="robots" content="index, follow, max-snippet:-1, max-image-preview:large, max-video-preview:-1" />
<link rel="canonical" href="https://www.iseg.ulisboa.pt/en/event/orbis-library-user-training-ip-2/" />
<script type="application/ld+json" class="yoast-schema-graph">{"@context":"https://schema.org","@graph":[{"@type":"WebPage","@id":"https://www.iseg.ulisboa.pt/en/event/orbis-library-user-training-ip-2/","url":"https://www.iseg.ulisboa.pt/en/event/orbis-library-user-training-ip-2/","name":"Formação de utilizadores da biblioteca | Orbis IP - ISEG","isPartOf":{"@id":"https://www.iseg.ulisboa.pt/en/#website"},"primaryImageOfPage":{"@id":"https://www.iseg.ulisboa.pt/en/event/orbis-library-user-training-ip-2/#primaryimage"},"image":{"@id":"https://www.iseg.ulisboa.pt/en/event/orbis-library-user-training-ip-2/#primaryimage"},"thumbnailUrl":"https://www.iseg.ulisboa.pt/wp-content/uploads/2021/12/ORBIS-IP_Metatag.png","datePublished":"2021-12-02T14:45:40+00:00","dateModified":"2023-02-03T18:49:18+00:00","breadcrumb":{"@id":"https://www.iseg.ulisboa.pt/en/event/orbis-library-user-training-ip-2/#breadcrumb"},"inLanguage":"en-US","potentialAction":[{"@type":"ReadAction","target":["https://www.iseg.ulisboa.pt/en/event/orbis-library-user-training-ip-2/"]}]},{"@type":"ImageObject","inLanguage":"en-US","@id":"https://www.iseg.ulisboa.pt/en/event/orbis-library-user-training-ip-2/#primaryimage","url":"https://www.iseg.ulisboa.pt/wp-content/uploads/2021/12/ORBIS-IP_Metatag.png","contentUrl":"https://www.iseg.ulisboa.pt/wp-content/uploads/2021/12/ORBIS-IP_Metatag.png","width":1200,"height":630},{"@type":"BreadcrumbList","@id":"https://www.iseg.ulisboa.pt/en/event/orbis-library-user-training-ip-2/#breadcrumb","itemListElement":[{"@type":"ListItem","position":1,"name":"Home","item":"https://www.iseg.ulisboa.pt/"},{"@type":"ListItem","position":2,"name":"Formação de utilizadores da biblioteca | Orbis IP"}]},{"@type":"WebSite","@id":"https://www.iseg.ulisboa.pt/en/#website","url":"https://www.iseg.ulisboa.pt/en/","name":"ISEG","description":"Lisbon School of Economics &amp; Management","publisher":{"@id":"https://www.iseg.ulisboa.pt/en/#organization"},"potentialAction":[{"@type":"SearchAction","target":{"@type":"EntryPoint","urlTemplate":"https://www.iseg.ulisboa.pt/en/?s={search_term_string}"},"query-input":"required name=search_term_string"}],"inLanguage":"en-US"},{"@type":"Organization","@id":"https://www.iseg.ulisboa.pt/en/#organization","name":"ISEG","url":"https://www.iseg.ulisboa.pt/en/","logo":{"@type":"ImageObject","inLanguage":"en-US","@id":"https://www.iseg.ulisboa.pt/en/#/schema/logo/image/","url":"https://www.iseg.ulisboa.pt/wp-content/uploads/2021/02/iseg-logo-ul.svg","contentUrl":"https://www.iseg.ulisboa.pt/wp-content/uploads/2021/02/iseg-logo-ul.svg","width":250,"height":120,"caption":"ISEG"},"image":{"@id":"https://www.iseg.ulisboa.pt/en/#/schema/logo/image/"},"sameAs":["https://www.facebook.com/iseg.pt","https://x.com/iseglisbon","https://www.instagram.com/iseglisbon/","https://www.linkedin.com/school/iseglisbon/","https://www.youtube.com/user/DMREISEG"]}]}</script>
<!-- / Yoast SEO plugin. -->

Formação de utilizadores da biblioteca | Orbis IP

Convidamo-lo(a)&nbsp;a participar na sessão online “Formação Orbis IP”, que irá decorrer &nbsp;no próximo&nbsp;dia 8 de dezembro, das 18h00 às 19h30.O programa da formação é o seguinte: Global research themes in&nbsp;[...]
