{"id":23105,"date":"2021-12-02T15:25:58","date_gmt":"2021-12-02T15:25:58","guid":{"rendered":"https:\/\/www.iseg.ulisboa.pt\/?post_type=event&#038;p=23105"},"modified":"2023-09-21T17:32:58","modified_gmt":"2023-09-21T17:32:58","slug":"eikon-datastream-2-library-user-training","status":"publish","type":"event","link":"https:\/\/www.iseg.ulisboa.pt\/en\/event\/eikon-datastream-2-library-user-training\/","title":{"rendered":"Library user training | Eikon + Datastream"},"content":{"rendered":"<p>We invite you to participate in the online session \"<a rel=\"noreferrer noopener\" href=\"https:\/\/www.iseg.ulisboa.pt\/en\/aquila\/getFile.do\/?method=getFile&amp;fileId=1542348\" data-type=\"URL\" data-id=\"https:\/\/www.iseg.ulisboa.pt\/aquila\/getFile.do?method=getFile&amp;fileId=1542348\" target=\"_blank\">Eikon + Datastream<\/a>\"that will take place next day&nbsp;<strong>December 14th<\/strong>, from&nbsp;<strong>18h00 to 19h30<\/strong>.<br><br>The reference topics to be presented in the training are:<\/p>\n\n\n\n<ul><li><strong>How to navigate the Eikon terminal;<\/strong><\/li><li><strong>Best practices in the use of the terminal;<\/strong><\/li><li><strong>Eikon interaction with excel add-in;<\/strong><\/li><li><strong>How to use the Refinitiv Eikon excel add-in.<\/strong><\/li><\/ul>\n\n\n\n<p><br>This training will be held in Portuguese.<br><br>For registration you must register at:<br><a href=\"https:\/\/forms.office.com\/r\/LdZWCSPjGT\" target=\"_blank\" rel=\"noreferrer noopener\">https:\/\/forms.office.com\/r\/LdZWCSPjGT<\/a><br><br>Further information:<br><a href=\"mailto:formacaobib@iseg.ulisboa.pt\">formacaobib@iseg.ulisboa.pt<\/a><\/p>","protected":false},"excerpt":{"rendered":"We invite you to take part in the online session \"Eikon + Datastream\", which will take place on December 14, from 6:00 p.m. to 7:30 p.m. The reference topics to be presented in the training are: How to navigate the terminal [...]","protected":false},"featured_media":23277,"template":"","topic":[1401,4617],"event_type":[4623],"acf":[],"yoast_head":"<!-- This site is optimized with the Yoast SEO plugin v22.6 - https:\/\/yoast.com\/wordpress\/plugins\/seo\/ -->\n<title>Forma\u00e7\u00e3o de utilizadores da biblioteca | Eikon + Datastream - ISEG<\/title>\n<meta name=\"robots\" content=\"index, follow, max-snippet:-1, max-image-preview:large, max-video-preview:-1\" \/>\n<link rel=\"canonical\" href=\"https:\/\/www.iseg.ulisboa.pt\/en\/event\/eikon-datastream-2-library-user-training\/\" \/>\n<meta name=\"twitter:label1\" content=\"Est. reading time\" \/>\n\t<meta name=\"twitter:data1\" content=\"1 minute\" \/>\n<script type=\"application\/ld+json\" class=\"yoast-schema-graph\">{\"@context\":\"https:\/\/schema.org\",\"@graph\":[{\"@type\":\"WebPage\",\"@id\":\"https:\/\/www.iseg.ulisboa.pt\/en\/event\/eikon-datastream-2-library-user-training\/\",\"url\":\"https:\/\/www.iseg.ulisboa.pt\/en\/event\/eikon-datastream-2-library-user-training\/\",\"name\":\"Forma\u00e7\u00e3o de utilizadores da biblioteca | Eikon + Datastream - ISEG\",\"isPartOf\":{\"@id\":\"https:\/\/www.iseg.ulisboa.pt\/en\/#website\"},\"primaryImageOfPage\":{\"@id\":\"https:\/\/www.iseg.ulisboa.pt\/en\/event\/eikon-datastream-2-library-user-training\/#primaryimage\"},\"image\":{\"@id\":\"https:\/\/www.iseg.ulisboa.pt\/en\/event\/eikon-datastream-2-library-user-training\/#primaryimage\"},\"thumbnailUrl\":\"https:\/\/www.iseg.ulisboa.pt\/wp-content\/uploads\/2021\/12\/Eikon_Banner-Site.png\",\"datePublished\":\"2021-12-02T15:25:58+00:00\",\"dateModified\":\"2023-09-21T17:32:58+00:00\",\"breadcrumb\":{\"@id\":\"https:\/\/www.iseg.ulisboa.pt\/en\/event\/eikon-datastream-2-library-user-training\/#breadcrumb\"},\"inLanguage\":\"en-US\",\"potentialAction\":[{\"@type\":\"ReadAction\",\"target\":[\"https:\/\/www.iseg.ulisboa.pt\/en\/event\/eikon-datastream-2-library-user-training\/\"]}]},{\"@type\":\"ImageObject\",\"inLanguage\":\"en-US\",\"@id\":\"https:\/\/www.iseg.ulisboa.pt\/en\/event\/eikon-datastream-2-library-user-training\/#primaryimage\",\"url\":\"https:\/\/www.iseg.ulisboa.pt\/wp-content\/uploads\/2021\/12\/Eikon_Banner-Site.png\",\"contentUrl\":\"https:\/\/www.iseg.ulisboa.pt\/wp-content\/uploads\/2021\/12\/Eikon_Banner-Site.png\",\"width\":1200,\"height\":630},{\"@type\":\"BreadcrumbList\",\"@id\":\"https:\/\/www.iseg.ulisboa.pt\/en\/event\/eikon-datastream-2-library-user-training\/#breadcrumb\",\"itemListElement\":[{\"@type\":\"ListItem\",\"position\":1,\"name\":\"Home\",\"item\":\"https:\/\/www.iseg.ulisboa.pt\/\"},{\"@type\":\"ListItem\",\"position\":2,\"name\":\"Forma\u00e7\u00e3o de utilizadores da biblioteca | Eikon + Datastream\"}]},{\"@type\":\"WebSite\",\"@id\":\"https:\/\/www.iseg.ulisboa.pt\/en\/#website\",\"url\":\"https:\/\/www.iseg.ulisboa.pt\/en\/\",\"name\":\"ISEG\",\"description\":\"Lisbon School of Economics &amp; Management\",\"publisher\":{\"@id\":\"https:\/\/www.iseg.ulisboa.pt\/en\/#organization\"},\"potentialAction\":[{\"@type\":\"SearchAction\",\"target\":{\"@type\":\"EntryPoint\",\"urlTemplate\":\"https:\/\/www.iseg.ulisboa.pt\/en\/?s={search_term_string}\"},\"query-input\":\"required name=search_term_string\"}],\"inLanguage\":\"en-US\"},{\"@type\":\"Organization\",\"@id\":\"https:\/\/www.iseg.ulisboa.pt\/en\/#organization\",\"name\":\"ISEG\",\"url\":\"https:\/\/www.iseg.ulisboa.pt\/en\/\",\"logo\":{\"@type\":\"ImageObject\",\"inLanguage\":\"en-US\",\"@id\":\"https:\/\/www.iseg.ulisboa.pt\/en\/#\/schema\/logo\/image\/\",\"url\":\"https:\/\/www.iseg.ulisboa.pt\/wp-content\/uploads\/2021\/02\/iseg-logo-ul.svg\",\"contentUrl\":\"https:\/\/www.iseg.ulisboa.pt\/wp-content\/uploads\/2021\/02\/iseg-logo-ul.svg\",\"width\":250,\"height\":120,\"caption\":\"ISEG\"},\"image\":{\"@id\":\"https:\/\/www.iseg.ulisboa.pt\/en\/#\/schema\/logo\/image\/\"},\"sameAs\":[\"https:\/\/www.facebook.com\/iseg.pt\",\"https:\/\/x.com\/iseglisbon\",\"https:\/\/www.instagram.com\/iseglisbon\/\",\"https:\/\/www.linkedin.com\/school\/iseglisbon\/\",\"https:\/\/www.youtube.com\/user\/DMREISEG\"]}]}<\/script>\n<!-- \/ Yoast SEO plugin. -->","yoast_head_json":{"title":"Library user training | Eikon + Datastream - ISEG","robots":{"index":"index","follow":"follow","max-snippet":"max-snippet:-1","max-image-preview":"max-image-preview:large","max-video-preview":"max-video-preview:-1"},"canonical":"https:\/\/www.iseg.ulisboa.pt\/en\/event\/eikon-datastream-2-library-user-training\/","twitter_misc":{"Est. reading time":"1 minute"},"schema":{"@context":"https:\/\/schema.org","@graph":[{"@type":"WebPage","@id":"https:\/\/www.iseg.ulisboa.pt\/en\/event\/eikon-datastream-2-library-user-training\/","url":"https:\/\/www.iseg.ulisboa.pt\/en\/event\/eikon-datastream-2-library-user-training\/","name":"Library user training | Eikon + Datastream - ISEG","isPartOf":{"@id":"https:\/\/www.iseg.ulisboa.pt\/en\/#website"},"primaryImageOfPage":{"@id":"https:\/\/www.iseg.ulisboa.pt\/en\/event\/eikon-datastream-2-library-user-training\/#primaryimage"},"image":{"@id":"https:\/\/www.iseg.ulisboa.pt\/en\/event\/eikon-datastream-2-library-user-training\/#primaryimage"},"thumbnailUrl":"https:\/\/www.iseg.ulisboa.pt\/wp-content\/uploads\/2021\/12\/Eikon_Banner-Site.png","datePublished":"2021-12-02T15:25:58+00:00","dateModified":"2023-09-21T17:32:58+00:00","breadcrumb":{"@id":"https:\/\/www.iseg.ulisboa.pt\/en\/event\/eikon-datastream-2-library-user-training\/#breadcrumb"},"inLanguage":"en-US","potentialAction":[{"@type":"ReadAction","target":["https:\/\/www.iseg.ulisboa.pt\/en\/event\/eikon-datastream-2-library-user-training\/"]}]},{"@type":"ImageObject","inLanguage":"en-US","@id":"https:\/\/www.iseg.ulisboa.pt\/en\/event\/eikon-datastream-2-library-user-training\/#primaryimage","url":"https:\/\/www.iseg.ulisboa.pt\/wp-content\/uploads\/2021\/12\/Eikon_Banner-Site.png","contentUrl":"https:\/\/www.iseg.ulisboa.pt\/wp-content\/uploads\/2021\/12\/Eikon_Banner-Site.png","width":1200,"height":630},{"@type":"BreadcrumbList","@id":"https:\/\/www.iseg.ulisboa.pt\/en\/event\/eikon-datastream-2-library-user-training\/#breadcrumb","itemListElement":[{"@type":"ListItem","position":1,"name":"Home","item":"https:\/\/www.iseg.ulisboa.pt\/"},{"@type":"ListItem","position":2,"name":"Forma\u00e7\u00e3o de utilizadores da biblioteca | Eikon + Datastream"}]},{"@type":"WebSite","@id":"https:\/\/www.iseg.ulisboa.pt\/en\/#website","url":"https:\/\/www.iseg.ulisboa.pt\/en\/","name":"ISEG","description":"Lisbon School of Economics &amp; Management","publisher":{"@id":"https:\/\/www.iseg.ulisboa.pt\/en\/#organization"},"potentialAction":[{"@type":"SearchAction","target":{"@type":"EntryPoint","urlTemplate":"https:\/\/www.iseg.ulisboa.pt\/en\/?s={search_term_string}"},"query-input":"required name=search_term_string"}],"inLanguage":"en-US"},{"@type":"Organization","@id":"https:\/\/www.iseg.ulisboa.pt\/en\/#organization","name":"ISEG","url":"https:\/\/www.iseg.ulisboa.pt\/en\/","logo":{"@type":"ImageObject","inLanguage":"en-US","@id":"https:\/\/www.iseg.ulisboa.pt\/en\/#\/schema\/logo\/image\/","url":"https:\/\/www.iseg.ulisboa.pt\/wp-content\/uploads\/2021\/02\/iseg-logo-ul.svg","contentUrl":"https:\/\/www.iseg.ulisboa.pt\/wp-content\/uploads\/2021\/02\/iseg-logo-ul.svg","width":250,"height":120,"caption":"ISEG"},"image":{"@id":"https:\/\/www.iseg.ulisboa.pt\/en\/#\/schema\/logo\/image\/"},"sameAs":["https:\/\/www.facebook.com\/iseg.pt","https:\/\/x.com\/iseglisbon","https:\/\/www.instagram.com\/iseglisbon\/","https:\/\/www.linkedin.com\/school\/iseglisbon\/","https:\/\/www.youtube.com\/user\/DMREISEG"]}]}},"uagb_featured_image_src":{"full":["https:\/\/www.iseg.ulisboa.pt\/wp-content\/uploads\/2021\/12\/Eikon_Banner-Site.png",1200,630,false],"thumbnail":["https:\/\/www.iseg.ulisboa.pt\/wp-content\/uploads\/2021\/12\/Eikon_Banner-Site-150x150.png",150,150,true],"medium":["https:\/\/www.iseg.ulisboa.pt\/wp-content\/uploads\/2021\/12\/Eikon_Banner-Site-300x158.png",300,158,true],"medium_large":["https:\/\/www.iseg.ulisboa.pt\/wp-content\/uploads\/2021\/12\/Eikon_Banner-Site.png",768,403,false],"large":["https:\/\/www.iseg.ulisboa.pt\/wp-content\/uploads\/2021\/12\/Eikon_Banner-Site.png",1024,538,false],"1536x1536":["https:\/\/www.iseg.ulisboa.pt\/wp-content\/uploads\/2021\/12\/Eikon_Banner-Site.png",1200,630,false],"2048x2048":["https:\/\/www.iseg.ulisboa.pt\/wp-content\/uploads\/2021\/12\/Eikon_Banner-Site.png",1200,630,false],"trp-custom-language-flag":["https:\/\/www.iseg.ulisboa.pt\/wp-content\/uploads\/2021\/12\/Eikon_Banner-Site.png",18,9,false]},"uagb_author_info":{"display_name":"paulamonteiro","author_link":"https:\/\/www.iseg.ulisboa.pt\/en\/author\/"},"uagb_comment_info":0,"uagb_excerpt":"Convidamo-lo(a)&nbsp;a participar na sess\u00e3o online \u201cEikon + Datastream\u201d, que ir\u00e1 decorrer&nbsp;no pr\u00f3ximo&nbsp;dia&nbsp;14 de dezembro, das&nbsp;18h00 \u00e0s 19h30.Os t\u00f3picos de refer\u00eancia a serem apresentados na forma\u00e7\u00e3o s\u00e3o: Como navegar no terminal&nbsp;[...]","_links":{"self":[{"href":"https:\/\/www.iseg.ulisboa.pt\/en\/wp-json\/wp\/v2\/event\/23105"}],"collection":[{"href":"https:\/\/www.iseg.ulisboa.pt\/en\/wp-json\/wp\/v2\/event"}],"about":[{"href":"https:\/\/www.iseg.ulisboa.pt\/en\/wp-json\/wp\/v2\/types\/event"}],"version-history":[{"count":0,"href":"https:\/\/www.iseg.ulisboa.pt\/en\/wp-json\/wp\/v2\/event\/23105\/revisions"}],"wp:featuredmedia":[{"embeddable":true,"href":"https:\/\/www.iseg.ulisboa.pt\/en\/wp-json\/wp\/v2\/media\/23277"}],"wp:attachment":[{"href":"https:\/\/www.iseg.ulisboa.pt\/en\/wp-json\/wp\/v2\/media?parent=23105"}],"wp:term":[{"taxonomy":"topic","embeddable":true,"href":"https:\/\/www.iseg.ulisboa.pt\/en\/wp-json\/wp\/v2\/topic?post=23105"},{"taxonomy":"event_type","embeddable":true,"href":"https:\/\/www.iseg.ulisboa.pt\/en\/wp-json\/wp\/v2\/event_type?post=23105"}],"curies":[{"name":"wp","href":"https:\/\/api.w.org\/{rel}","templated":true}]}}

<!-- This site is optimized with the Yoast SEO plugin v22.6 - https://yoast.com/wordpress/plugins/seo/ -->
<title>Formação de utilizadores da biblioteca | Eikon + Datastream - ISEG</title>
<meta name="robots" content="index, follow, max-snippet:-1, max-image-preview:large, max-video-preview:-1" />
<link rel="canonical" href="https://www.iseg.ulisboa.pt/en/event/eikon-datastream-2-library-user-training/" />
<meta name="twitter:label1" content="Est. reading time" />
	<meta name="twitter:data1" content="1 minute" />
<script type="application/ld+json" class="yoast-schema-graph">{"@context":"https://schema.org","@graph":[{"@type":"WebPage","@id":"https://www.iseg.ulisboa.pt/en/event/eikon-datastream-2-library-user-training/","url":"https://www.iseg.ulisboa.pt/en/event/eikon-datastream-2-library-user-training/","name":"Formação de utilizadores da biblioteca | Eikon + Datastream - ISEG","isPartOf":{"@id":"https://www.iseg.ulisboa.pt/en/#website"},"primaryImageOfPage":{"@id":"https://www.iseg.ulisboa.pt/en/event/eikon-datastream-2-library-user-training/#primaryimage"},"image":{"@id":"https://www.iseg.ulisboa.pt/en/event/eikon-datastream-2-library-user-training/#primaryimage"},"thumbnailUrl":"https://www.iseg.ulisboa.pt/wp-content/uploads/2021/12/Eikon_Banner-Site.png","datePublished":"2021-12-02T15:25:58+00:00","dateModified":"2023-09-21T17:32:58+00:00","breadcrumb":{"@id":"https://www.iseg.ulisboa.pt/en/event/eikon-datastream-2-library-user-training/#breadcrumb"},"inLanguage":"en-US","potentialAction":[{"@type":"ReadAction","target":["https://www.iseg.ulisboa.pt/en/event/eikon-datastream-2-library-user-training/"]}]},{"@type":"ImageObject","inLanguage":"en-US","@id":"https://www.iseg.ulisboa.pt/en/event/eikon-datastream-2-library-user-training/#primaryimage","url":"https://www.iseg.ulisboa.pt/wp-content/uploads/2021/12/Eikon_Banner-Site.png","contentUrl":"https://www.iseg.ulisboa.pt/wp-content/uploads/2021/12/Eikon_Banner-Site.png","width":1200,"height":630},{"@type":"BreadcrumbList","@id":"https://www.iseg.ulisboa.pt/en/event/eikon-datastream-2-library-user-training/#breadcrumb","itemListElement":[{"@type":"ListItem","position":1,"name":"Home","item":"https://www.iseg.ulisboa.pt/"},{"@type":"ListItem","position":2,"name":"Formação de utilizadores da biblioteca | Eikon + Datastream"}]},{"@type":"WebSite","@id":"https://www.iseg.ulisboa.pt/en/#website","url":"https://www.iseg.ulisboa.pt/en/","name":"ISEG","description":"Lisbon School of Economics &amp; Management","publisher":{"@id":"https://www.iseg.ulisboa.pt/en/#organization"},"potentialAction":[{"@type":"SearchAction","target":{"@type":"EntryPoint","urlTemplate":"https://www.iseg.ulisboa.pt/en/?s={search_term_string}"},"query-input":"required name=search_term_string"}],"inLanguage":"en-US"},{"@type":"Organization","@id":"https://www.iseg.ulisboa.pt/en/#organization","name":"ISEG","url":"https://www.iseg.ulisboa.pt/en/","logo":{"@type":"ImageObject","inLanguage":"en-US","@id":"https://www.iseg.ulisboa.pt/en/#/schema/logo/image/","url":"https://www.iseg.ulisboa.pt/wp-content/uploads/2021/02/iseg-logo-ul.svg","contentUrl":"https://www.iseg.ulisboa.pt/wp-content/uploads/2021/02/iseg-logo-ul.svg","width":250,"height":120,"caption":"ISEG"},"image":{"@id":"https://www.iseg.ulisboa.pt/en/#/schema/logo/image/"},"sameAs":["https://www.facebook.com/iseg.pt","https://x.com/iseglisbon","https://www.instagram.com/iseglisbon/","https://www.linkedin.com/school/iseglisbon/","https://www.youtube.com/user/DMREISEG"]}]}</script>
<!-- / Yoast SEO plugin. -->

Formação de utilizadores da biblioteca | Eikon + Datastream

Convidamo-lo(a)&nbsp;a participar na sessão online “Eikon + Datastream”, que irá decorrer&nbsp;no próximo&nbsp;dia&nbsp;14 de dezembro, das&nbsp;18h00 às 19h30.Os tópicos de referência a serem apresentados na formação são: Como navegar no terminal&nbsp;[...]
