{"id":23547,"date":"2022-01-11T14:22:34","date_gmt":"2022-01-11T14:22:34","guid":{"rendered":"https:\/\/www.iseg.ulisboa.pt\/?post_type=event&#038;p=23547"},"modified":"2022-01-11T17:07:26","modified_gmt":"2022-01-11T17:07:26","slug":"debating-security-and-race-in-contemporary-urban-brazil-2","status":"publish","type":"event","link":"https:\/\/www.iseg.ulisboa.pt\/en\/event\/debating-security-and-race-in-contemporary-urban-brazil-2\/","title":{"rendered":"Debating Security and Race in Contemporary Urban Brazil"},"content":{"rendered":"<p>On January 12, the session \"<em>Debating Security and Race in Contemporary Urban Brazil<\/em>\", within the scope of ISEG's PhDs in Economic and Organizational Sociology &amp; Development Studies.<br><br>This session will take place online at 4pm and will feature Professor Susana Dur\u00e3o (State University of Campinas, Brazil).<\/p>\n\n\n\n<p>Link to watch the event: <a href=\"https:\/\/videoconf-colibri.zoom.us\/j\/84406688240\">https:\/\/videoconf-colibri.zoom.us\/j\/84406688240<\/a><br><br><\/p>\n\n\n\n<figure class=\"wp-block-image size-large\"><img decoding=\"async\" src=\"https:\/\/www.iseg.ulisboa.pt\/wp-content\/uploads\/2022\/01\/Seminario_PDSEOED_poster_online.jpg\" alt=\"\" class=\"wp-image-23552\" \/><\/figure>","protected":false},"excerpt":{"rendered":"On January 12, the session \u201cDebating Security and Race in Contemporary Urban Brazil\u201c will take place as part of ISEG\u2019s Ph.D. programs in Economic Sociology and Organizational &amp; Social Studies [\u2026]","protected":false},"featured_media":0,"template":"","topic":[1401],"event_type":[1160],"acf":{"start_date":"2022-01-12 16:00:00","end_date":"2022-01-12 17:00:00","venue":"Online","event_type":1160,"topic":[1401]},"yoast_head":"<!-- This site is optimized with the Yoast SEO plugin v22.6 - https:\/\/yoast.com\/wordpress\/plugins\/seo\/ -->\n<title>Debating Security and Race in Contemporary Urban Brazil - ISEG<\/title>\n<meta name=\"robots\" content=\"index, follow, max-snippet:-1, max-image-preview:large, max-video-preview:-1\" \/>\n<link rel=\"canonical\" href=\"https:\/\/www.iseg.ulisboa.pt\/en\/event\/debating-security-and-race-in-contemporary-urban-brazil-2\/\" \/>\n<script type=\"application\/ld+json\" class=\"yoast-schema-graph\">{\"@context\":\"https:\/\/schema.org\",\"@graph\":[{\"@type\":\"WebPage\",\"@id\":\"https:\/\/www.iseg.ulisboa.pt\/en\/event\/debating-security-and-race-in-contemporary-urban-brazil-2\/\",\"url\":\"https:\/\/www.iseg.ulisboa.pt\/en\/event\/debating-security-and-race-in-contemporary-urban-brazil-2\/\",\"name\":\"Debating Security and Race in Contemporary Urban Brazil - ISEG\",\"isPartOf\":{\"@id\":\"https:\/\/www.iseg.ulisboa.pt\/en\/#website\"},\"primaryImageOfPage\":{\"@id\":\"https:\/\/www.iseg.ulisboa.pt\/en\/event\/debating-security-and-race-in-contemporary-urban-brazil-2\/#primaryimage\"},\"image\":{\"@id\":\"https:\/\/www.iseg.ulisboa.pt\/en\/event\/debating-security-and-race-in-contemporary-urban-brazil-2\/#primaryimage\"},\"thumbnailUrl\":\"https:\/\/www.iseg.ulisboa.pt\/wp-content\/uploads\/2022\/01\/Seminario_PDSEOED_poster_online.jpg\",\"datePublished\":\"2022-01-11T14:22:34+00:00\",\"dateModified\":\"2022-01-11T17:07:26+00:00\",\"breadcrumb\":{\"@id\":\"https:\/\/www.iseg.ulisboa.pt\/en\/event\/debating-security-and-race-in-contemporary-urban-brazil-2\/#breadcrumb\"},\"inLanguage\":\"en-US\",\"potentialAction\":[{\"@type\":\"ReadAction\",\"target\":[\"https:\/\/www.iseg.ulisboa.pt\/en\/event\/debating-security-and-race-in-contemporary-urban-brazil-2\/\"]}]},{\"@type\":\"ImageObject\",\"inLanguage\":\"en-US\",\"@id\":\"https:\/\/www.iseg.ulisboa.pt\/en\/event\/debating-security-and-race-in-contemporary-urban-brazil-2\/#primaryimage\",\"url\":\"https:\/\/www.iseg.ulisboa.pt\/wp-content\/uploads\/2022\/01\/Seminario_PDSEOED_poster_online.jpg\",\"contentUrl\":\"https:\/\/www.iseg.ulisboa.pt\/wp-content\/uploads\/2022\/01\/Seminario_PDSEOED_poster_online.jpg\"},{\"@type\":\"BreadcrumbList\",\"@id\":\"https:\/\/www.iseg.ulisboa.pt\/en\/event\/debating-security-and-race-in-contemporary-urban-brazil-2\/#breadcrumb\",\"itemListElement\":[{\"@type\":\"ListItem\",\"position\":1,\"name\":\"Home\",\"item\":\"https:\/\/www.iseg.ulisboa.pt\/\"},{\"@type\":\"ListItem\",\"position\":2,\"name\":\"Debating Security and Race in Contemporary Urban Brazil\"}]},{\"@type\":\"WebSite\",\"@id\":\"https:\/\/www.iseg.ulisboa.pt\/en\/#website\",\"url\":\"https:\/\/www.iseg.ulisboa.pt\/en\/\",\"name\":\"ISEG\",\"description\":\"Lisbon School of Economics &amp; Management\",\"publisher\":{\"@id\":\"https:\/\/www.iseg.ulisboa.pt\/en\/#organization\"},\"potentialAction\":[{\"@type\":\"SearchAction\",\"target\":{\"@type\":\"EntryPoint\",\"urlTemplate\":\"https:\/\/www.iseg.ulisboa.pt\/en\/?s={search_term_string}\"},\"query-input\":\"required name=search_term_string\"}],\"inLanguage\":\"en-US\"},{\"@type\":\"Organization\",\"@id\":\"https:\/\/www.iseg.ulisboa.pt\/en\/#organization\",\"name\":\"ISEG\",\"url\":\"https:\/\/www.iseg.ulisboa.pt\/en\/\",\"logo\":{\"@type\":\"ImageObject\",\"inLanguage\":\"en-US\",\"@id\":\"https:\/\/www.iseg.ulisboa.pt\/en\/#\/schema\/logo\/image\/\",\"url\":\"https:\/\/www.iseg.ulisboa.pt\/wp-content\/uploads\/2021\/02\/iseg-logo-ul.svg\",\"contentUrl\":\"https:\/\/www.iseg.ulisboa.pt\/wp-content\/uploads\/2021\/02\/iseg-logo-ul.svg\",\"width\":250,\"height\":120,\"caption\":\"ISEG\"},\"image\":{\"@id\":\"https:\/\/www.iseg.ulisboa.pt\/en\/#\/schema\/logo\/image\/\"},\"sameAs\":[\"https:\/\/www.facebook.com\/iseg.pt\",\"https:\/\/x.com\/iseglisbon\",\"https:\/\/www.instagram.com\/iseglisbon\/\",\"https:\/\/www.linkedin.com\/school\/iseglisbon\/\",\"https:\/\/www.youtube.com\/user\/DMREISEG\"]}]}<\/script>\n<!-- \/ Yoast SEO plugin. -->","yoast_head_json":{"title":"Debating Security and Race in Contemporary Urban Brazil - ISEG","robots":{"index":"index","follow":"follow","max-snippet":"max-snippet:-1","max-image-preview":"max-image-preview:large","max-video-preview":"max-video-preview:-1"},"canonical":"https:\/\/www.iseg.ulisboa.pt\/en\/event\/debating-security-and-race-in-contemporary-urban-brazil-2\/","schema":{"@context":"https:\/\/schema.org","@graph":[{"@type":"WebPage","@id":"https:\/\/www.iseg.ulisboa.pt\/en\/event\/debating-security-and-race-in-contemporary-urban-brazil-2\/","url":"https:\/\/www.iseg.ulisboa.pt\/en\/event\/debating-security-and-race-in-contemporary-urban-brazil-2\/","name":"Debating Security and Race in Contemporary Urban Brazil - ISEG","isPartOf":{"@id":"https:\/\/www.iseg.ulisboa.pt\/en\/#website"},"primaryImageOfPage":{"@id":"https:\/\/www.iseg.ulisboa.pt\/en\/event\/debating-security-and-race-in-contemporary-urban-brazil-2\/#primaryimage"},"image":{"@id":"https:\/\/www.iseg.ulisboa.pt\/en\/event\/debating-security-and-race-in-contemporary-urban-brazil-2\/#primaryimage"},"thumbnailUrl":"https:\/\/www.iseg.ulisboa.pt\/wp-content\/uploads\/2022\/01\/Seminario_PDSEOED_poster_online.jpg","datePublished":"2022-01-11T14:22:34+00:00","dateModified":"2022-01-11T17:07:26+00:00","breadcrumb":{"@id":"https:\/\/www.iseg.ulisboa.pt\/en\/event\/debating-security-and-race-in-contemporary-urban-brazil-2\/#breadcrumb"},"inLanguage":"en-US","potentialAction":[{"@type":"ReadAction","target":["https:\/\/www.iseg.ulisboa.pt\/en\/event\/debating-security-and-race-in-contemporary-urban-brazil-2\/"]}]},{"@type":"ImageObject","inLanguage":"en-US","@id":"https:\/\/www.iseg.ulisboa.pt\/en\/event\/debating-security-and-race-in-contemporary-urban-brazil-2\/#primaryimage","url":"https:\/\/www.iseg.ulisboa.pt\/wp-content\/uploads\/2022\/01\/Seminario_PDSEOED_poster_online.jpg","contentUrl":"https:\/\/www.iseg.ulisboa.pt\/wp-content\/uploads\/2022\/01\/Seminario_PDSEOED_poster_online.jpg"},{"@type":"BreadcrumbList","@id":"https:\/\/www.iseg.ulisboa.pt\/en\/event\/debating-security-and-race-in-contemporary-urban-brazil-2\/#breadcrumb","itemListElement":[{"@type":"ListItem","position":1,"name":"Home","item":"https:\/\/www.iseg.ulisboa.pt\/"},{"@type":"ListItem","position":2,"name":"Debating Security and Race in Contemporary Urban Brazil"}]},{"@type":"WebSite","@id":"https:\/\/www.iseg.ulisboa.pt\/en\/#website","url":"https:\/\/www.iseg.ulisboa.pt\/en\/","name":"ISEG","description":"Lisbon School of Economics &amp; Management","publisher":{"@id":"https:\/\/www.iseg.ulisboa.pt\/en\/#organization"},"potentialAction":[{"@type":"SearchAction","target":{"@type":"EntryPoint","urlTemplate":"https:\/\/www.iseg.ulisboa.pt\/en\/?s={search_term_string}"},"query-input":"required name=search_term_string"}],"inLanguage":"en-US"},{"@type":"Organization","@id":"https:\/\/www.iseg.ulisboa.pt\/en\/#organization","name":"ISEG","url":"https:\/\/www.iseg.ulisboa.pt\/en\/","logo":{"@type":"ImageObject","inLanguage":"en-US","@id":"https:\/\/www.iseg.ulisboa.pt\/en\/#\/schema\/logo\/image\/","url":"https:\/\/www.iseg.ulisboa.pt\/wp-content\/uploads\/2021\/02\/iseg-logo-ul.svg","contentUrl":"https:\/\/www.iseg.ulisboa.pt\/wp-content\/uploads\/2021\/02\/iseg-logo-ul.svg","width":250,"height":120,"caption":"ISEG"},"image":{"@id":"https:\/\/www.iseg.ulisboa.pt\/en\/#\/schema\/logo\/image\/"},"sameAs":["https:\/\/www.facebook.com\/iseg.pt","https:\/\/x.com\/iseglisbon","https:\/\/www.instagram.com\/iseglisbon\/","https:\/\/www.linkedin.com\/school\/iseglisbon\/","https:\/\/www.youtube.com\/user\/DMREISEG"]}]}},"uagb_featured_image_src":{"full":false,"thumbnail":false,"medium":false,"medium_large":false,"large":false,"1536x1536":false,"2048x2048":false,"trp-custom-language-flag":false},"uagb_author_info":{"display_name":"paulamonteiro","author_link":"https:\/\/www.iseg.ulisboa.pt\/en\/author\/"},"uagb_comment_info":0,"uagb_excerpt":"No dia 12 de janeiro, realiza-se a sess\u00e3o &#8220;Debating Security and Race in Contemporary Urban Brazil&#8220;, no \u00e2mbito dos Doutoramentos do ISEG em Sociologia Econ\u00f3mica e das Organiza\u00e7\u00f5es &amp; Estudos&nbsp;[...]","_links":{"self":[{"href":"https:\/\/www.iseg.ulisboa.pt\/en\/wp-json\/wp\/v2\/event\/23547"}],"collection":[{"href":"https:\/\/www.iseg.ulisboa.pt\/en\/wp-json\/wp\/v2\/event"}],"about":[{"href":"https:\/\/www.iseg.ulisboa.pt\/en\/wp-json\/wp\/v2\/types\/event"}],"version-history":[{"count":0,"href":"https:\/\/www.iseg.ulisboa.pt\/en\/wp-json\/wp\/v2\/event\/23547\/revisions"}],"acf:term":[{"embeddable":true,"taxonomy":"topic","href":"https:\/\/www.iseg.ulisboa.pt\/en\/wp-json\/wp\/v2\/topic\/1401"},{"embeddable":true,"taxonomy":"event_type","href":"https:\/\/www.iseg.ulisboa.pt\/en\/wp-json\/wp\/v2\/event_type\/1160"}],"wp:attachment":[{"href":"https:\/\/www.iseg.ulisboa.pt\/en\/wp-json\/wp\/v2\/media?parent=23547"}],"wp:term":[{"taxonomy":"topic","embeddable":true,"href":"https:\/\/www.iseg.ulisboa.pt\/en\/wp-json\/wp\/v2\/topic?post=23547"},{"taxonomy":"event_type","embeddable":true,"href":"https:\/\/www.iseg.ulisboa.pt\/en\/wp-json\/wp\/v2\/event_type?post=23547"}],"curies":[{"name":"wp","href":"https:\/\/api.w.org\/{rel}","templated":true}]}}

<p>On January 12, the session "<em>Debating Security and Race in Contemporary Urban Brazil</em>", within the scope of ISEG's PhDs in Economic and Organizational Sociology &amp; Development Studies.<br><br>This session will take place online at 4pm and will feature Professor Susana Durão (State University of Campinas, Brazil).</p>



<p>Link to watch the event: <a href="https://videoconf-colibri.zoom.us/j/84406688240">https://videoconf-colibri.zoom.us/j/84406688240</a><br><br></p>



<figure class="wp-block-image size-large"><img decoding="async" src="https://www.iseg.ulisboa.pt/wp-content/uploads/2022/01/Seminario_PDSEOED_poster_online.jpg" alt="" class="wp-image-23552" /></figure>

No dia 12 de janeiro, realiza-se a sessão &#8220;Debating Security and Race in Contemporary Urban Brazil&#8220;, no âmbito dos Doutoramentos do ISEG em Sociologia Económica e das Organizações &amp; Estudos&nbsp;[...]
