{"id":26098,"date":"2022-05-06T15:06:41","date_gmt":"2022-05-06T15:06:41","guid":{"rendered":"https:\/\/www.iseg.ulisboa.pt\/?post_type=event&#038;p=26098"},"modified":"2022-05-09T12:44:51","modified_gmt":"2022-05-09T12:44:51","slug":"kyaneos-exhibition-opening-what-color-is-blue-2","status":"publish","type":"event","link":"https:\/\/www.iseg.ulisboa.pt\/en\/event\/kyaneos-exhibition-opening-what-color-is-blue-2\/","title":{"rendered":"Exhibition Inauguration | kyaneos what color is blue"},"content":{"rendered":"<p id=\"block-2931d8fc-a1ba-4867-a32a-322dc29102eb\">On May 11, the opening of the exhibition takes place in the Cloisters of ISEG <em><strong>kyaneos<\/strong><\/em>by Anabela Mota, at 19h00.<br><br>The exhibition will be open on May 11, 12 and 13 in the Great Hall and in the Cloisters until June 3.<br><br><br><strong>About the Exhibition:<\/strong><\/p>\n\n\n\n<p id=\"block-fecd93d8-7694-4d57-a35d-ec4a0889997d\">It is well known that learning the name of a thing gives us a certain power because we can summon it regardless of its actual presence. However, we can also say that art shows us the instability of this mechanism, inviting us to perceive the mismatch between a sign and what it evokes. It is such an exercise of strangeness of language, but also of visuality, that Anabela Mota proposes to us with this exhibition entitled Kyaneos, what color is blue. Only at cost can we translate the word kyaneos, which comes to us from Greek antiquity and from which the word cyan derives, the one that names the shade of blue that constitutes one of the three subtractive primary colors. (...). Learn more about this exhibition in Sara Belo's text <a rel=\"noreferrer noopener\" href=\"https:\/\/www.iseg.ulisboa.pt\/wp-content\/uploads\/2022\/05\/sobre-a-exposicao-kyaneos.pdf\" target=\"_blank\">HERE<\/a>.<\/p>\n\n\n\n<figure class=\"wp-block-image\" id=\"block-23b8d6df-32b8-4f0a-ab94-8b40b39235e3\"><img decoding=\"async\" src=\"https:\/\/www.iseg.ulisboa.pt\/wp-content\/uploads\/2022\/05\/Historia_Anabela-Mota.png\" alt=\"This image has an empty alt attribute; its file name is Historia_Anabela-Mota.png\" \/><\/figure>","protected":false},"excerpt":{"rendered":"On May 11, the opening of Anabela Mota\u2019s exhibition *kyaneos* will take place in the ISEG Cloisters at 7:00 p.m. The exhibition will be on view on May 11, 12, and 13 [\u2026]","protected":false},"featured_media":0,"template":"","topic":[1403],"event_type":[1180],"acf":[],"yoast_head":"<!-- This site is optimized with the Yoast SEO plugin v22.6 - https:\/\/yoast.com\/wordpress\/plugins\/seo\/ -->\n<title>Inaugura\u00e7\u00e3o de Exposi\u00e7\u00e3o | kyaneos de que cor \u00e9 o azul - ISEG<\/title>\n<meta name=\"robots\" content=\"index, follow, max-snippet:-1, max-image-preview:large, max-video-preview:-1\" \/>\n<link rel=\"canonical\" href=\"https:\/\/www.iseg.ulisboa.pt\/en\/event\/kyaneos-exhibition-opening-what-color-is-blue-2\/\" \/>\n<meta name=\"twitter:label1\" content=\"Est. reading time\" \/>\n\t<meta name=\"twitter:data1\" content=\"1 minute\" \/>\n<script type=\"application\/ld+json\" class=\"yoast-schema-graph\">{\"@context\":\"https:\/\/schema.org\",\"@graph\":[{\"@type\":\"WebPage\",\"@id\":\"https:\/\/www.iseg.ulisboa.pt\/en\/event\/kyaneos-exhibition-opening-what-color-is-blue-2\/\",\"url\":\"https:\/\/www.iseg.ulisboa.pt\/en\/event\/kyaneos-exhibition-opening-what-color-is-blue-2\/\",\"name\":\"Inaugura\u00e7\u00e3o de Exposi\u00e7\u00e3o | kyaneos de que cor \u00e9 o azul - ISEG\",\"isPartOf\":{\"@id\":\"https:\/\/www.iseg.ulisboa.pt\/en\/#website\"},\"primaryImageOfPage\":{\"@id\":\"https:\/\/www.iseg.ulisboa.pt\/en\/event\/kyaneos-exhibition-opening-what-color-is-blue-2\/#primaryimage\"},\"image\":{\"@id\":\"https:\/\/www.iseg.ulisboa.pt\/en\/event\/kyaneos-exhibition-opening-what-color-is-blue-2\/#primaryimage\"},\"thumbnailUrl\":\"https:\/\/www.iseg.ulisboa.pt\/wp-content\/uploads\/2022\/05\/Historia_Anabela-Mota.png\",\"datePublished\":\"2022-05-06T15:06:41+00:00\",\"dateModified\":\"2022-05-09T12:44:51+00:00\",\"breadcrumb\":{\"@id\":\"https:\/\/www.iseg.ulisboa.pt\/en\/event\/kyaneos-exhibition-opening-what-color-is-blue-2\/#breadcrumb\"},\"inLanguage\":\"en-US\",\"potentialAction\":[{\"@type\":\"ReadAction\",\"target\":[\"https:\/\/www.iseg.ulisboa.pt\/en\/event\/kyaneos-exhibition-opening-what-color-is-blue-2\/\"]}]},{\"@type\":\"ImageObject\",\"inLanguage\":\"en-US\",\"@id\":\"https:\/\/www.iseg.ulisboa.pt\/en\/event\/kyaneos-exhibition-opening-what-color-is-blue-2\/#primaryimage\",\"url\":\"https:\/\/www.iseg.ulisboa.pt\/wp-content\/uploads\/2022\/05\/Historia_Anabela-Mota.png\",\"contentUrl\":\"https:\/\/www.iseg.ulisboa.pt\/wp-content\/uploads\/2022\/05\/Historia_Anabela-Mota.png\"},{\"@type\":\"BreadcrumbList\",\"@id\":\"https:\/\/www.iseg.ulisboa.pt\/en\/event\/kyaneos-exhibition-opening-what-color-is-blue-2\/#breadcrumb\",\"itemListElement\":[{\"@type\":\"ListItem\",\"position\":1,\"name\":\"Home\",\"item\":\"https:\/\/www.iseg.ulisboa.pt\/\"},{\"@type\":\"ListItem\",\"position\":2,\"name\":\"Inaugura\u00e7\u00e3o de Exposi\u00e7\u00e3o | kyaneos de que cor \u00e9 o azul\"}]},{\"@type\":\"WebSite\",\"@id\":\"https:\/\/www.iseg.ulisboa.pt\/en\/#website\",\"url\":\"https:\/\/www.iseg.ulisboa.pt\/en\/\",\"name\":\"ISEG\",\"description\":\"Lisbon School of Economics &amp; Management\",\"publisher\":{\"@id\":\"https:\/\/www.iseg.ulisboa.pt\/en\/#organization\"},\"potentialAction\":[{\"@type\":\"SearchAction\",\"target\":{\"@type\":\"EntryPoint\",\"urlTemplate\":\"https:\/\/www.iseg.ulisboa.pt\/en\/?s={search_term_string}\"},\"query-input\":\"required name=search_term_string\"}],\"inLanguage\":\"en-US\"},{\"@type\":\"Organization\",\"@id\":\"https:\/\/www.iseg.ulisboa.pt\/en\/#organization\",\"name\":\"ISEG\",\"url\":\"https:\/\/www.iseg.ulisboa.pt\/en\/\",\"logo\":{\"@type\":\"ImageObject\",\"inLanguage\":\"en-US\",\"@id\":\"https:\/\/www.iseg.ulisboa.pt\/en\/#\/schema\/logo\/image\/\",\"url\":\"https:\/\/www.iseg.ulisboa.pt\/wp-content\/uploads\/2021\/02\/iseg-logo-ul.svg\",\"contentUrl\":\"https:\/\/www.iseg.ulisboa.pt\/wp-content\/uploads\/2021\/02\/iseg-logo-ul.svg\",\"width\":250,\"height\":120,\"caption\":\"ISEG\"},\"image\":{\"@id\":\"https:\/\/www.iseg.ulisboa.pt\/en\/#\/schema\/logo\/image\/\"},\"sameAs\":[\"https:\/\/www.facebook.com\/iseg.pt\",\"https:\/\/x.com\/iseglisbon\",\"https:\/\/www.instagram.com\/iseglisbon\/\",\"https:\/\/www.linkedin.com\/school\/iseglisbon\/\",\"https:\/\/www.youtube.com\/user\/DMREISEG\"]}]}<\/script>\n<!-- \/ Yoast SEO plugin. -->","yoast_head_json":{"title":"Exhibition Opening | kyaneos what color is blue - ISEG","robots":{"index":"index","follow":"follow","max-snippet":"max-snippet:-1","max-image-preview":"max-image-preview:large","max-video-preview":"max-video-preview:-1"},"canonical":"https:\/\/www.iseg.ulisboa.pt\/en\/event\/kyaneos-exhibition-opening-what-color-is-blue-2\/","twitter_misc":{"Est. reading time":"1 minute"},"schema":{"@context":"https:\/\/schema.org","@graph":[{"@type":"WebPage","@id":"https:\/\/www.iseg.ulisboa.pt\/en\/event\/kyaneos-exhibition-opening-what-color-is-blue-2\/","url":"https:\/\/www.iseg.ulisboa.pt\/en\/event\/kyaneos-exhibition-opening-what-color-is-blue-2\/","name":"Exhibition Opening | kyaneos what color is blue - ISEG","isPartOf":{"@id":"https:\/\/www.iseg.ulisboa.pt\/en\/#website"},"primaryImageOfPage":{"@id":"https:\/\/www.iseg.ulisboa.pt\/en\/event\/kyaneos-exhibition-opening-what-color-is-blue-2\/#primaryimage"},"image":{"@id":"https:\/\/www.iseg.ulisboa.pt\/en\/event\/kyaneos-exhibition-opening-what-color-is-blue-2\/#primaryimage"},"thumbnailUrl":"https:\/\/www.iseg.ulisboa.pt\/wp-content\/uploads\/2022\/05\/Historia_Anabela-Mota.png","datePublished":"2022-05-06T15:06:41+00:00","dateModified":"2022-05-09T12:44:51+00:00","breadcrumb":{"@id":"https:\/\/www.iseg.ulisboa.pt\/en\/event\/kyaneos-exhibition-opening-what-color-is-blue-2\/#breadcrumb"},"inLanguage":"en-US","potentialAction":[{"@type":"ReadAction","target":["https:\/\/www.iseg.ulisboa.pt\/en\/event\/kyaneos-exhibition-opening-what-color-is-blue-2\/"]}]},{"@type":"ImageObject","inLanguage":"en-US","@id":"https:\/\/www.iseg.ulisboa.pt\/en\/event\/kyaneos-exhibition-opening-what-color-is-blue-2\/#primaryimage","url":"https:\/\/www.iseg.ulisboa.pt\/wp-content\/uploads\/2022\/05\/Historia_Anabela-Mota.png","contentUrl":"https:\/\/www.iseg.ulisboa.pt\/wp-content\/uploads\/2022\/05\/Historia_Anabela-Mota.png"},{"@type":"BreadcrumbList","@id":"https:\/\/www.iseg.ulisboa.pt\/en\/event\/kyaneos-exhibition-opening-what-color-is-blue-2\/#breadcrumb","itemListElement":[{"@type":"ListItem","position":1,"name":"Home","item":"https:\/\/www.iseg.ulisboa.pt\/"},{"@type":"ListItem","position":2,"name":"Inaugura\u00e7\u00e3o de Exposi\u00e7\u00e3o | kyaneos de que cor \u00e9 o azul"}]},{"@type":"WebSite","@id":"https:\/\/www.iseg.ulisboa.pt\/en\/#website","url":"https:\/\/www.iseg.ulisboa.pt\/en\/","name":"ISEG","description":"Lisbon School of Economics &amp; Management","publisher":{"@id":"https:\/\/www.iseg.ulisboa.pt\/en\/#organization"},"potentialAction":[{"@type":"SearchAction","target":{"@type":"EntryPoint","urlTemplate":"https:\/\/www.iseg.ulisboa.pt\/en\/?s={search_term_string}"},"query-input":"required name=search_term_string"}],"inLanguage":"en-US"},{"@type":"Organization","@id":"https:\/\/www.iseg.ulisboa.pt\/en\/#organization","name":"ISEG","url":"https:\/\/www.iseg.ulisboa.pt\/en\/","logo":{"@type":"ImageObject","inLanguage":"en-US","@id":"https:\/\/www.iseg.ulisboa.pt\/en\/#\/schema\/logo\/image\/","url":"https:\/\/www.iseg.ulisboa.pt\/wp-content\/uploads\/2021\/02\/iseg-logo-ul.svg","contentUrl":"https:\/\/www.iseg.ulisboa.pt\/wp-content\/uploads\/2021\/02\/iseg-logo-ul.svg","width":250,"height":120,"caption":"ISEG"},"image":{"@id":"https:\/\/www.iseg.ulisboa.pt\/en\/#\/schema\/logo\/image\/"},"sameAs":["https:\/\/www.facebook.com\/iseg.pt","https:\/\/x.com\/iseglisbon","https:\/\/www.instagram.com\/iseglisbon\/","https:\/\/www.linkedin.com\/school\/iseglisbon\/","https:\/\/www.youtube.com\/user\/DMREISEG"]}]}},"uagb_featured_image_src":{"full":false,"thumbnail":false,"medium":false,"medium_large":false,"large":false,"1536x1536":false,"2048x2048":false,"trp-custom-language-flag":false},"uagb_author_info":{"display_name":"paulamonteiro","author_link":"https:\/\/www.iseg.ulisboa.pt\/en\/author\/"},"uagb_comment_info":0,"uagb_excerpt":"No dia 11 de maio, tem lugar nos Claustros do ISEG a inaugura\u00e7\u00e3o da exposi\u00e7\u00e3o kyaneos, de Anabela Mota, pelas 19h00.A exposi\u00e7\u00e3o estar\u00e1 patente dias 11, 12 e 13 de&nbsp;[...]","_links":{"self":[{"href":"https:\/\/www.iseg.ulisboa.pt\/en\/wp-json\/wp\/v2\/event\/26098"}],"collection":[{"href":"https:\/\/www.iseg.ulisboa.pt\/en\/wp-json\/wp\/v2\/event"}],"about":[{"href":"https:\/\/www.iseg.ulisboa.pt\/en\/wp-json\/wp\/v2\/types\/event"}],"version-history":[{"count":0,"href":"https:\/\/www.iseg.ulisboa.pt\/en\/wp-json\/wp\/v2\/event\/26098\/revisions"}],"wp:attachment":[{"href":"https:\/\/www.iseg.ulisboa.pt\/en\/wp-json\/wp\/v2\/media?parent=26098"}],"wp:term":[{"taxonomy":"topic","embeddable":true,"href":"https:\/\/www.iseg.ulisboa.pt\/en\/wp-json\/wp\/v2\/topic?post=26098"},{"taxonomy":"event_type","embeddable":true,"href":"https:\/\/www.iseg.ulisboa.pt\/en\/wp-json\/wp\/v2\/event_type?post=26098"}],"curies":[{"name":"wp","href":"https:\/\/api.w.org\/{rel}","templated":true}]}}

<!-- This site is optimized with the Yoast SEO plugin v22.6 - https://yoast.com/wordpress/plugins/seo/ -->
<title>Inauguração de Exposição | kyaneos de que cor é o azul - ISEG</title>
<meta name="robots" content="index, follow, max-snippet:-1, max-image-preview:large, max-video-preview:-1" />
<link rel="canonical" href="https://www.iseg.ulisboa.pt/en/event/kyaneos-exhibition-opening-what-color-is-blue-2/" />
<meta name="twitter:label1" content="Est. reading time" />
	<meta name="twitter:data1" content="1 minute" />
<script type="application/ld+json" class="yoast-schema-graph">{"@context":"https://schema.org","@graph":[{"@type":"WebPage","@id":"https://www.iseg.ulisboa.pt/en/event/kyaneos-exhibition-opening-what-color-is-blue-2/","url":"https://www.iseg.ulisboa.pt/en/event/kyaneos-exhibition-opening-what-color-is-blue-2/","name":"Inauguração de Exposição | kyaneos de que cor é o azul - ISEG","isPartOf":{"@id":"https://www.iseg.ulisboa.pt/en/#website"},"primaryImageOfPage":{"@id":"https://www.iseg.ulisboa.pt/en/event/kyaneos-exhibition-opening-what-color-is-blue-2/#primaryimage"},"image":{"@id":"https://www.iseg.ulisboa.pt/en/event/kyaneos-exhibition-opening-what-color-is-blue-2/#primaryimage"},"thumbnailUrl":"https://www.iseg.ulisboa.pt/wp-content/uploads/2022/05/Historia_Anabela-Mota.png","datePublished":"2022-05-06T15:06:41+00:00","dateModified":"2022-05-09T12:44:51+00:00","breadcrumb":{"@id":"https://www.iseg.ulisboa.pt/en/event/kyaneos-exhibition-opening-what-color-is-blue-2/#breadcrumb"},"inLanguage":"en-US","potentialAction":[{"@type":"ReadAction","target":["https://www.iseg.ulisboa.pt/en/event/kyaneos-exhibition-opening-what-color-is-blue-2/"]}]},{"@type":"ImageObject","inLanguage":"en-US","@id":"https://www.iseg.ulisboa.pt/en/event/kyaneos-exhibition-opening-what-color-is-blue-2/#primaryimage","url":"https://www.iseg.ulisboa.pt/wp-content/uploads/2022/05/Historia_Anabela-Mota.png","contentUrl":"https://www.iseg.ulisboa.pt/wp-content/uploads/2022/05/Historia_Anabela-Mota.png"},{"@type":"BreadcrumbList","@id":"https://www.iseg.ulisboa.pt/en/event/kyaneos-exhibition-opening-what-color-is-blue-2/#breadcrumb","itemListElement":[{"@type":"ListItem","position":1,"name":"Home","item":"https://www.iseg.ulisboa.pt/"},{"@type":"ListItem","position":2,"name":"Inauguração de Exposição | kyaneos de que cor é o azul"}]},{"@type":"WebSite","@id":"https://www.iseg.ulisboa.pt/en/#website","url":"https://www.iseg.ulisboa.pt/en/","name":"ISEG","description":"Lisbon School of Economics &amp; Management","publisher":{"@id":"https://www.iseg.ulisboa.pt/en/#organization"},"potentialAction":[{"@type":"SearchAction","target":{"@type":"EntryPoint","urlTemplate":"https://www.iseg.ulisboa.pt/en/?s={search_term_string}"},"query-input":"required name=search_term_string"}],"inLanguage":"en-US"},{"@type":"Organization","@id":"https://www.iseg.ulisboa.pt/en/#organization","name":"ISEG","url":"https://www.iseg.ulisboa.pt/en/","logo":{"@type":"ImageObject","inLanguage":"en-US","@id":"https://www.iseg.ulisboa.pt/en/#/schema/logo/image/","url":"https://www.iseg.ulisboa.pt/wp-content/uploads/2021/02/iseg-logo-ul.svg","contentUrl":"https://www.iseg.ulisboa.pt/wp-content/uploads/2021/02/iseg-logo-ul.svg","width":250,"height":120,"caption":"ISEG"},"image":{"@id":"https://www.iseg.ulisboa.pt/en/#/schema/logo/image/"},"sameAs":["https://www.facebook.com/iseg.pt","https://x.com/iseglisbon","https://www.instagram.com/iseglisbon/","https://www.linkedin.com/school/iseglisbon/","https://www.youtube.com/user/DMREISEG"]}]}</script>
<!-- / Yoast SEO plugin. -->

Inauguração de Exposição | kyaneos de que cor é o azul

No dia 11 de maio, tem lugar nos Claustros do ISEG a inauguração da exposição kyaneos, de Anabela Mota, pelas 19h00.A exposição estará patente dias 11, 12 e 13 de&nbsp;[...]
