{"id":40190,"date":"2023-08-24T15:34:20","date_gmt":"2023-08-24T15:34:20","guid":{"rendered":"https:\/\/www.iseg.ulisboa.pt\/?post_type=event&#038;p=40190"},"modified":"2023-08-25T09:48:25","modified_gmt":"2023-08-25T09:48:25","slug":"programa-de-mentorado-2023-24","status":"publish","type":"event","link":"https:\/\/www.iseg.ulisboa.pt\/en\/event\/programa-de-mentorado-2023-24\/","title":{"rendered":"Mentorship Program 2023"},"content":{"rendered":"<p>Applications for this school year's Mentorship Program are now open!<\/p>\n\n\n\n<p><strong>Until September 1st<\/strong>, seize this opportunity and be part of the team that will welcome the new undergraduate students, contributing to their integration and the start of their #lifeatISEG.<\/p>\n\n\n\n<p>The program will consist of weekly face-to-face meetings\/sessions to accompany and advise the mentees at the beginning of their academic career. It will be a unique opportunity for you to contribute to the unique cooperative spirit of mutual help, sharing and co-opetition at our faculty.<\/p>\n\n\n\n<p>The presence of the mentors is essential on September 11 from 13:00 to 18:00.<\/p>\n\n\n\n<p>If you have any questions, please send an e-mail to you@iseg.ulisboa.pt .<\/p>\n\n\n\n<p class=\"has-iseg-red-color has-text-color\"><strong>Consult the Program Regulations <a href=\"https:\/\/www.iseg.ulisboa.pt\/wp-content\/uploads\/2023\/08\/REGULAMENTO-MENTORADO-2324.pdf\" target=\"_blank\" rel=\"noreferrer noopener\">here <\/a>.<\/strong><\/p>\n\n\n\n<p class=\"has-iseg-red-color has-text-color\"><strong>Sign up and join us <a href=\"https:\/\/forms.office.com\/e\/Vji0W7tzeH\" target=\"_blank\" rel=\"noreferrer noopener\">here<\/a>!<\/strong><\/p>","protected":false},"excerpt":{"rendered":"As inscri\u00e7\u00f5es para o Programa de Mentorado deste ano letivo, j\u00e1 se encontram abertas! At\u00e9 dia 1 de setembro, agarra esta oportunidade e faz parte da equipa que receber\u00e1 os&nbsp;[&#8230;]","protected":false},"featured_media":40193,"template":"","topic":[3711],"event_type":[1165],"acf":[],"yoast_head":"<!-- This site is optimized with the Yoast SEO plugin v22.6 - https:\/\/yoast.com\/wordpress\/plugins\/seo\/ -->\n<title>Programa de Mentorado 2023 - ISEG<\/title>\n<meta name=\"robots\" content=\"index, follow, max-snippet:-1, max-image-preview:large, max-video-preview:-1\" \/>\n<link rel=\"canonical\" href=\"https:\/\/www.iseg.ulisboa.pt\/en\/event\/programa-de-mentorado-2023-24\/\" \/>\n<meta name=\"twitter:label1\" content=\"Est. reading time\" \/>\n\t<meta name=\"twitter:data1\" content=\"1 minute\" \/>\n<script type=\"application\/ld+json\" class=\"yoast-schema-graph\">{\"@context\":\"https:\/\/schema.org\",\"@graph\":[{\"@type\":\"WebPage\",\"@id\":\"https:\/\/www.iseg.ulisboa.pt\/en\/event\/programa-de-mentorado-2023-24\/\",\"url\":\"https:\/\/www.iseg.ulisboa.pt\/en\/event\/programa-de-mentorado-2023-24\/\",\"name\":\"Programa de Mentorado 2023 - ISEG\",\"isPartOf\":{\"@id\":\"https:\/\/www.iseg.ulisboa.pt\/en\/#website\"},\"primaryImageOfPage\":{\"@id\":\"https:\/\/www.iseg.ulisboa.pt\/en\/event\/programa-de-mentorado-2023-24\/#primaryimage\"},\"image\":{\"@id\":\"https:\/\/www.iseg.ulisboa.pt\/en\/event\/programa-de-mentorado-2023-24\/#primaryimage\"},\"thumbnailUrl\":\"https:\/\/www.iseg.ulisboa.pt\/wp-content\/uploads\/2023\/08\/WhatsApp-Image-2023-08-21-at-12.24.02.jpeg\",\"datePublished\":\"2023-08-24T15:34:20+00:00\",\"dateModified\":\"2023-08-25T09:48:25+00:00\",\"breadcrumb\":{\"@id\":\"https:\/\/www.iseg.ulisboa.pt\/en\/event\/programa-de-mentorado-2023-24\/#breadcrumb\"},\"inLanguage\":\"en-US\",\"potentialAction\":[{\"@type\":\"ReadAction\",\"target\":[\"https:\/\/www.iseg.ulisboa.pt\/en\/event\/programa-de-mentorado-2023-24\/\"]}]},{\"@type\":\"ImageObject\",\"inLanguage\":\"en-US\",\"@id\":\"https:\/\/www.iseg.ulisboa.pt\/en\/event\/programa-de-mentorado-2023-24\/#primaryimage\",\"url\":\"https:\/\/www.iseg.ulisboa.pt\/wp-content\/uploads\/2023\/08\/WhatsApp-Image-2023-08-21-at-12.24.02.jpeg\",\"contentUrl\":\"https:\/\/www.iseg.ulisboa.pt\/wp-content\/uploads\/2023\/08\/WhatsApp-Image-2023-08-21-at-12.24.02.jpeg\",\"width\":1200,\"height\":600},{\"@type\":\"BreadcrumbList\",\"@id\":\"https:\/\/www.iseg.ulisboa.pt\/en\/event\/programa-de-mentorado-2023-24\/#breadcrumb\",\"itemListElement\":[{\"@type\":\"ListItem\",\"position\":1,\"name\":\"Home\",\"item\":\"https:\/\/www.iseg.ulisboa.pt\/\"},{\"@type\":\"ListItem\",\"position\":2,\"name\":\"Programa de Mentorado 2023\"}]},{\"@type\":\"WebSite\",\"@id\":\"https:\/\/www.iseg.ulisboa.pt\/en\/#website\",\"url\":\"https:\/\/www.iseg.ulisboa.pt\/en\/\",\"name\":\"ISEG\",\"description\":\"Lisbon School of Economics &amp; Management\",\"publisher\":{\"@id\":\"https:\/\/www.iseg.ulisboa.pt\/en\/#organization\"},\"potentialAction\":[{\"@type\":\"SearchAction\",\"target\":{\"@type\":\"EntryPoint\",\"urlTemplate\":\"https:\/\/www.iseg.ulisboa.pt\/en\/?s={search_term_string}\"},\"query-input\":\"required name=search_term_string\"}],\"inLanguage\":\"en-US\"},{\"@type\":\"Organization\",\"@id\":\"https:\/\/www.iseg.ulisboa.pt\/en\/#organization\",\"name\":\"ISEG\",\"url\":\"https:\/\/www.iseg.ulisboa.pt\/en\/\",\"logo\":{\"@type\":\"ImageObject\",\"inLanguage\":\"en-US\",\"@id\":\"https:\/\/www.iseg.ulisboa.pt\/en\/#\/schema\/logo\/image\/\",\"url\":\"https:\/\/www.iseg.ulisboa.pt\/wp-content\/uploads\/2021\/02\/iseg-logo-ul.svg\",\"contentUrl\":\"https:\/\/www.iseg.ulisboa.pt\/wp-content\/uploads\/2021\/02\/iseg-logo-ul.svg\",\"width\":250,\"height\":120,\"caption\":\"ISEG\"},\"image\":{\"@id\":\"https:\/\/www.iseg.ulisboa.pt\/en\/#\/schema\/logo\/image\/\"},\"sameAs\":[\"https:\/\/www.facebook.com\/iseg.pt\",\"https:\/\/x.com\/iseglisbon\",\"https:\/\/www.instagram.com\/iseglisbon\/\",\"https:\/\/www.linkedin.com\/school\/iseglisbon\/\",\"https:\/\/www.youtube.com\/user\/DMREISEG\"]}]}<\/script>\n<!-- \/ Yoast SEO plugin. -->","yoast_head_json":{"title":"Mentorship Program 2023 - ISEG","robots":{"index":"index","follow":"follow","max-snippet":"max-snippet:-1","max-image-preview":"max-image-preview:large","max-video-preview":"max-video-preview:-1"},"canonical":"https:\/\/www.iseg.ulisboa.pt\/en\/event\/programa-de-mentorado-2023-24\/","twitter_misc":{"Est. reading time":"1 minute"},"schema":{"@context":"https:\/\/schema.org","@graph":[{"@type":"WebPage","@id":"https:\/\/www.iseg.ulisboa.pt\/en\/event\/programa-de-mentorado-2023-24\/","url":"https:\/\/www.iseg.ulisboa.pt\/en\/event\/programa-de-mentorado-2023-24\/","name":"Mentorship Program 2023 - ISEG","isPartOf":{"@id":"https:\/\/www.iseg.ulisboa.pt\/en\/#website"},"primaryImageOfPage":{"@id":"https:\/\/www.iseg.ulisboa.pt\/en\/event\/programa-de-mentorado-2023-24\/#primaryimage"},"image":{"@id":"https:\/\/www.iseg.ulisboa.pt\/en\/event\/programa-de-mentorado-2023-24\/#primaryimage"},"thumbnailUrl":"https:\/\/www.iseg.ulisboa.pt\/wp-content\/uploads\/2023\/08\/WhatsApp-Image-2023-08-21-at-12.24.02.jpeg","datePublished":"2023-08-24T15:34:20+00:00","dateModified":"2023-08-25T09:48:25+00:00","breadcrumb":{"@id":"https:\/\/www.iseg.ulisboa.pt\/en\/event\/programa-de-mentorado-2023-24\/#breadcrumb"},"inLanguage":"en-US","potentialAction":[{"@type":"ReadAction","target":["https:\/\/www.iseg.ulisboa.pt\/en\/event\/programa-de-mentorado-2023-24\/"]}]},{"@type":"ImageObject","inLanguage":"en-US","@id":"https:\/\/www.iseg.ulisboa.pt\/en\/event\/programa-de-mentorado-2023-24\/#primaryimage","url":"https:\/\/www.iseg.ulisboa.pt\/wp-content\/uploads\/2023\/08\/WhatsApp-Image-2023-08-21-at-12.24.02.jpeg","contentUrl":"https:\/\/www.iseg.ulisboa.pt\/wp-content\/uploads\/2023\/08\/WhatsApp-Image-2023-08-21-at-12.24.02.jpeg","width":1200,"height":600},{"@type":"BreadcrumbList","@id":"https:\/\/www.iseg.ulisboa.pt\/en\/event\/programa-de-mentorado-2023-24\/#breadcrumb","itemListElement":[{"@type":"ListItem","position":1,"name":"Home","item":"https:\/\/www.iseg.ulisboa.pt\/"},{"@type":"ListItem","position":2,"name":"Programa de Mentorado 2023"}]},{"@type":"WebSite","@id":"https:\/\/www.iseg.ulisboa.pt\/en\/#website","url":"https:\/\/www.iseg.ulisboa.pt\/en\/","name":"ISEG","description":"Lisbon School of Economics &amp; Management","publisher":{"@id":"https:\/\/www.iseg.ulisboa.pt\/en\/#organization"},"potentialAction":[{"@type":"SearchAction","target":{"@type":"EntryPoint","urlTemplate":"https:\/\/www.iseg.ulisboa.pt\/en\/?s={search_term_string}"},"query-input":"required name=search_term_string"}],"inLanguage":"en-US"},{"@type":"Organization","@id":"https:\/\/www.iseg.ulisboa.pt\/en\/#organization","name":"ISEG","url":"https:\/\/www.iseg.ulisboa.pt\/en\/","logo":{"@type":"ImageObject","inLanguage":"en-US","@id":"https:\/\/www.iseg.ulisboa.pt\/en\/#\/schema\/logo\/image\/","url":"https:\/\/www.iseg.ulisboa.pt\/wp-content\/uploads\/2021\/02\/iseg-logo-ul.svg","contentUrl":"https:\/\/www.iseg.ulisboa.pt\/wp-content\/uploads\/2021\/02\/iseg-logo-ul.svg","width":250,"height":120,"caption":"ISEG"},"image":{"@id":"https:\/\/www.iseg.ulisboa.pt\/en\/#\/schema\/logo\/image\/"},"sameAs":["https:\/\/www.facebook.com\/iseg.pt","https:\/\/x.com\/iseglisbon","https:\/\/www.instagram.com\/iseglisbon\/","https:\/\/www.linkedin.com\/school\/iseglisbon\/","https:\/\/www.youtube.com\/user\/DMREISEG"]}]}},"uagb_featured_image_src":{"full":["https:\/\/www.iseg.ulisboa.pt\/wp-content\/uploads\/2023\/08\/WhatsApp-Image-2023-08-21-at-12.24.02.jpeg",1200,600,false],"thumbnail":["https:\/\/www.iseg.ulisboa.pt\/wp-content\/uploads\/2023\/08\/WhatsApp-Image-2023-08-21-at-12.24.02-150x150.jpeg",150,150,true],"medium":["https:\/\/www.iseg.ulisboa.pt\/wp-content\/uploads\/2023\/08\/WhatsApp-Image-2023-08-21-at-12.24.02-300x150.jpeg",300,150,true],"medium_large":["https:\/\/www.iseg.ulisboa.pt\/wp-content\/uploads\/2023\/08\/WhatsApp-Image-2023-08-21-at-12.24.02.jpeg",768,384,false],"large":["https:\/\/www.iseg.ulisboa.pt\/wp-content\/uploads\/2023\/08\/WhatsApp-Image-2023-08-21-at-12.24.02.jpeg",1024,512,false],"1536x1536":["https:\/\/www.iseg.ulisboa.pt\/wp-content\/uploads\/2023\/08\/WhatsApp-Image-2023-08-21-at-12.24.02.jpeg",1200,600,false],"2048x2048":["https:\/\/www.iseg.ulisboa.pt\/wp-content\/uploads\/2023\/08\/WhatsApp-Image-2023-08-21-at-12.24.02.jpeg",1200,600,false],"trp-custom-language-flag":["https:\/\/www.iseg.ulisboa.pt\/wp-content\/uploads\/2023\/08\/WhatsApp-Image-2023-08-21-at-12.24.02-18x9.jpeg",18,9,true]},"uagb_author_info":{"display_name":"bernardoreis","author_link":"https:\/\/www.iseg.ulisboa.pt\/en\/author\/"},"uagb_comment_info":0,"uagb_excerpt":"As inscri\u00e7\u00f5es para o Programa de Mentorado deste ano letivo, j\u00e1 se encontram abertas! At\u00e9 dia 1 de setembro, agarra esta oportunidade e faz parte da equipa que receber\u00e1 os&nbsp;[...]","_links":{"self":[{"href":"https:\/\/www.iseg.ulisboa.pt\/en\/wp-json\/wp\/v2\/event\/40190"}],"collection":[{"href":"https:\/\/www.iseg.ulisboa.pt\/en\/wp-json\/wp\/v2\/event"}],"about":[{"href":"https:\/\/www.iseg.ulisboa.pt\/en\/wp-json\/wp\/v2\/types\/event"}],"version-history":[{"count":0,"href":"https:\/\/www.iseg.ulisboa.pt\/en\/wp-json\/wp\/v2\/event\/40190\/revisions"}],"wp:featuredmedia":[{"embeddable":true,"href":"https:\/\/www.iseg.ulisboa.pt\/en\/wp-json\/wp\/v2\/media\/40193"}],"wp:attachment":[{"href":"https:\/\/www.iseg.ulisboa.pt\/en\/wp-json\/wp\/v2\/media?parent=40190"}],"wp:term":[{"taxonomy":"topic","embeddable":true,"href":"https:\/\/www.iseg.ulisboa.pt\/en\/wp-json\/wp\/v2\/topic?post=40190"},{"taxonomy":"event_type","embeddable":true,"href":"https:\/\/www.iseg.ulisboa.pt\/en\/wp-json\/wp\/v2\/event_type?post=40190"}],"curies":[{"name":"wp","href":"https:\/\/api.w.org\/{rel}","templated":true}]}}

As inscrições para o Programa de Mentorado deste ano letivo, já se encontram abertas! Até dia 1 de setembro, agarra esta oportunidade e faz parte da equipa que receberá os&nbsp;[&#8230;]

As inscrições para o Programa de Mentorado deste ano letivo, já se encontram abertas! Até dia 1 de setembro, agarra esta oportunidade e faz parte da equipa que receberá os&nbsp;[...]
