{"id":40739,"date":"2023-09-14T10:52:31","date_gmt":"2023-09-14T10:52:31","guid":{"rendered":"https:\/\/www.iseg.ulisboa.pt\/?post_type=event&#038;p=40739"},"modified":"2023-09-14T10:59:11","modified_gmt":"2023-09-14T10:59:11","slug":"welcoming-interchange-students","status":"publish","type":"event","link":"https:\/\/www.iseg.ulisboa.pt\/en\/event\/welcoming-interchange-students\/","title":{"rendered":"Exchange students welcome"},"content":{"rendered":"<p>Today, the 14th September, ISEG is going to welcome more than 200 students who have chosen us for a period of mobility.<\/p>\n\n\n\n<p>The event will take place in the Quelhas Building (Caixa Geral de Dep\u00f3sitos Auditorium) at 16h00.<\/p>\n\n\n\n<p>We wish these students an excellent stay at ISEG!<\/p>\n\n\n\n<p>Programme:<\/p>\n\n\n\n<p><em><strong>15:30 - Check In - Quelhas Building (CGD Auditorium, 2nd  Floor)<\/strong><\/em><\/p>\n\n\n\n<p><em><strong>16:00 - Welcome Session<\/strong><\/em><\/p>\n\n\n\n<ul>\n<li><em>Welcome speech by the Vice-Dean, Professor Jos\u00e9 Ver\u00edssimo<\/em><\/li>\n\n\n\n<li><em>Welcome and information from the International Mobility Office <\/em><\/li>\n\n\n\n<li><em>PSP Practical Information - \"Safe University\"<\/em><\/li>\n\n\n\n<li><em>Testimonial from an international student <\/em><\/li>\n\n\n\n<li><em>Presentation of a representative from the Students' Association<\/em><\/li>\n\n\n\n<li><em>Guided tour<\/em><\/li>\n\n\n\n<li><em>Coffee-break<\/em><\/li>\n<\/ul>\n\n\n\n<p><em><strong>18:00 - ISEG Welcome Party<\/strong><\/em> (P\u00e1tio das Francesinhas)<\/p>","protected":false},"excerpt":{"rendered":"Today, September 14, ISEG will welcome more than 200 students who have chosen us for a period of mobility. The event will take place in the Quelhas Building (Caixa [...] Auditorium).","protected":false},"featured_media":40744,"template":"","topic":[4701],"event_type":[1188],"acf":[],"yoast_head":"<!-- This site is optimized with the Yoast SEO plugin v22.6 - https:\/\/yoast.com\/wordpress\/plugins\/seo\/ -->\n<title>Acolhimento dos Estudantes de Interc\u00e2mbio - ISEG<\/title>\n<meta name=\"robots\" content=\"index, follow, max-snippet:-1, max-image-preview:large, max-video-preview:-1\" \/>\n<link rel=\"canonical\" href=\"https:\/\/www.iseg.ulisboa.pt\/en\/event\/welcoming-interchange-students\/\" \/>\n<meta name=\"twitter:label1\" content=\"Est. reading time\" \/>\n\t<meta name=\"twitter:data1\" content=\"1 minute\" \/>\n<script type=\"application\/ld+json\" class=\"yoast-schema-graph\">{\"@context\":\"https:\/\/schema.org\",\"@graph\":[{\"@type\":\"WebPage\",\"@id\":\"https:\/\/www.iseg.ulisboa.pt\/en\/event\/welcoming-interchange-students\/\",\"url\":\"https:\/\/www.iseg.ulisboa.pt\/en\/event\/welcoming-interchange-students\/\",\"name\":\"Acolhimento dos Estudantes de Interc\u00e2mbio - ISEG\",\"isPartOf\":{\"@id\":\"https:\/\/www.iseg.ulisboa.pt\/en\/#website\"},\"primaryImageOfPage\":{\"@id\":\"https:\/\/www.iseg.ulisboa.pt\/en\/event\/welcoming-interchange-students\/#primaryimage\"},\"image\":{\"@id\":\"https:\/\/www.iseg.ulisboa.pt\/en\/event\/welcoming-interchange-students\/#primaryimage\"},\"thumbnailUrl\":\"https:\/\/www.iseg.ulisboa.pt\/wp-content\/uploads\/Study-Abroad-v1.jpg\",\"datePublished\":\"2023-09-14T10:52:31+00:00\",\"dateModified\":\"2023-09-14T10:59:11+00:00\",\"breadcrumb\":{\"@id\":\"https:\/\/www.iseg.ulisboa.pt\/en\/event\/welcoming-interchange-students\/#breadcrumb\"},\"inLanguage\":\"en-US\",\"potentialAction\":[{\"@type\":\"ReadAction\",\"target\":[\"https:\/\/www.iseg.ulisboa.pt\/en\/event\/welcoming-interchange-students\/\"]}]},{\"@type\":\"ImageObject\",\"inLanguage\":\"en-US\",\"@id\":\"https:\/\/www.iseg.ulisboa.pt\/en\/event\/welcoming-interchange-students\/#primaryimage\",\"url\":\"https:\/\/www.iseg.ulisboa.pt\/wp-content\/uploads\/Study-Abroad-v1.jpg\",\"contentUrl\":\"https:\/\/www.iseg.ulisboa.pt\/wp-content\/uploads\/Study-Abroad-v1.jpg\",\"width\":7180,\"height\":4789},{\"@type\":\"BreadcrumbList\",\"@id\":\"https:\/\/www.iseg.ulisboa.pt\/en\/event\/welcoming-interchange-students\/#breadcrumb\",\"itemListElement\":[{\"@type\":\"ListItem\",\"position\":1,\"name\":\"Home\",\"item\":\"https:\/\/www.iseg.ulisboa.pt\/\"},{\"@type\":\"ListItem\",\"position\":2,\"name\":\"Acolhimento dos Estudantes de Interc\u00e2mbio\"}]},{\"@type\":\"WebSite\",\"@id\":\"https:\/\/www.iseg.ulisboa.pt\/en\/#website\",\"url\":\"https:\/\/www.iseg.ulisboa.pt\/en\/\",\"name\":\"ISEG\",\"description\":\"Lisbon School of Economics &amp; Management\",\"publisher\":{\"@id\":\"https:\/\/www.iseg.ulisboa.pt\/en\/#organization\"},\"potentialAction\":[{\"@type\":\"SearchAction\",\"target\":{\"@type\":\"EntryPoint\",\"urlTemplate\":\"https:\/\/www.iseg.ulisboa.pt\/en\/?s={search_term_string}\"},\"query-input\":\"required name=search_term_string\"}],\"inLanguage\":\"en-US\"},{\"@type\":\"Organization\",\"@id\":\"https:\/\/www.iseg.ulisboa.pt\/en\/#organization\",\"name\":\"ISEG\",\"url\":\"https:\/\/www.iseg.ulisboa.pt\/en\/\",\"logo\":{\"@type\":\"ImageObject\",\"inLanguage\":\"en-US\",\"@id\":\"https:\/\/www.iseg.ulisboa.pt\/en\/#\/schema\/logo\/image\/\",\"url\":\"https:\/\/www.iseg.ulisboa.pt\/wp-content\/uploads\/2021\/02\/iseg-logo-ul.svg\",\"contentUrl\":\"https:\/\/www.iseg.ulisboa.pt\/wp-content\/uploads\/2021\/02\/iseg-logo-ul.svg\",\"width\":250,\"height\":120,\"caption\":\"ISEG\"},\"image\":{\"@id\":\"https:\/\/www.iseg.ulisboa.pt\/en\/#\/schema\/logo\/image\/\"},\"sameAs\":[\"https:\/\/www.facebook.com\/iseg.pt\",\"https:\/\/x.com\/iseglisbon\",\"https:\/\/www.instagram.com\/iseglisbon\/\",\"https:\/\/www.linkedin.com\/school\/iseglisbon\/\",\"https:\/\/www.youtube.com\/user\/DMREISEG\"]}]}<\/script>\n<!-- \/ Yoast SEO plugin. -->","yoast_head_json":{"title":"Welcoming Exchange Students - ISEG","robots":{"index":"index","follow":"follow","max-snippet":"max-snippet:-1","max-image-preview":"max-image-preview:large","max-video-preview":"max-video-preview:-1"},"canonical":"https:\/\/www.iseg.ulisboa.pt\/en\/event\/welcoming-interchange-students\/","twitter_misc":{"Est. reading time":"1 minute"},"schema":{"@context":"https:\/\/schema.org","@graph":[{"@type":"WebPage","@id":"https:\/\/www.iseg.ulisboa.pt\/en\/event\/welcoming-interchange-students\/","url":"https:\/\/www.iseg.ulisboa.pt\/en\/event\/welcoming-interchange-students\/","name":"Welcoming Exchange Students - ISEG","isPartOf":{"@id":"https:\/\/www.iseg.ulisboa.pt\/en\/#website"},"primaryImageOfPage":{"@id":"https:\/\/www.iseg.ulisboa.pt\/en\/event\/welcoming-interchange-students\/#primaryimage"},"image":{"@id":"https:\/\/www.iseg.ulisboa.pt\/en\/event\/welcoming-interchange-students\/#primaryimage"},"thumbnailUrl":"https:\/\/www.iseg.ulisboa.pt\/wp-content\/uploads\/Study-Abroad-v1.jpg","datePublished":"2023-09-14T10:52:31+00:00","dateModified":"2023-09-14T10:59:11+00:00","breadcrumb":{"@id":"https:\/\/www.iseg.ulisboa.pt\/en\/event\/welcoming-interchange-students\/#breadcrumb"},"inLanguage":"en-US","potentialAction":[{"@type":"ReadAction","target":["https:\/\/www.iseg.ulisboa.pt\/en\/event\/welcoming-interchange-students\/"]}]},{"@type":"ImageObject","inLanguage":"en-US","@id":"https:\/\/www.iseg.ulisboa.pt\/en\/event\/welcoming-interchange-students\/#primaryimage","url":"https:\/\/www.iseg.ulisboa.pt\/wp-content\/uploads\/Study-Abroad-v1.jpg","contentUrl":"https:\/\/www.iseg.ulisboa.pt\/wp-content\/uploads\/Study-Abroad-v1.jpg","width":7180,"height":4789},{"@type":"BreadcrumbList","@id":"https:\/\/www.iseg.ulisboa.pt\/en\/event\/welcoming-interchange-students\/#breadcrumb","itemListElement":[{"@type":"ListItem","position":1,"name":"Home","item":"https:\/\/www.iseg.ulisboa.pt\/"},{"@type":"ListItem","position":2,"name":"Acolhimento dos Estudantes de Interc\u00e2mbio"}]},{"@type":"WebSite","@id":"https:\/\/www.iseg.ulisboa.pt\/en\/#website","url":"https:\/\/www.iseg.ulisboa.pt\/en\/","name":"ISEG","description":"Lisbon School of Economics &amp; Management","publisher":{"@id":"https:\/\/www.iseg.ulisboa.pt\/en\/#organization"},"potentialAction":[{"@type":"SearchAction","target":{"@type":"EntryPoint","urlTemplate":"https:\/\/www.iseg.ulisboa.pt\/en\/?s={search_term_string}"},"query-input":"required name=search_term_string"}],"inLanguage":"en-US"},{"@type":"Organization","@id":"https:\/\/www.iseg.ulisboa.pt\/en\/#organization","name":"ISEG","url":"https:\/\/www.iseg.ulisboa.pt\/en\/","logo":{"@type":"ImageObject","inLanguage":"en-US","@id":"https:\/\/www.iseg.ulisboa.pt\/en\/#\/schema\/logo\/image\/","url":"https:\/\/www.iseg.ulisboa.pt\/wp-content\/uploads\/2021\/02\/iseg-logo-ul.svg","contentUrl":"https:\/\/www.iseg.ulisboa.pt\/wp-content\/uploads\/2021\/02\/iseg-logo-ul.svg","width":250,"height":120,"caption":"ISEG"},"image":{"@id":"https:\/\/www.iseg.ulisboa.pt\/en\/#\/schema\/logo\/image\/"},"sameAs":["https:\/\/www.facebook.com\/iseg.pt","https:\/\/x.com\/iseglisbon","https:\/\/www.instagram.com\/iseglisbon\/","https:\/\/www.linkedin.com\/school\/iseglisbon\/","https:\/\/www.youtube.com\/user\/DMREISEG"]}]}},"uagb_featured_image_src":{"full":["https:\/\/www.iseg.ulisboa.pt\/wp-content\/uploads\/Study-Abroad-v1.jpg",7180,4789,false],"thumbnail":["https:\/\/www.iseg.ulisboa.pt\/wp-content\/uploads\/Study-Abroad-v1-150x150.jpg",150,150,true],"medium":["https:\/\/www.iseg.ulisboa.pt\/wp-content\/uploads\/Study-Abroad-v1-300x200.jpg",300,200,true],"medium_large":["https:\/\/www.iseg.ulisboa.pt\/wp-content\/uploads\/Study-Abroad-v1.jpg",768,512,false],"large":["https:\/\/www.iseg.ulisboa.pt\/wp-content\/uploads\/Study-Abroad-v1.jpg",1024,683,false],"1536x1536":["https:\/\/www.iseg.ulisboa.pt\/wp-content\/uploads\/Study-Abroad-v1-1536x1024.jpg",1536,1024,true],"2048x2048":["https:\/\/www.iseg.ulisboa.pt\/wp-content\/uploads\/Study-Abroad-v1-2048x1366.jpg",2048,1366,true],"trp-custom-language-flag":["https:\/\/www.iseg.ulisboa.pt\/wp-content\/uploads\/Study-Abroad-v1-18x12.jpg",18,12,true]},"uagb_author_info":{"display_name":"paulamonteiro","author_link":"https:\/\/www.iseg.ulisboa.pt\/en\/author\/"},"uagb_comment_info":0,"uagb_excerpt":"Hoje, 14 de setembro, o ISEG ir\u00e1 acolher mais de 200 estudantes que nos escolheram para um per\u00edodo de mobilidade. O evento ir\u00e1 realizar-se no Edif\u00edcio do Quelhas (Audit\u00f3rio Caixa&nbsp;[...]","_links":{"self":[{"href":"https:\/\/www.iseg.ulisboa.pt\/en\/wp-json\/wp\/v2\/event\/40739"}],"collection":[{"href":"https:\/\/www.iseg.ulisboa.pt\/en\/wp-json\/wp\/v2\/event"}],"about":[{"href":"https:\/\/www.iseg.ulisboa.pt\/en\/wp-json\/wp\/v2\/types\/event"}],"version-history":[{"count":0,"href":"https:\/\/www.iseg.ulisboa.pt\/en\/wp-json\/wp\/v2\/event\/40739\/revisions"}],"wp:featuredmedia":[{"embeddable":true,"href":"https:\/\/www.iseg.ulisboa.pt\/en\/wp-json\/wp\/v2\/media\/40744"}],"wp:attachment":[{"href":"https:\/\/www.iseg.ulisboa.pt\/en\/wp-json\/wp\/v2\/media?parent=40739"}],"wp:term":[{"taxonomy":"topic","embeddable":true,"href":"https:\/\/www.iseg.ulisboa.pt\/en\/wp-json\/wp\/v2\/topic?post=40739"},{"taxonomy":"event_type","embeddable":true,"href":"https:\/\/www.iseg.ulisboa.pt\/en\/wp-json\/wp\/v2\/event_type?post=40739"}],"curies":[{"name":"wp","href":"https:\/\/api.w.org\/{rel}","templated":true}]}}

<p>Today, the 14th September, ISEG is going to welcome more than 200 students who have chosen us for a period of mobility.</p>



<p>The event will take place in the Quelhas Building (Caixa Geral de Depósitos Auditorium) at 16h00.</p>



<p>We wish these students an excellent stay at ISEG!</p>



<p>Programme:</p>



<p><em><strong>15:30 - Check In - Quelhas Building (CGD Auditorium, 2nd  Floor)</strong></em></p>



<p><em><strong>16:00 - Welcome Session</strong></em></p>



<ul>
<li><em>Welcome speech by the Vice-Dean, Professor José Veríssimo</em></li>



<li><em>Welcome and information from the International Mobility Office </em></li>



<li><em>PSP Practical Information - "Safe University"</em></li>



<li><em>Testimonial from an international student </em></li>



<li><em>Presentation of a representative from the Students' Association</em></li>



<li><em>Guided tour</em></li>



<li><em>Coffee-break</em></li>
</ul>



<p><em><strong>18:00 - ISEG Welcome Party</strong></em> (Pátio das Francesinhas)</p>

<!-- This site is optimized with the Yoast SEO plugin v22.6 - https://yoast.com/wordpress/plugins/seo/ -->
<title>Acolhimento dos Estudantes de Intercâmbio - ISEG</title>
<meta name="robots" content="index, follow, max-snippet:-1, max-image-preview:large, max-video-preview:-1" />
<link rel="canonical" href="https://www.iseg.ulisboa.pt/en/event/welcoming-interchange-students/" />
<meta name="twitter:label1" content="Est. reading time" />
	<meta name="twitter:data1" content="1 minute" />
<script type="application/ld+json" class="yoast-schema-graph">{"@context":"https://schema.org","@graph":[{"@type":"WebPage","@id":"https://www.iseg.ulisboa.pt/en/event/welcoming-interchange-students/","url":"https://www.iseg.ulisboa.pt/en/event/welcoming-interchange-students/","name":"Acolhimento dos Estudantes de Intercâmbio - ISEG","isPartOf":{"@id":"https://www.iseg.ulisboa.pt/en/#website"},"primaryImageOfPage":{"@id":"https://www.iseg.ulisboa.pt/en/event/welcoming-interchange-students/#primaryimage"},"image":{"@id":"https://www.iseg.ulisboa.pt/en/event/welcoming-interchange-students/#primaryimage"},"thumbnailUrl":"https://www.iseg.ulisboa.pt/wp-content/uploads/Study-Abroad-v1.jpg","datePublished":"2023-09-14T10:52:31+00:00","dateModified":"2023-09-14T10:59:11+00:00","breadcrumb":{"@id":"https://www.iseg.ulisboa.pt/en/event/welcoming-interchange-students/#breadcrumb"},"inLanguage":"en-US","potentialAction":[{"@type":"ReadAction","target":["https://www.iseg.ulisboa.pt/en/event/welcoming-interchange-students/"]}]},{"@type":"ImageObject","inLanguage":"en-US","@id":"https://www.iseg.ulisboa.pt/en/event/welcoming-interchange-students/#primaryimage","url":"https://www.iseg.ulisboa.pt/wp-content/uploads/Study-Abroad-v1.jpg","contentUrl":"https://www.iseg.ulisboa.pt/wp-content/uploads/Study-Abroad-v1.jpg","width":7180,"height":4789},{"@type":"BreadcrumbList","@id":"https://www.iseg.ulisboa.pt/en/event/welcoming-interchange-students/#breadcrumb","itemListElement":[{"@type":"ListItem","position":1,"name":"Home","item":"https://www.iseg.ulisboa.pt/"},{"@type":"ListItem","position":2,"name":"Acolhimento dos Estudantes de Intercâmbio"}]},{"@type":"WebSite","@id":"https://www.iseg.ulisboa.pt/en/#website","url":"https://www.iseg.ulisboa.pt/en/","name":"ISEG","description":"Lisbon School of Economics &amp; Management","publisher":{"@id":"https://www.iseg.ulisboa.pt/en/#organization"},"potentialAction":[{"@type":"SearchAction","target":{"@type":"EntryPoint","urlTemplate":"https://www.iseg.ulisboa.pt/en/?s={search_term_string}"},"query-input":"required name=search_term_string"}],"inLanguage":"en-US"},{"@type":"Organization","@id":"https://www.iseg.ulisboa.pt/en/#organization","name":"ISEG","url":"https://www.iseg.ulisboa.pt/en/","logo":{"@type":"ImageObject","inLanguage":"en-US","@id":"https://www.iseg.ulisboa.pt/en/#/schema/logo/image/","url":"https://www.iseg.ulisboa.pt/wp-content/uploads/2021/02/iseg-logo-ul.svg","contentUrl":"https://www.iseg.ulisboa.pt/wp-content/uploads/2021/02/iseg-logo-ul.svg","width":250,"height":120,"caption":"ISEG"},"image":{"@id":"https://www.iseg.ulisboa.pt/en/#/schema/logo/image/"},"sameAs":["https://www.facebook.com/iseg.pt","https://x.com/iseglisbon","https://www.instagram.com/iseglisbon/","https://www.linkedin.com/school/iseglisbon/","https://www.youtube.com/user/DMREISEG"]}]}</script>
<!-- / Yoast SEO plugin. -->

Acolhimento dos Estudantes de Intercâmbio

Hoje, 14 de setembro, o ISEG irá acolher mais de 200 estudantes que nos escolheram para um período de mobilidade. O evento irá realizar-se no Edifício do Quelhas (Auditório Caixa&nbsp;[...]
