{"id":40749,"date":"2023-09-15T20:35:04","date_gmt":"2023-09-15T20:35:04","guid":{"rendered":"https:\/\/www.iseg.ulisboa.pt\/?post_type=event&#038;p=40749"},"modified":"2023-09-18T17:15:08","modified_gmt":"2023-09-18T17:15:08","slug":"degrees-iseg-2a-phase","status":"publish","type":"event","link":"https:\/\/www.iseg.ulisboa.pt\/en\/event\/degrees-iseg-2a-phase\/","title":{"rendered":"ISEG degrees | 2nd phase"},"content":{"rendered":"<h2 class=\"wp-block-heading has-iseg-red-color has-text-color has-large-font-size\"><strong>Welcome to ISEG!<\/strong><\/h2>\n\n\n\n<p>We are ready to welcome you and have prepared a memorable week to mark the beginning of one of the most important stages in your life.<\/p>\n\n\n\n<p>You've just arrived at the oldest school of Economics and Management in the country, with a tradition of over 112 years in training Portugal's business and political elite.<\/p>\n\n\n\n<p>Now it's your turn!<\/p>\n\n\n\n<h4 class=\"wp-block-heading has-large-font-size\"><a href=\"https:\/\/issuu.com\/iseg.pt\/docs\/welcome-guide_iseg2023-24?fr=xKAE9_zU1NQ\" target=\"_blank\" rel=\"noreferrer noopener\">Welcome Guide<\/a><\/h4>\n\n\n\n<h4 class=\"wp-block-heading has-iseg-red-color has-text-color\">September 18th and 19th<\/h4>\n\n\n\n<p><strong><a href=\"https:\/\/www.iseg.ulisboa.pt\/en\/aquila\/unidade\/SecLic\/alunos\/inscricoes-ano-letivo-2023-2024\/alunos-novos-1-ano-1-vez-\/alunos-novos-1-ano-1-vez---2fase\/matriculas-novos-2023_2024_2-fase\/?_request_checksum_=4db9b397bde5320a133fd6af02ac78310815fc63\">Undergraduate Enrolment<\/a><\/strong> (Online)<br>Registration begins at 9:00 a.m. on September 18th.<br>You can enroll <a href=\"https:\/\/www.iseg.ulisboa.pt\/en\/aquila\/unidade\/SecLic\/alunos\/inscricoes-ano-letivo-2023-2024\/alunos-novos-1-ano-1-vez-\/alunos-novos-1-ano-1-vez---2fase\/matriculas-novos-2023_2024_2-fase\/?_request_checksum_=4db9b397bde5320a133fd6af02ac78310815fc63\">here<\/a>.<\/p>\n\n\n\n<h4 class=\"wp-block-heading has-iseg-red-color has-text-color\">September 19th<\/h4>\n\n\n\n<p><strong>Welcome to ISEG<\/strong> (In person, at ISEG)<br><\/p>\n\n\n\n<p><strong>13:30 - 15:00 | CGD Auditorium, Quelhas<\/strong><\/p>\n\n\n\n<p>13:30 - Check-in and delivery of Welcome Kit<br>13:45 - Tour Time at ISEG<br>14:30 - Welcome session at ISEG<\/p>\n\n\n\n<p>Welcome - President of ISEG<br>Presentation of the F\u00e9nix system<br>1st year student testimonials<\/p>","protected":false},"excerpt":{"rendered":"Welcome to ISEG! We are ready to welcome you and have prepared a memorable week to mark the beginning of one of the most important stages in your life. You've just arrived at [...]","protected":false},"featured_media":40064,"template":"","topic":[3711],"event_type":[1165],"acf":[],"yoast_head":"<!-- This site is optimized with the Yoast SEO plugin v22.6 - https:\/\/yoast.com\/wordpress\/plugins\/seo\/ -->\n<title>Licenciaturas ISEG | 2\u00aa fase - ISEG<\/title>\n<meta name=\"robots\" content=\"index, follow, max-snippet:-1, max-image-preview:large, max-video-preview:-1\" \/>\n<link rel=\"canonical\" href=\"https:\/\/www.iseg.ulisboa.pt\/en\/event\/degrees-iseg-2a-phase\/\" \/>\n<meta name=\"twitter:label1\" content=\"Est. reading time\" \/>\n\t<meta name=\"twitter:data1\" content=\"1 minute\" \/>\n<script type=\"application\/ld+json\" class=\"yoast-schema-graph\">{\"@context\":\"https:\/\/schema.org\",\"@graph\":[{\"@type\":\"WebPage\",\"@id\":\"https:\/\/www.iseg.ulisboa.pt\/en\/event\/degrees-iseg-2a-phase\/\",\"url\":\"https:\/\/www.iseg.ulisboa.pt\/en\/event\/degrees-iseg-2a-phase\/\",\"name\":\"Licenciaturas ISEG | 2\u00aa fase - ISEG\",\"isPartOf\":{\"@id\":\"https:\/\/www.iseg.ulisboa.pt\/en\/#website\"},\"primaryImageOfPage\":{\"@id\":\"https:\/\/www.iseg.ulisboa.pt\/en\/event\/degrees-iseg-2a-phase\/#primaryimage\"},\"image\":{\"@id\":\"https:\/\/www.iseg.ulisboa.pt\/en\/event\/degrees-iseg-2a-phase\/#primaryimage\"},\"thumbnailUrl\":\"https:\/\/www.iseg.ulisboa.pt\/wp-content\/uploads\/2023\/08\/WTISEG-2324_Banner-Home-Page_Undergraduates.png\",\"datePublished\":\"2023-09-15T20:35:04+00:00\",\"dateModified\":\"2023-09-18T17:15:08+00:00\",\"breadcrumb\":{\"@id\":\"https:\/\/www.iseg.ulisboa.pt\/en\/event\/degrees-iseg-2a-phase\/#breadcrumb\"},\"inLanguage\":\"en-US\",\"potentialAction\":[{\"@type\":\"ReadAction\",\"target\":[\"https:\/\/www.iseg.ulisboa.pt\/en\/event\/degrees-iseg-2a-phase\/\"]}]},{\"@type\":\"ImageObject\",\"inLanguage\":\"en-US\",\"@id\":\"https:\/\/www.iseg.ulisboa.pt\/en\/event\/degrees-iseg-2a-phase\/#primaryimage\",\"url\":\"https:\/\/www.iseg.ulisboa.pt\/wp-content\/uploads\/2023\/08\/WTISEG-2324_Banner-Home-Page_Undergraduates.png\",\"contentUrl\":\"https:\/\/www.iseg.ulisboa.pt\/wp-content\/uploads\/2023\/08\/WTISEG-2324_Banner-Home-Page_Undergraduates.png\",\"width\":1920,\"height\":1080},{\"@type\":\"BreadcrumbList\",\"@id\":\"https:\/\/www.iseg.ulisboa.pt\/en\/event\/degrees-iseg-2a-phase\/#breadcrumb\",\"itemListElement\":[{\"@type\":\"ListItem\",\"position\":1,\"name\":\"Home\",\"item\":\"https:\/\/www.iseg.ulisboa.pt\/\"},{\"@type\":\"ListItem\",\"position\":2,\"name\":\"Licenciaturas ISEG | 2\u00aa fase\"}]},{\"@type\":\"WebSite\",\"@id\":\"https:\/\/www.iseg.ulisboa.pt\/en\/#website\",\"url\":\"https:\/\/www.iseg.ulisboa.pt\/en\/\",\"name\":\"ISEG\",\"description\":\"Lisbon School of Economics &amp; Management\",\"publisher\":{\"@id\":\"https:\/\/www.iseg.ulisboa.pt\/en\/#organization\"},\"potentialAction\":[{\"@type\":\"SearchAction\",\"target\":{\"@type\":\"EntryPoint\",\"urlTemplate\":\"https:\/\/www.iseg.ulisboa.pt\/en\/?s={search_term_string}\"},\"query-input\":\"required name=search_term_string\"}],\"inLanguage\":\"en-US\"},{\"@type\":\"Organization\",\"@id\":\"https:\/\/www.iseg.ulisboa.pt\/en\/#organization\",\"name\":\"ISEG\",\"url\":\"https:\/\/www.iseg.ulisboa.pt\/en\/\",\"logo\":{\"@type\":\"ImageObject\",\"inLanguage\":\"en-US\",\"@id\":\"https:\/\/www.iseg.ulisboa.pt\/en\/#\/schema\/logo\/image\/\",\"url\":\"https:\/\/www.iseg.ulisboa.pt\/wp-content\/uploads\/2021\/02\/iseg-logo-ul.svg\",\"contentUrl\":\"https:\/\/www.iseg.ulisboa.pt\/wp-content\/uploads\/2021\/02\/iseg-logo-ul.svg\",\"width\":250,\"height\":120,\"caption\":\"ISEG\"},\"image\":{\"@id\":\"https:\/\/www.iseg.ulisboa.pt\/en\/#\/schema\/logo\/image\/\"},\"sameAs\":[\"https:\/\/www.facebook.com\/iseg.pt\",\"https:\/\/x.com\/iseglisbon\",\"https:\/\/www.instagram.com\/iseglisbon\/\",\"https:\/\/www.linkedin.com\/school\/iseglisbon\/\",\"https:\/\/www.youtube.com\/user\/DMREISEG\"]}]}<\/script>\n<!-- \/ Yoast SEO plugin. -->","yoast_head_json":{"title":"ISEG degrees | 2nd phase - ISEG","robots":{"index":"index","follow":"follow","max-snippet":"max-snippet:-1","max-image-preview":"max-image-preview:large","max-video-preview":"max-video-preview:-1"},"canonical":"https:\/\/www.iseg.ulisboa.pt\/en\/event\/degrees-iseg-2a-phase\/","twitter_misc":{"Est. reading time":"1 minute"},"schema":{"@context":"https:\/\/schema.org","@graph":[{"@type":"WebPage","@id":"https:\/\/www.iseg.ulisboa.pt\/en\/event\/degrees-iseg-2a-phase\/","url":"https:\/\/www.iseg.ulisboa.pt\/en\/event\/degrees-iseg-2a-phase\/","name":"ISEG degrees | 2nd phase - ISEG","isPartOf":{"@id":"https:\/\/www.iseg.ulisboa.pt\/en\/#website"},"primaryImageOfPage":{"@id":"https:\/\/www.iseg.ulisboa.pt\/en\/event\/degrees-iseg-2a-phase\/#primaryimage"},"image":{"@id":"https:\/\/www.iseg.ulisboa.pt\/en\/event\/degrees-iseg-2a-phase\/#primaryimage"},"thumbnailUrl":"https:\/\/www.iseg.ulisboa.pt\/wp-content\/uploads\/2023\/08\/WTISEG-2324_Banner-Home-Page_Undergraduates.png","datePublished":"2023-09-15T20:35:04+00:00","dateModified":"2023-09-18T17:15:08+00:00","breadcrumb":{"@id":"https:\/\/www.iseg.ulisboa.pt\/en\/event\/degrees-iseg-2a-phase\/#breadcrumb"},"inLanguage":"en-US","potentialAction":[{"@type":"ReadAction","target":["https:\/\/www.iseg.ulisboa.pt\/en\/event\/degrees-iseg-2a-phase\/"]}]},{"@type":"ImageObject","inLanguage":"en-US","@id":"https:\/\/www.iseg.ulisboa.pt\/en\/event\/degrees-iseg-2a-phase\/#primaryimage","url":"https:\/\/www.iseg.ulisboa.pt\/wp-content\/uploads\/2023\/08\/WTISEG-2324_Banner-Home-Page_Undergraduates.png","contentUrl":"https:\/\/www.iseg.ulisboa.pt\/wp-content\/uploads\/2023\/08\/WTISEG-2324_Banner-Home-Page_Undergraduates.png","width":1920,"height":1080},{"@type":"BreadcrumbList","@id":"https:\/\/www.iseg.ulisboa.pt\/en\/event\/degrees-iseg-2a-phase\/#breadcrumb","itemListElement":[{"@type":"ListItem","position":1,"name":"Home","item":"https:\/\/www.iseg.ulisboa.pt\/"},{"@type":"ListItem","position":2,"name":"Licenciaturas ISEG | 2\u00aa fase"}]},{"@type":"WebSite","@id":"https:\/\/www.iseg.ulisboa.pt\/en\/#website","url":"https:\/\/www.iseg.ulisboa.pt\/en\/","name":"ISEG","description":"Lisbon School of Economics &amp; Management","publisher":{"@id":"https:\/\/www.iseg.ulisboa.pt\/en\/#organization"},"potentialAction":[{"@type":"SearchAction","target":{"@type":"EntryPoint","urlTemplate":"https:\/\/www.iseg.ulisboa.pt\/en\/?s={search_term_string}"},"query-input":"required name=search_term_string"}],"inLanguage":"en-US"},{"@type":"Organization","@id":"https:\/\/www.iseg.ulisboa.pt\/en\/#organization","name":"ISEG","url":"https:\/\/www.iseg.ulisboa.pt\/en\/","logo":{"@type":"ImageObject","inLanguage":"en-US","@id":"https:\/\/www.iseg.ulisboa.pt\/en\/#\/schema\/logo\/image\/","url":"https:\/\/www.iseg.ulisboa.pt\/wp-content\/uploads\/2021\/02\/iseg-logo-ul.svg","contentUrl":"https:\/\/www.iseg.ulisboa.pt\/wp-content\/uploads\/2021\/02\/iseg-logo-ul.svg","width":250,"height":120,"caption":"ISEG"},"image":{"@id":"https:\/\/www.iseg.ulisboa.pt\/en\/#\/schema\/logo\/image\/"},"sameAs":["https:\/\/www.facebook.com\/iseg.pt","https:\/\/x.com\/iseglisbon","https:\/\/www.instagram.com\/iseglisbon\/","https:\/\/www.linkedin.com\/school\/iseglisbon\/","https:\/\/www.youtube.com\/user\/DMREISEG"]}]}},"uagb_featured_image_src":{"full":["https:\/\/www.iseg.ulisboa.pt\/wp-content\/uploads\/2023\/08\/WTISEG-2324_Banner-Home-Page_Undergraduates.png",1920,1080,false],"thumbnail":["https:\/\/www.iseg.ulisboa.pt\/wp-content\/uploads\/2023\/08\/WTISEG-2324_Banner-Home-Page_Undergraduates-150x150.png",150,150,true],"medium":["https:\/\/www.iseg.ulisboa.pt\/wp-content\/uploads\/2023\/08\/WTISEG-2324_Banner-Home-Page_Undergraduates-300x169.png",300,169,true],"medium_large":["https:\/\/www.iseg.ulisboa.pt\/wp-content\/uploads\/2023\/08\/WTISEG-2324_Banner-Home-Page_Undergraduates.png",768,432,false],"large":["https:\/\/www.iseg.ulisboa.pt\/wp-content\/uploads\/2023\/08\/WTISEG-2324_Banner-Home-Page_Undergraduates.png",1024,576,false],"1536x1536":["https:\/\/www.iseg.ulisboa.pt\/wp-content\/uploads\/2023\/08\/WTISEG-2324_Banner-Home-Page_Undergraduates-1536x864.png",1536,864,true],"2048x2048":["https:\/\/www.iseg.ulisboa.pt\/wp-content\/uploads\/2023\/08\/WTISEG-2324_Banner-Home-Page_Undergraduates.png",1920,1080,false],"trp-custom-language-flag":["https:\/\/www.iseg.ulisboa.pt\/wp-content\/uploads\/2023\/08\/WTISEG-2324_Banner-Home-Page_Undergraduates-18x10.png",18,10,true]},"uagb_author_info":{"display_name":"bernardoreis","author_link":"https:\/\/www.iseg.ulisboa.pt\/en\/author\/"},"uagb_comment_info":0,"uagb_excerpt":"Bem-vindo(a) ao ISEG! Estamos prontos para te receber e prepar\u00e1mos uma semana memor\u00e1vel para assinalar o in\u00edcio de uma das etapas mais marcantes da tua vida. Acabaste de chegar \u00e0&nbsp;[...]","_links":{"self":[{"href":"https:\/\/www.iseg.ulisboa.pt\/en\/wp-json\/wp\/v2\/event\/40749"}],"collection":[{"href":"https:\/\/www.iseg.ulisboa.pt\/en\/wp-json\/wp\/v2\/event"}],"about":[{"href":"https:\/\/www.iseg.ulisboa.pt\/en\/wp-json\/wp\/v2\/types\/event"}],"version-history":[{"count":0,"href":"https:\/\/www.iseg.ulisboa.pt\/en\/wp-json\/wp\/v2\/event\/40749\/revisions"}],"wp:featuredmedia":[{"embeddable":true,"href":"https:\/\/www.iseg.ulisboa.pt\/en\/wp-json\/wp\/v2\/media\/40064"}],"wp:attachment":[{"href":"https:\/\/www.iseg.ulisboa.pt\/en\/wp-json\/wp\/v2\/media?parent=40749"}],"wp:term":[{"taxonomy":"topic","embeddable":true,"href":"https:\/\/www.iseg.ulisboa.pt\/en\/wp-json\/wp\/v2\/topic?post=40749"},{"taxonomy":"event_type","embeddable":true,"href":"https:\/\/www.iseg.ulisboa.pt\/en\/wp-json\/wp\/v2\/event_type?post=40749"}],"curies":[{"name":"wp","href":"https:\/\/api.w.org\/{rel}","templated":true}]}}

<h2 class="wp-block-heading has-iseg-red-color has-text-color has-large-font-size"><strong>Welcome to ISEG!</strong></h2>



<p>We are ready to welcome you and have prepared a memorable week to mark the beginning of one of the most important stages in your life.</p>



<p>You've just arrived at the oldest school of Economics and Management in the country, with a tradition of over 112 years in training Portugal's business and political elite.</p>



<p>Now it's your turn!</p>



<h4 class="wp-block-heading has-large-font-size"><a href="https://issuu.com/iseg.pt/docs/welcome-guide_iseg2023-24?fr=xKAE9_zU1NQ" target="_blank" rel="noreferrer noopener">Welcome Guide</a></h4>



<h4 class="wp-block-heading has-iseg-red-color has-text-color">September 18th and 19th</h4>



<p><strong><a href="https://www.iseg.ulisboa.pt/en/aquila/unidade/SecLic/alunos/inscricoes-ano-letivo-2023-2024/alunos-novos-1-ano-1-vez-/alunos-novos-1-ano-1-vez---2fase/matriculas-novos-2023_2024_2-fase/?_request_checksum_=4db9b397bde5320a133fd6af02ac78310815fc63">Undergraduate Enrolment</a></strong> (Online)<br>Registration begins at 9:00 a.m. on September 18th.<br>You can enroll <a href="https://www.iseg.ulisboa.pt/en/aquila/unidade/SecLic/alunos/inscricoes-ano-letivo-2023-2024/alunos-novos-1-ano-1-vez-/alunos-novos-1-ano-1-vez---2fase/matriculas-novos-2023_2024_2-fase/?_request_checksum_=4db9b397bde5320a133fd6af02ac78310815fc63">here</a>.</p>



<h4 class="wp-block-heading has-iseg-red-color has-text-color">September 19th</h4>



<p><strong>Welcome to ISEG</strong> (In person, at ISEG)<br></p>



<p><strong>13:30 - 15:00 | CGD Auditorium, Quelhas</strong></p>



<p>13:30 - Check-in and delivery of Welcome Kit<br>13:45 - Tour Time at ISEG<br>14:30 - Welcome session at ISEG</p>



<p>Welcome - President of ISEG<br>Presentation of the Fénix system<br>1st year student testimonials</p>

<!-- This site is optimized with the Yoast SEO plugin v22.6 - https://yoast.com/wordpress/plugins/seo/ -->
<title>Licenciaturas ISEG | 2ª fase - ISEG</title>
<meta name="robots" content="index, follow, max-snippet:-1, max-image-preview:large, max-video-preview:-1" />
<link rel="canonical" href="https://www.iseg.ulisboa.pt/en/event/degrees-iseg-2a-phase/" />
<meta name="twitter:label1" content="Est. reading time" />
	<meta name="twitter:data1" content="1 minute" />
<script type="application/ld+json" class="yoast-schema-graph">{"@context":"https://schema.org","@graph":[{"@type":"WebPage","@id":"https://www.iseg.ulisboa.pt/en/event/degrees-iseg-2a-phase/","url":"https://www.iseg.ulisboa.pt/en/event/degrees-iseg-2a-phase/","name":"Licenciaturas ISEG | 2ª fase - ISEG","isPartOf":{"@id":"https://www.iseg.ulisboa.pt/en/#website"},"primaryImageOfPage":{"@id":"https://www.iseg.ulisboa.pt/en/event/degrees-iseg-2a-phase/#primaryimage"},"image":{"@id":"https://www.iseg.ulisboa.pt/en/event/degrees-iseg-2a-phase/#primaryimage"},"thumbnailUrl":"https://www.iseg.ulisboa.pt/wp-content/uploads/2023/08/WTISEG-2324_Banner-Home-Page_Undergraduates.png","datePublished":"2023-09-15T20:35:04+00:00","dateModified":"2023-09-18T17:15:08+00:00","breadcrumb":{"@id":"https://www.iseg.ulisboa.pt/en/event/degrees-iseg-2a-phase/#breadcrumb"},"inLanguage":"en-US","potentialAction":[{"@type":"ReadAction","target":["https://www.iseg.ulisboa.pt/en/event/degrees-iseg-2a-phase/"]}]},{"@type":"ImageObject","inLanguage":"en-US","@id":"https://www.iseg.ulisboa.pt/en/event/degrees-iseg-2a-phase/#primaryimage","url":"https://www.iseg.ulisboa.pt/wp-content/uploads/2023/08/WTISEG-2324_Banner-Home-Page_Undergraduates.png","contentUrl":"https://www.iseg.ulisboa.pt/wp-content/uploads/2023/08/WTISEG-2324_Banner-Home-Page_Undergraduates.png","width":1920,"height":1080},{"@type":"BreadcrumbList","@id":"https://www.iseg.ulisboa.pt/en/event/degrees-iseg-2a-phase/#breadcrumb","itemListElement":[{"@type":"ListItem","position":1,"name":"Home","item":"https://www.iseg.ulisboa.pt/"},{"@type":"ListItem","position":2,"name":"Licenciaturas ISEG | 2ª fase"}]},{"@type":"WebSite","@id":"https://www.iseg.ulisboa.pt/en/#website","url":"https://www.iseg.ulisboa.pt/en/","name":"ISEG","description":"Lisbon School of Economics &amp; Management","publisher":{"@id":"https://www.iseg.ulisboa.pt/en/#organization"},"potentialAction":[{"@type":"SearchAction","target":{"@type":"EntryPoint","urlTemplate":"https://www.iseg.ulisboa.pt/en/?s={search_term_string}"},"query-input":"required name=search_term_string"}],"inLanguage":"en-US"},{"@type":"Organization","@id":"https://www.iseg.ulisboa.pt/en/#organization","name":"ISEG","url":"https://www.iseg.ulisboa.pt/en/","logo":{"@type":"ImageObject","inLanguage":"en-US","@id":"https://www.iseg.ulisboa.pt/en/#/schema/logo/image/","url":"https://www.iseg.ulisboa.pt/wp-content/uploads/2021/02/iseg-logo-ul.svg","contentUrl":"https://www.iseg.ulisboa.pt/wp-content/uploads/2021/02/iseg-logo-ul.svg","width":250,"height":120,"caption":"ISEG"},"image":{"@id":"https://www.iseg.ulisboa.pt/en/#/schema/logo/image/"},"sameAs":["https://www.facebook.com/iseg.pt","https://x.com/iseglisbon","https://www.instagram.com/iseglisbon/","https://www.linkedin.com/school/iseglisbon/","https://www.youtube.com/user/DMREISEG"]}]}</script>
<!-- / Yoast SEO plugin. -->

Licenciaturas ISEG | 2ª fase

Bem-vindo(a) ao ISEG! Estamos prontos para te receber e preparámos uma semana memorável para assinalar o início de uma das etapas mais marcantes da tua vida. Acabaste de chegar à&nbsp;[...]
