{"id":41228,"date":"2023-10-03T14:26:14","date_gmt":"2023-10-03T14:26:14","guid":{"rendered":"https:\/\/www.iseg.ulisboa.pt\/?post_type=event&#038;p=41228"},"modified":"2023-10-13T22:00:35","modified_gmt":"2023-10-13T22:00:35","slug":"concert-antenna-2-armanda-possante-ricardo-martins","status":"publish","type":"event","link":"https:\/\/www.iseg.ulisboa.pt\/en\/event\/concert-antenna-2-armanda-possante-ricardo-martins\/","title":{"rendered":"Antena 2 Concert | Armando Possante &amp; Ricardo Martins"},"content":{"rendered":"<p>On October 19, another Antena 2 concert recorded live from ISEG will take place. Don't miss the singer's performances <strong>Armando Possante<\/strong>accompanied on the piano by <strong>Ricardo Martins<\/strong>.<\/p>\n\n\n\n<p>The concert starts at 19.00, in the CGD Auditorium (Quelhas, 2nd Floor).<\/p>\n\n\n\n<p>See the programme\u00a0<a href=\"https:\/\/www.iseg.ulisboa.pt\/wp-content\/uploads\/19-outubro-1.pdf\" target=\"_blank\" rel=\"noreferrer noopener\">HERE<\/a>.<\/p>\n\n\n\n<p>Free admission, subject to the auditorium's capacity.<\/p>","protected":false},"excerpt":{"rendered":"On October 19, we're celebrating another Antena 2 concert recorded live from ISEG. Don't miss the performances of singer Armando Possante, accompanied on the piano by [...]","protected":false},"featured_media":21139,"template":"","topic":[1403],"event_type":[1180],"acf":{"start_date":"2023-10-19 19:00:00","end_date":"2023-10-19 20:00:00","venue":"ISEG, Audit\u00f3rio CGD (Edif\u00edcio Quelhas)","event_type":1180,"topic":[1403]},"yoast_head":"<!-- This site is optimized with the Yoast SEO plugin v22.6 - https:\/\/yoast.com\/wordpress\/plugins\/seo\/ -->\n<title>Concerto Antena 2 | Armando Possante &amp; Ricardo Martins - ISEG<\/title>\n<meta name=\"robots\" content=\"index, follow, max-snippet:-1, max-image-preview:large, max-video-preview:-1\" \/>\n<link rel=\"canonical\" href=\"https:\/\/www.iseg.ulisboa.pt\/en\/event\/concert-antenna-2-armanda-possante-ricardo-martins\/\" \/>\n<meta name=\"twitter:label1\" content=\"Est. reading time\" \/>\n\t<meta name=\"twitter:data1\" content=\"1 minute\" \/>\n<script type=\"application\/ld+json\" class=\"yoast-schema-graph\">{\"@context\":\"https:\/\/schema.org\",\"@graph\":[{\"@type\":\"WebPage\",\"@id\":\"https:\/\/www.iseg.ulisboa.pt\/en\/event\/concert-antenna-2-armanda-possante-ricardo-martins\/\",\"url\":\"https:\/\/www.iseg.ulisboa.pt\/en\/event\/concert-antenna-2-armanda-possante-ricardo-martins\/\",\"name\":\"Concerto Antena 2 | Armando Possante &amp; Ricardo Martins - ISEG\",\"isPartOf\":{\"@id\":\"https:\/\/www.iseg.ulisboa.pt\/en\/#website\"},\"primaryImageOfPage\":{\"@id\":\"https:\/\/www.iseg.ulisboa.pt\/en\/event\/concert-antenna-2-armanda-possante-ricardo-martins\/#primaryimage\"},\"image\":{\"@id\":\"https:\/\/www.iseg.ulisboa.pt\/en\/event\/concert-antenna-2-armanda-possante-ricardo-martins\/#primaryimage\"},\"thumbnailUrl\":\"https:\/\/www.iseg.ulisboa.pt\/wp-content\/uploads\/2021\/09\/concertoantena2iseg.png\",\"datePublished\":\"2023-10-03T14:26:14+00:00\",\"dateModified\":\"2023-10-13T22:00:35+00:00\",\"breadcrumb\":{\"@id\":\"https:\/\/www.iseg.ulisboa.pt\/en\/event\/concert-antenna-2-armanda-possante-ricardo-martins\/#breadcrumb\"},\"inLanguage\":\"en-US\",\"potentialAction\":[{\"@type\":\"ReadAction\",\"target\":[\"https:\/\/www.iseg.ulisboa.pt\/en\/event\/concert-antenna-2-armanda-possante-ricardo-martins\/\"]}]},{\"@type\":\"ImageObject\",\"inLanguage\":\"en-US\",\"@id\":\"https:\/\/www.iseg.ulisboa.pt\/en\/event\/concert-antenna-2-armanda-possante-ricardo-martins\/#primaryimage\",\"url\":\"https:\/\/www.iseg.ulisboa.pt\/wp-content\/uploads\/2021\/09\/concertoantena2iseg.png\",\"contentUrl\":\"https:\/\/www.iseg.ulisboa.pt\/wp-content\/uploads\/2021\/09\/concertoantena2iseg.png\",\"width\":1135,\"height\":531},{\"@type\":\"BreadcrumbList\",\"@id\":\"https:\/\/www.iseg.ulisboa.pt\/en\/event\/concert-antenna-2-armanda-possante-ricardo-martins\/#breadcrumb\",\"itemListElement\":[{\"@type\":\"ListItem\",\"position\":1,\"name\":\"Home\",\"item\":\"https:\/\/www.iseg.ulisboa.pt\/\"},{\"@type\":\"ListItem\",\"position\":2,\"name\":\"Concerto Antena 2 | Armando Possante &amp; Ricardo Martins\"}]},{\"@type\":\"WebSite\",\"@id\":\"https:\/\/www.iseg.ulisboa.pt\/en\/#website\",\"url\":\"https:\/\/www.iseg.ulisboa.pt\/en\/\",\"name\":\"ISEG\",\"description\":\"Lisbon School of Economics &amp; Management\",\"publisher\":{\"@id\":\"https:\/\/www.iseg.ulisboa.pt\/en\/#organization\"},\"potentialAction\":[{\"@type\":\"SearchAction\",\"target\":{\"@type\":\"EntryPoint\",\"urlTemplate\":\"https:\/\/www.iseg.ulisboa.pt\/en\/?s={search_term_string}\"},\"query-input\":\"required name=search_term_string\"}],\"inLanguage\":\"en-US\"},{\"@type\":\"Organization\",\"@id\":\"https:\/\/www.iseg.ulisboa.pt\/en\/#organization\",\"name\":\"ISEG\",\"url\":\"https:\/\/www.iseg.ulisboa.pt\/en\/\",\"logo\":{\"@type\":\"ImageObject\",\"inLanguage\":\"en-US\",\"@id\":\"https:\/\/www.iseg.ulisboa.pt\/en\/#\/schema\/logo\/image\/\",\"url\":\"https:\/\/www.iseg.ulisboa.pt\/wp-content\/uploads\/2021\/02\/iseg-logo-ul.svg\",\"contentUrl\":\"https:\/\/www.iseg.ulisboa.pt\/wp-content\/uploads\/2021\/02\/iseg-logo-ul.svg\",\"width\":250,\"height\":120,\"caption\":\"ISEG\"},\"image\":{\"@id\":\"https:\/\/www.iseg.ulisboa.pt\/en\/#\/schema\/logo\/image\/\"},\"sameAs\":[\"https:\/\/www.facebook.com\/iseg.pt\",\"https:\/\/x.com\/iseglisbon\",\"https:\/\/www.instagram.com\/iseglisbon\/\",\"https:\/\/www.linkedin.com\/school\/iseglisbon\/\",\"https:\/\/www.youtube.com\/user\/DMREISEG\"]}]}<\/script>\n<!-- \/ Yoast SEO plugin. -->","yoast_head_json":{"title":"Antena 2 Concert | Armando Possante &amp; Ricardo Martins - ISEG","robots":{"index":"index","follow":"follow","max-snippet":"max-snippet:-1","max-image-preview":"max-image-preview:large","max-video-preview":"max-video-preview:-1"},"canonical":"https:\/\/www.iseg.ulisboa.pt\/en\/event\/concert-antenna-2-armanda-possante-ricardo-martins\/","twitter_misc":{"Est. reading time":"1 minute"},"schema":{"@context":"https:\/\/schema.org","@graph":[{"@type":"WebPage","@id":"https:\/\/www.iseg.ulisboa.pt\/en\/event\/concert-antenna-2-armanda-possante-ricardo-martins\/","url":"https:\/\/www.iseg.ulisboa.pt\/en\/event\/concert-antenna-2-armanda-possante-ricardo-martins\/","name":"Antena 2 Concert | Armando Possante &amp; Ricardo Martins - ISEG","isPartOf":{"@id":"https:\/\/www.iseg.ulisboa.pt\/en\/#website"},"primaryImageOfPage":{"@id":"https:\/\/www.iseg.ulisboa.pt\/en\/event\/concert-antenna-2-armanda-possante-ricardo-martins\/#primaryimage"},"image":{"@id":"https:\/\/www.iseg.ulisboa.pt\/en\/event\/concert-antenna-2-armanda-possante-ricardo-martins\/#primaryimage"},"thumbnailUrl":"https:\/\/www.iseg.ulisboa.pt\/wp-content\/uploads\/2021\/09\/concertoantena2iseg.png","datePublished":"2023-10-03T14:26:14+00:00","dateModified":"2023-10-13T22:00:35+00:00","breadcrumb":{"@id":"https:\/\/www.iseg.ulisboa.pt\/en\/event\/concert-antenna-2-armanda-possante-ricardo-martins\/#breadcrumb"},"inLanguage":"en-US","potentialAction":[{"@type":"ReadAction","target":["https:\/\/www.iseg.ulisboa.pt\/en\/event\/concert-antenna-2-armanda-possante-ricardo-martins\/"]}]},{"@type":"ImageObject","inLanguage":"en-US","@id":"https:\/\/www.iseg.ulisboa.pt\/en\/event\/concert-antenna-2-armanda-possante-ricardo-martins\/#primaryimage","url":"https:\/\/www.iseg.ulisboa.pt\/wp-content\/uploads\/2021\/09\/concertoantena2iseg.png","contentUrl":"https:\/\/www.iseg.ulisboa.pt\/wp-content\/uploads\/2021\/09\/concertoantena2iseg.png","width":1135,"height":531},{"@type":"BreadcrumbList","@id":"https:\/\/www.iseg.ulisboa.pt\/en\/event\/concert-antenna-2-armanda-possante-ricardo-martins\/#breadcrumb","itemListElement":[{"@type":"ListItem","position":1,"name":"Home","item":"https:\/\/www.iseg.ulisboa.pt\/"},{"@type":"ListItem","position":2,"name":"Concerto Antena 2 | Armando Possante &amp; Ricardo Martins"}]},{"@type":"WebSite","@id":"https:\/\/www.iseg.ulisboa.pt\/en\/#website","url":"https:\/\/www.iseg.ulisboa.pt\/en\/","name":"ISEG","description":"Lisbon School of Economics &amp; Management","publisher":{"@id":"https:\/\/www.iseg.ulisboa.pt\/en\/#organization"},"potentialAction":[{"@type":"SearchAction","target":{"@type":"EntryPoint","urlTemplate":"https:\/\/www.iseg.ulisboa.pt\/en\/?s={search_term_string}"},"query-input":"required name=search_term_string"}],"inLanguage":"en-US"},{"@type":"Organization","@id":"https:\/\/www.iseg.ulisboa.pt\/en\/#organization","name":"ISEG","url":"https:\/\/www.iseg.ulisboa.pt\/en\/","logo":{"@type":"ImageObject","inLanguage":"en-US","@id":"https:\/\/www.iseg.ulisboa.pt\/en\/#\/schema\/logo\/image\/","url":"https:\/\/www.iseg.ulisboa.pt\/wp-content\/uploads\/2021\/02\/iseg-logo-ul.svg","contentUrl":"https:\/\/www.iseg.ulisboa.pt\/wp-content\/uploads\/2021\/02\/iseg-logo-ul.svg","width":250,"height":120,"caption":"ISEG"},"image":{"@id":"https:\/\/www.iseg.ulisboa.pt\/en\/#\/schema\/logo\/image\/"},"sameAs":["https:\/\/www.facebook.com\/iseg.pt","https:\/\/x.com\/iseglisbon","https:\/\/www.instagram.com\/iseglisbon\/","https:\/\/www.linkedin.com\/school\/iseglisbon\/","https:\/\/www.youtube.com\/user\/DMREISEG"]}]}},"uagb_featured_image_src":{"full":["https:\/\/www.iseg.ulisboa.pt\/wp-content\/uploads\/2021\/09\/concertoantena2iseg.png",1135,531,false],"thumbnail":["https:\/\/www.iseg.ulisboa.pt\/wp-content\/uploads\/2021\/09\/concertoantena2iseg-150x150.png",150,150,true],"medium":["https:\/\/www.iseg.ulisboa.pt\/wp-content\/uploads\/2021\/09\/concertoantena2iseg-300x140.png",300,140,true],"medium_large":["https:\/\/www.iseg.ulisboa.pt\/wp-content\/uploads\/2021\/09\/concertoantena2iseg.png",768,359,false],"large":["https:\/\/www.iseg.ulisboa.pt\/wp-content\/uploads\/2021\/09\/concertoantena2iseg.png",1024,479,false],"1536x1536":["https:\/\/www.iseg.ulisboa.pt\/wp-content\/uploads\/2021\/09\/concertoantena2iseg.png",1135,531,false],"2048x2048":["https:\/\/www.iseg.ulisboa.pt\/wp-content\/uploads\/2021\/09\/concertoantena2iseg.png",1135,531,false],"trp-custom-language-flag":["https:\/\/www.iseg.ulisboa.pt\/wp-content\/uploads\/2021\/09\/concertoantena2iseg.png",18,8,false]},"uagb_author_info":{"display_name":"paulamonteiro","author_link":"https:\/\/www.iseg.ulisboa.pt\/en\/author\/"},"uagb_comment_info":0,"uagb_excerpt":"No dia 19 de outubro, assinalamos mais um concerto Antena 2 gravado ao vivo a partir do ISEG. N\u00e3o perca as atua\u00e7\u00f5es do cantor Armando Possante, acompanhado ao piano por&nbsp;[...]","_links":{"self":[{"href":"https:\/\/www.iseg.ulisboa.pt\/en\/wp-json\/wp\/v2\/event\/41228"}],"collection":[{"href":"https:\/\/www.iseg.ulisboa.pt\/en\/wp-json\/wp\/v2\/event"}],"about":[{"href":"https:\/\/www.iseg.ulisboa.pt\/en\/wp-json\/wp\/v2\/types\/event"}],"version-history":[{"count":0,"href":"https:\/\/www.iseg.ulisboa.pt\/en\/wp-json\/wp\/v2\/event\/41228\/revisions"}],"acf:term":[{"embeddable":true,"taxonomy":"topic","href":"https:\/\/www.iseg.ulisboa.pt\/en\/wp-json\/wp\/v2\/topic\/1403"},{"embeddable":true,"taxonomy":"event_type","href":"https:\/\/www.iseg.ulisboa.pt\/en\/wp-json\/wp\/v2\/event_type\/1180"}],"wp:featuredmedia":[{"embeddable":true,"href":"https:\/\/www.iseg.ulisboa.pt\/en\/wp-json\/wp\/v2\/media\/21139"}],"wp:attachment":[{"href":"https:\/\/www.iseg.ulisboa.pt\/en\/wp-json\/wp\/v2\/media?parent=41228"}],"wp:term":[{"taxonomy":"topic","embeddable":true,"href":"https:\/\/www.iseg.ulisboa.pt\/en\/wp-json\/wp\/v2\/topic?post=41228"},{"taxonomy":"event_type","embeddable":true,"href":"https:\/\/www.iseg.ulisboa.pt\/en\/wp-json\/wp\/v2\/event_type?post=41228"}],"curies":[{"name":"wp","href":"https:\/\/api.w.org\/{rel}","templated":true}]}}

ISEG, Auditório CGD (Edifício Quelhas)

No dia 19 de outubro, assinalamos mais um concerto Antena 2 gravado ao vivo a partir do ISEG. Não perca as atuações do cantor Armando Possante, acompanhado ao piano por&nbsp;[...]
