{"id":43017,"date":"2023-11-13T16:29:02","date_gmt":"2023-11-13T16:29:02","guid":{"rendered":"https:\/\/www.iseg.ulisboa.pt\/?post_type=event&#038;p=43017"},"modified":"2023-11-14T12:52:32","modified_gmt":"2023-11-14T12:52:32","slug":"iseg-mini-forest-3rd-practical-workshop","status":"publish","type":"event","link":"https:\/\/www.iseg.ulisboa.pt\/en\/event\/iseg-mini-forest-3rd-practical-workshop\/","title":{"rendered":"ISEG mini-forest | 3rd practical workshop"},"content":{"rendered":"<p class=\"has-iseg-red-color has-text-color\"><strong>Would you like to take part in the next practical mini-forest workshop?<\/strong><\/p>\n\n\n\n<p>On <strong>16th November<\/strong>, from 12.00 to 13.30, <strong>ISEG's third mini-forest workshop<\/strong>will take place, facilitated by researcher <strong>Oriana Rainho Br\u00e1s<\/strong> (SOCIUS\/CSG-ISEG) and biologist <strong>Ant\u00f3nio Alexandre<\/strong> (FCUL\/2Adapt).<br><br><strong>Participation is free, subject to pre-registration on this website. <a href=\"https:\/\/ulisboa.us18.list-manage.com\/track\/click?u=63aef0e102a735a2e9554e9e6&amp;id=481ad77dd5&amp;e=a03d6e8889\" target=\"_blank\" rel=\"noreferrer noopener\">LINK<\/a><\/strong><\/p>\n\n\n\n<p>During the last workshop, the collective design process for the mini-forest was so creative, that we need another workshop to finish it off! We already have several ideas on paper, which we'll discuss and integrate into a single design that will then be implemented. For those of you who were unable to participate in the last workshop, now is your chance to join in, and for those who have just heard about it for the first time, we guarantee it's worth it!<\/p>\n\n\n\n<p><em>How do we imagine the ISEG mini-forest? Which humans and more-than-humans will live in the forest and what needs do they have? How will we organize the space and what structures are needed? We will answer these questions in a creative, ecological and participatory way in order to create an inclusive space that connects with nature and people, and that is suited to the needs and desires of the ISEG university community.<\/em><\/p>\n\n\n\n<p>The mini-forest workshops are part of the <a href=\"https:\/\/ulisboa.us18.list-manage.com\/track\/click?u=63aef0e102a735a2e9554e9e6&amp;id=9459ab1f7f&amp;e=a03d6e8889\" target=\"_blank\" rel=\"noreferrer noopener\"><strong>TERRARE&nbsp;<\/strong>- action research for social and ecological regeneration<\/a>project, which is coordinated by researcher Oriana Rainho Br\u00e1s (SOCIUS\/CSG-ISEG), with the collaboration of biologist Ant\u00f3nio Alexandre (FCUL and 2Adapt). Valorsul-Valoriza\u00e7\u00e3o e Tratamento de Res\u00edduos S\u00f3lidos das Regi\u00f5es de Lisboa e do Oeste, SA. is a partner in the project, supplying the organic compost to enrich the soil.<\/p>\n\n\n\n<p>Urban mini-forests can be as small as a tennis court, where we densely plant dozens of native species, imitating the structure of a mature forest. This configuration stimulates the growth of plants that support each other, accelerating the process of natural succession. Community participation is essential for the creation and care of the mini-forest. This is a practical and sensitive way of learning and acting for personal, social and ecological well-being in the city.&nbsp;<\/p>\n\n\n\n<p class=\"has-iseg-red-color has-text-color\"><strong>The invitation is open to all interested parties and participation is free. Registration <a href=\"https:\/\/ulisboa.us18.list-manage.com\/track\/click?u=63aef0e102a735a2e9554e9e6&amp;id=7ee2a9ad95&amp;e=a03d6e8889\" target=\"_blank\" rel=\"noreferrer noopener\">HERE<\/a><\/strong><\/p>\n\n\n\n<p>If you have any questions or comments, please don't hesitate to get in touch: <a href=\"mailto:orianarb@socius.iseg.ulisboa.pt\">orianarb@socius.iseg.ulisboa.pt<\/a><strong><br><\/strong><\/p>","protected":false},"excerpt":{"rendered":"Would you like to take part in the next practical mini-forest workshop? On November 16, between 12 noon and 1:30 p.m., ISEG's third mini-forest workshop will be held, facilitated by researcher [...]","protected":false},"featured_media":43018,"template":"","topic":[4768],"event_type":[1151],"acf":[],"yoast_head":"<!-- This site is optimized with the Yoast SEO plugin v22.6 - https:\/\/yoast.com\/wordpress\/plugins\/seo\/ -->\n<title>Mini-floresta ISEG | 3\u00aa oficina pr\u00e1tica - ISEG<\/title>\n<meta name=\"robots\" content=\"index, follow, max-snippet:-1, max-image-preview:large, max-video-preview:-1\" \/>\n<link rel=\"canonical\" href=\"https:\/\/www.iseg.ulisboa.pt\/en\/event\/iseg-mini-forest-3rd-practical-workshop\/\" \/>\n<meta name=\"twitter:label1\" content=\"Est. reading time\" \/>\n\t<meta name=\"twitter:data1\" content=\"2 minutes\" \/>\n<script type=\"application\/ld+json\" class=\"yoast-schema-graph\">{\"@context\":\"https:\/\/schema.org\",\"@graph\":[{\"@type\":\"WebPage\",\"@id\":\"https:\/\/www.iseg.ulisboa.pt\/en\/event\/iseg-mini-forest-3rd-practical-workshop\/\",\"url\":\"https:\/\/www.iseg.ulisboa.pt\/en\/event\/iseg-mini-forest-3rd-practical-workshop\/\",\"name\":\"Mini-floresta ISEG | 3\u00aa oficina pr\u00e1tica - ISEG\",\"isPartOf\":{\"@id\":\"https:\/\/www.iseg.ulisboa.pt\/en\/#website\"},\"primaryImageOfPage\":{\"@id\":\"https:\/\/www.iseg.ulisboa.pt\/en\/event\/iseg-mini-forest-3rd-practical-workshop\/#primaryimage\"},\"image\":{\"@id\":\"https:\/\/www.iseg.ulisboa.pt\/en\/event\/iseg-mini-forest-3rd-practical-workshop\/#primaryimage\"},\"thumbnailUrl\":\"https:\/\/www.iseg.ulisboa.pt\/wp-content\/uploads\/IMG_20231109_152323.jpg\",\"datePublished\":\"2023-11-13T16:29:02+00:00\",\"dateModified\":\"2023-11-14T12:52:32+00:00\",\"breadcrumb\":{\"@id\":\"https:\/\/www.iseg.ulisboa.pt\/en\/event\/iseg-mini-forest-3rd-practical-workshop\/#breadcrumb\"},\"inLanguage\":\"en-US\",\"potentialAction\":[{\"@type\":\"ReadAction\",\"target\":[\"https:\/\/www.iseg.ulisboa.pt\/en\/event\/iseg-mini-forest-3rd-practical-workshop\/\"]}]},{\"@type\":\"ImageObject\",\"inLanguage\":\"en-US\",\"@id\":\"https:\/\/www.iseg.ulisboa.pt\/en\/event\/iseg-mini-forest-3rd-practical-workshop\/#primaryimage\",\"url\":\"https:\/\/www.iseg.ulisboa.pt\/wp-content\/uploads\/IMG_20231109_152323.jpg\",\"contentUrl\":\"https:\/\/www.iseg.ulisboa.pt\/wp-content\/uploads\/IMG_20231109_152323.jpg\",\"width\":2999,\"height\":2053},{\"@type\":\"BreadcrumbList\",\"@id\":\"https:\/\/www.iseg.ulisboa.pt\/en\/event\/iseg-mini-forest-3rd-practical-workshop\/#breadcrumb\",\"itemListElement\":[{\"@type\":\"ListItem\",\"position\":1,\"name\":\"Home\",\"item\":\"https:\/\/www.iseg.ulisboa.pt\/\"},{\"@type\":\"ListItem\",\"position\":2,\"name\":\"Mini-floresta ISEG | 3\u00aa oficina pr\u00e1tica\"}]},{\"@type\":\"WebSite\",\"@id\":\"https:\/\/www.iseg.ulisboa.pt\/en\/#website\",\"url\":\"https:\/\/www.iseg.ulisboa.pt\/en\/\",\"name\":\"ISEG\",\"description\":\"Lisbon School of Economics &amp; Management\",\"publisher\":{\"@id\":\"https:\/\/www.iseg.ulisboa.pt\/en\/#organization\"},\"potentialAction\":[{\"@type\":\"SearchAction\",\"target\":{\"@type\":\"EntryPoint\",\"urlTemplate\":\"https:\/\/www.iseg.ulisboa.pt\/en\/?s={search_term_string}\"},\"query-input\":\"required name=search_term_string\"}],\"inLanguage\":\"en-US\"},{\"@type\":\"Organization\",\"@id\":\"https:\/\/www.iseg.ulisboa.pt\/en\/#organization\",\"name\":\"ISEG\",\"url\":\"https:\/\/www.iseg.ulisboa.pt\/en\/\",\"logo\":{\"@type\":\"ImageObject\",\"inLanguage\":\"en-US\",\"@id\":\"https:\/\/www.iseg.ulisboa.pt\/en\/#\/schema\/logo\/image\/\",\"url\":\"https:\/\/www.iseg.ulisboa.pt\/wp-content\/uploads\/2021\/02\/iseg-logo-ul.svg\",\"contentUrl\":\"https:\/\/www.iseg.ulisboa.pt\/wp-content\/uploads\/2021\/02\/iseg-logo-ul.svg\",\"width\":250,\"height\":120,\"caption\":\"ISEG\"},\"image\":{\"@id\":\"https:\/\/www.iseg.ulisboa.pt\/en\/#\/schema\/logo\/image\/\"},\"sameAs\":[\"https:\/\/www.facebook.com\/iseg.pt\",\"https:\/\/x.com\/iseglisbon\",\"https:\/\/www.instagram.com\/iseglisbon\/\",\"https:\/\/www.linkedin.com\/school\/iseglisbon\/\",\"https:\/\/www.youtube.com\/user\/DMREISEG\"]}]}<\/script>\n<!-- \/ Yoast SEO plugin. -->","yoast_head_json":{"title":"ISEG mini-forest | 3rd practical workshop - ISEG","robots":{"index":"index","follow":"follow","max-snippet":"max-snippet:-1","max-image-preview":"max-image-preview:large","max-video-preview":"max-video-preview:-1"},"canonical":"https:\/\/www.iseg.ulisboa.pt\/en\/event\/iseg-mini-forest-3rd-practical-workshop\/","twitter_misc":{"Est. reading time":"2 minutes"},"schema":{"@context":"https:\/\/schema.org","@graph":[{"@type":"WebPage","@id":"https:\/\/www.iseg.ulisboa.pt\/en\/event\/iseg-mini-forest-3rd-practical-workshop\/","url":"https:\/\/www.iseg.ulisboa.pt\/en\/event\/iseg-mini-forest-3rd-practical-workshop\/","name":"ISEG mini-forest | 3rd practical workshop - ISEG","isPartOf":{"@id":"https:\/\/www.iseg.ulisboa.pt\/en\/#website"},"primaryImageOfPage":{"@id":"https:\/\/www.iseg.ulisboa.pt\/en\/event\/iseg-mini-forest-3rd-practical-workshop\/#primaryimage"},"image":{"@id":"https:\/\/www.iseg.ulisboa.pt\/en\/event\/iseg-mini-forest-3rd-practical-workshop\/#primaryimage"},"thumbnailUrl":"https:\/\/www.iseg.ulisboa.pt\/wp-content\/uploads\/IMG_20231109_152323.jpg","datePublished":"2023-11-13T16:29:02+00:00","dateModified":"2023-11-14T12:52:32+00:00","breadcrumb":{"@id":"https:\/\/www.iseg.ulisboa.pt\/en\/event\/iseg-mini-forest-3rd-practical-workshop\/#breadcrumb"},"inLanguage":"en-US","potentialAction":[{"@type":"ReadAction","target":["https:\/\/www.iseg.ulisboa.pt\/en\/event\/iseg-mini-forest-3rd-practical-workshop\/"]}]},{"@type":"ImageObject","inLanguage":"en-US","@id":"https:\/\/www.iseg.ulisboa.pt\/en\/event\/iseg-mini-forest-3rd-practical-workshop\/#primaryimage","url":"https:\/\/www.iseg.ulisboa.pt\/wp-content\/uploads\/IMG_20231109_152323.jpg","contentUrl":"https:\/\/www.iseg.ulisboa.pt\/wp-content\/uploads\/IMG_20231109_152323.jpg","width":2999,"height":2053},{"@type":"BreadcrumbList","@id":"https:\/\/www.iseg.ulisboa.pt\/en\/event\/iseg-mini-forest-3rd-practical-workshop\/#breadcrumb","itemListElement":[{"@type":"ListItem","position":1,"name":"Home","item":"https:\/\/www.iseg.ulisboa.pt\/"},{"@type":"ListItem","position":2,"name":"Mini-floresta ISEG | 3\u00aa oficina pr\u00e1tica"}]},{"@type":"WebSite","@id":"https:\/\/www.iseg.ulisboa.pt\/en\/#website","url":"https:\/\/www.iseg.ulisboa.pt\/en\/","name":"ISEG","description":"Lisbon School of Economics &amp; Management","publisher":{"@id":"https:\/\/www.iseg.ulisboa.pt\/en\/#organization"},"potentialAction":[{"@type":"SearchAction","target":{"@type":"EntryPoint","urlTemplate":"https:\/\/www.iseg.ulisboa.pt\/en\/?s={search_term_string}"},"query-input":"required name=search_term_string"}],"inLanguage":"en-US"},{"@type":"Organization","@id":"https:\/\/www.iseg.ulisboa.pt\/en\/#organization","name":"ISEG","url":"https:\/\/www.iseg.ulisboa.pt\/en\/","logo":{"@type":"ImageObject","inLanguage":"en-US","@id":"https:\/\/www.iseg.ulisboa.pt\/en\/#\/schema\/logo\/image\/","url":"https:\/\/www.iseg.ulisboa.pt\/wp-content\/uploads\/2021\/02\/iseg-logo-ul.svg","contentUrl":"https:\/\/www.iseg.ulisboa.pt\/wp-content\/uploads\/2021\/02\/iseg-logo-ul.svg","width":250,"height":120,"caption":"ISEG"},"image":{"@id":"https:\/\/www.iseg.ulisboa.pt\/en\/#\/schema\/logo\/image\/"},"sameAs":["https:\/\/www.facebook.com\/iseg.pt","https:\/\/x.com\/iseglisbon","https:\/\/www.instagram.com\/iseglisbon\/","https:\/\/www.linkedin.com\/school\/iseglisbon\/","https:\/\/www.youtube.com\/user\/DMREISEG"]}]}},"uagb_featured_image_src":{"full":["https:\/\/www.iseg.ulisboa.pt\/wp-content\/uploads\/IMG_20231109_152323.jpg",2999,2053,false],"thumbnail":["https:\/\/www.iseg.ulisboa.pt\/wp-content\/uploads\/IMG_20231109_152323-150x150.jpg",150,150,true],"medium":["https:\/\/www.iseg.ulisboa.pt\/wp-content\/uploads\/IMG_20231109_152323-300x205.jpg",300,205,true],"medium_large":["https:\/\/www.iseg.ulisboa.pt\/wp-content\/uploads\/IMG_20231109_152323.jpg",768,526,false],"large":["https:\/\/www.iseg.ulisboa.pt\/wp-content\/uploads\/IMG_20231109_152323.jpg",1024,701,false],"1536x1536":["https:\/\/www.iseg.ulisboa.pt\/wp-content\/uploads\/IMG_20231109_152323-1536x1051.jpg",1536,1051,true],"2048x2048":["https:\/\/www.iseg.ulisboa.pt\/wp-content\/uploads\/IMG_20231109_152323-2048x1402.jpg",2048,1402,true],"trp-custom-language-flag":["https:\/\/www.iseg.ulisboa.pt\/wp-content\/uploads\/IMG_20231109_152323-18x12.jpg",18,12,true]},"uagb_author_info":{"display_name":"paulamonteiro","author_link":"https:\/\/www.iseg.ulisboa.pt\/en\/author\/"},"uagb_comment_info":0,"uagb_excerpt":"Desejas participar na pr\u00f3xima oficina pr\u00e1tica da mini-floresta? No pr\u00f3ximo dia 16 de Novembro, entre as 12h00&nbsp;e as 13h30, realiza-se a terceira oficina&nbsp;da mini-floresta do ISEG, com facilita\u00e7\u00e3o da investigadora&nbsp;[...]","_links":{"self":[{"href":"https:\/\/www.iseg.ulisboa.pt\/en\/wp-json\/wp\/v2\/event\/43017"}],"collection":[{"href":"https:\/\/www.iseg.ulisboa.pt\/en\/wp-json\/wp\/v2\/event"}],"about":[{"href":"https:\/\/www.iseg.ulisboa.pt\/en\/wp-json\/wp\/v2\/types\/event"}],"version-history":[{"count":0,"href":"https:\/\/www.iseg.ulisboa.pt\/en\/wp-json\/wp\/v2\/event\/43017\/revisions"}],"wp:featuredmedia":[{"embeddable":true,"href":"https:\/\/www.iseg.ulisboa.pt\/en\/wp-json\/wp\/v2\/media\/43018"}],"wp:attachment":[{"href":"https:\/\/www.iseg.ulisboa.pt\/en\/wp-json\/wp\/v2\/media?parent=43017"}],"wp:term":[{"taxonomy":"topic","embeddable":true,"href":"https:\/\/www.iseg.ulisboa.pt\/en\/wp-json\/wp\/v2\/topic?post=43017"},{"taxonomy":"event_type","embeddable":true,"href":"https:\/\/www.iseg.ulisboa.pt\/en\/wp-json\/wp\/v2\/event_type?post=43017"}],"curies":[{"name":"wp","href":"https:\/\/api.w.org\/{rel}","templated":true}]}}

<p class="has-iseg-red-color has-text-color"><strong>Would you like to take part in the next practical mini-forest workshop?</strong></p>



<p>On <strong>16th November</strong>, from 12.00 to 13.30, <strong>ISEG's third mini-forest workshop</strong>will take place, facilitated by researcher <strong>Oriana Rainho Brás</strong> (SOCIUS/CSG-ISEG) and biologist <strong>António Alexandre</strong> (FCUL/2Adapt).<br><br><strong>Participation is free, subject to pre-registration on this website. <a href="https://ulisboa.us18.list-manage.com/track/click?u=63aef0e102a735a2e9554e9e6&amp;id=481ad77dd5&amp;e=a03d6e8889" target="_blank" rel="noreferrer noopener">LINK</a></strong></p>



<p>During the last workshop, the collective design process for the mini-forest was so creative, that we need another workshop to finish it off! We already have several ideas on paper, which we'll discuss and integrate into a single design that will then be implemented. For those of you who were unable to participate in the last workshop, now is your chance to join in, and for those who have just heard about it for the first time, we guarantee it's worth it!</p>



<p><em>How do we imagine the ISEG mini-forest? Which humans and more-than-humans will live in the forest and what needs do they have? How will we organize the space and what structures are needed? We will answer these questions in a creative, ecological and participatory way in order to create an inclusive space that connects with nature and people, and that is suited to the needs and desires of the ISEG university community.</em></p>



<p>The mini-forest workshops are part of the <a href="https://ulisboa.us18.list-manage.com/track/click?u=63aef0e102a735a2e9554e9e6&amp;id=9459ab1f7f&amp;e=a03d6e8889" target="_blank" rel="noreferrer noopener"><strong>TERRARE&nbsp;</strong>- action research for social and ecological regeneration</a>project, which is coordinated by researcher Oriana Rainho Brás (SOCIUS/CSG-ISEG), with the collaboration of biologist António Alexandre (FCUL and 2Adapt). Valorsul-Valorização e Tratamento de Resíduos Sólidos das Regiões de Lisboa e do Oeste, SA. is a partner in the project, supplying the organic compost to enrich the soil.</p>



<p>Urban mini-forests can be as small as a tennis court, where we densely plant dozens of native species, imitating the structure of a mature forest. This configuration stimulates the growth of plants that support each other, accelerating the process of natural succession. Community participation is essential for the creation and care of the mini-forest. This is a practical and sensitive way of learning and acting for personal, social and ecological well-being in the city.&nbsp;</p>



<p class="has-iseg-red-color has-text-color"><strong>The invitation is open to all interested parties and participation is free. Registration <a href="https://ulisboa.us18.list-manage.com/track/click?u=63aef0e102a735a2e9554e9e6&amp;id=7ee2a9ad95&amp;e=a03d6e8889" target="_blank" rel="noreferrer noopener">HERE</a></strong></p>



<p>If you have any questions or comments, please don't hesitate to get in touch: <a href="mailto:orianarb@socius.iseg.ulisboa.pt">orianarb@socius.iseg.ulisboa.pt</a><strong><br></strong></p>

<!-- This site is optimized with the Yoast SEO plugin v22.6 - https://yoast.com/wordpress/plugins/seo/ -->
<title>Mini-floresta ISEG | 3ª oficina prática - ISEG</title>
<meta name="robots" content="index, follow, max-snippet:-1, max-image-preview:large, max-video-preview:-1" />
<link rel="canonical" href="https://www.iseg.ulisboa.pt/en/event/iseg-mini-forest-3rd-practical-workshop/" />
<meta name="twitter:label1" content="Est. reading time" />
	<meta name="twitter:data1" content="2 minutes" />
<script type="application/ld+json" class="yoast-schema-graph">{"@context":"https://schema.org","@graph":[{"@type":"WebPage","@id":"https://www.iseg.ulisboa.pt/en/event/iseg-mini-forest-3rd-practical-workshop/","url":"https://www.iseg.ulisboa.pt/en/event/iseg-mini-forest-3rd-practical-workshop/","name":"Mini-floresta ISEG | 3ª oficina prática - ISEG","isPartOf":{"@id":"https://www.iseg.ulisboa.pt/en/#website"},"primaryImageOfPage":{"@id":"https://www.iseg.ulisboa.pt/en/event/iseg-mini-forest-3rd-practical-workshop/#primaryimage"},"image":{"@id":"https://www.iseg.ulisboa.pt/en/event/iseg-mini-forest-3rd-practical-workshop/#primaryimage"},"thumbnailUrl":"https://www.iseg.ulisboa.pt/wp-content/uploads/IMG_20231109_152323.jpg","datePublished":"2023-11-13T16:29:02+00:00","dateModified":"2023-11-14T12:52:32+00:00","breadcrumb":{"@id":"https://www.iseg.ulisboa.pt/en/event/iseg-mini-forest-3rd-practical-workshop/#breadcrumb"},"inLanguage":"en-US","potentialAction":[{"@type":"ReadAction","target":["https://www.iseg.ulisboa.pt/en/event/iseg-mini-forest-3rd-practical-workshop/"]}]},{"@type":"ImageObject","inLanguage":"en-US","@id":"https://www.iseg.ulisboa.pt/en/event/iseg-mini-forest-3rd-practical-workshop/#primaryimage","url":"https://www.iseg.ulisboa.pt/wp-content/uploads/IMG_20231109_152323.jpg","contentUrl":"https://www.iseg.ulisboa.pt/wp-content/uploads/IMG_20231109_152323.jpg","width":2999,"height":2053},{"@type":"BreadcrumbList","@id":"https://www.iseg.ulisboa.pt/en/event/iseg-mini-forest-3rd-practical-workshop/#breadcrumb","itemListElement":[{"@type":"ListItem","position":1,"name":"Home","item":"https://www.iseg.ulisboa.pt/"},{"@type":"ListItem","position":2,"name":"Mini-floresta ISEG | 3ª oficina prática"}]},{"@type":"WebSite","@id":"https://www.iseg.ulisboa.pt/en/#website","url":"https://www.iseg.ulisboa.pt/en/","name":"ISEG","description":"Lisbon School of Economics &amp; Management","publisher":{"@id":"https://www.iseg.ulisboa.pt/en/#organization"},"potentialAction":[{"@type":"SearchAction","target":{"@type":"EntryPoint","urlTemplate":"https://www.iseg.ulisboa.pt/en/?s={search_term_string}"},"query-input":"required name=search_term_string"}],"inLanguage":"en-US"},{"@type":"Organization","@id":"https://www.iseg.ulisboa.pt/en/#organization","name":"ISEG","url":"https://www.iseg.ulisboa.pt/en/","logo":{"@type":"ImageObject","inLanguage":"en-US","@id":"https://www.iseg.ulisboa.pt/en/#/schema/logo/image/","url":"https://www.iseg.ulisboa.pt/wp-content/uploads/2021/02/iseg-logo-ul.svg","contentUrl":"https://www.iseg.ulisboa.pt/wp-content/uploads/2021/02/iseg-logo-ul.svg","width":250,"height":120,"caption":"ISEG"},"image":{"@id":"https://www.iseg.ulisboa.pt/en/#/schema/logo/image/"},"sameAs":["https://www.facebook.com/iseg.pt","https://x.com/iseglisbon","https://www.instagram.com/iseglisbon/","https://www.linkedin.com/school/iseglisbon/","https://www.youtube.com/user/DMREISEG"]}]}</script>
<!-- / Yoast SEO plugin. -->

Mini-floresta ISEG | 3ª oficina prática

Desejas participar na próxima oficina prática da mini-floresta? No próximo dia 16 de Novembro, entre as 12h00&nbsp;e as 13h30, realiza-se a terceira oficina&nbsp;da mini-floresta do ISEG, com facilitação da investigadora&nbsp;[...]
