{"id":50660,"date":"2024-09-04T10:36:00","date_gmt":"2024-09-04T10:36:00","guid":{"rendered":"https:\/\/www.iseg.ulisboa.pt\/?post_type=event&#038;p=50660"},"modified":"2024-09-04T10:42:44","modified_gmt":"2024-09-04T10:42:44","slug":"iseg-research-seminar-ines-carvalho","status":"publish","type":"event","link":"https:\/\/www.iseg.ulisboa.pt\/en\/event\/iseg-research-seminar-ines-carvalho\/","title":{"rendered":"ISEG Research Seminar | In\u00eas Carvalho"},"content":{"rendered":"<h5 class=\"wp-block-heading has-iseg-red-color has-text-color has-link-color wp-elements-ef20e122b7725572b3a5017736327e84\">The <strong>ISEG Research Seminars<\/strong> are back! The first seminar of this new cycle will take place on the 11th September.<\/h5>\n\n\n\n<p><\/p>\n\n\n\n<p><strong>In\u00eas Carvalho<\/strong>, from ISEG, will present the paper entitled \"<strong>Advertising effectiveness of ads written by AI, human, and hybrid human-AI collaboration<\/strong>&#8220;.<\/p>\n\n\n\n<p>The seminar will take place from 13.00 to 14.00 in Lecture Theatre 3 (Quelhas, 4th Floor).<\/p>\n\n\n\n<p>Free admission.<\/p>\n\n\n\n<hr class=\"wp-block-separator has-alpha-channel-opacity\"\/>\n\n\n\n<p><strong>Abstract:<\/strong><\/p>\n\n\n\n<p>We compare the effectiveness of human-generated, AI-generated (ChatGPT), and hybrid promotional texts using the AIEDA model incorporating anticipated emotions from the Model of Goal-Directed Behavior. We applied SEM-PLS and other inferential statistics to analyze whether 455 participants from the UK could differentiate between these texts and compare promotional effectiveness. Respondents were not able to distinguish between the texts. However, the human-generated text was consistently less preferred. Effectiveness perceptions declined as participants suspected AI authorship, regardless of the text's actual source. The AIEDA model incorporating positive and negative anticipated emotions proved to be effective in the three scenarios created.<\/p>","protected":false},"excerpt":{"rendered":"The ISEG Research Seminars are back! The first seminar in this cycle will take place on September 11th. In\u00eas Carvalho, from ISEG, will present the article \"Advertising effectiveness of ads [...]","protected":false},"featured_media":0,"template":"","topic":[1401],"event_type":[1155],"acf":[],"yoast_head":"<!-- This site is optimized with the Yoast SEO plugin v22.6 - https:\/\/yoast.com\/wordpress\/plugins\/seo\/ -->\n<title>ISEG Research Seminar | In\u00eas Carvalho - ISEG<\/title>\n<meta name=\"robots\" content=\"index, follow, max-snippet:-1, max-image-preview:large, max-video-preview:-1\" \/>\n<link rel=\"canonical\" href=\"https:\/\/www.iseg.ulisboa.pt\/en\/event\/iseg-research-seminar-ines-carvalho\/\" \/>\n<meta name=\"twitter:label1\" content=\"Est. reading time\" \/>\n\t<meta name=\"twitter:data1\" content=\"1 minute\" \/>\n<script type=\"application\/ld+json\" class=\"yoast-schema-graph\">{\"@context\":\"https:\/\/schema.org\",\"@graph\":[{\"@type\":\"WebPage\",\"@id\":\"https:\/\/www.iseg.ulisboa.pt\/en\/event\/iseg-research-seminar-ines-carvalho\/\",\"url\":\"https:\/\/www.iseg.ulisboa.pt\/en\/event\/iseg-research-seminar-ines-carvalho\/\",\"name\":\"ISEG Research Seminar | In\u00eas Carvalho - ISEG\",\"isPartOf\":{\"@id\":\"https:\/\/www.iseg.ulisboa.pt\/en\/#website\"},\"datePublished\":\"2024-09-04T10:36:00+00:00\",\"dateModified\":\"2024-09-04T10:42:44+00:00\",\"breadcrumb\":{\"@id\":\"https:\/\/www.iseg.ulisboa.pt\/en\/event\/iseg-research-seminar-ines-carvalho\/#breadcrumb\"},\"inLanguage\":\"en-US\",\"potentialAction\":[{\"@type\":\"ReadAction\",\"target\":[\"https:\/\/www.iseg.ulisboa.pt\/en\/event\/iseg-research-seminar-ines-carvalho\/\"]}]},{\"@type\":\"BreadcrumbList\",\"@id\":\"https:\/\/www.iseg.ulisboa.pt\/en\/event\/iseg-research-seminar-ines-carvalho\/#breadcrumb\",\"itemListElement\":[{\"@type\":\"ListItem\",\"position\":1,\"name\":\"Home\",\"item\":\"https:\/\/www.iseg.ulisboa.pt\/\"},{\"@type\":\"ListItem\",\"position\":2,\"name\":\"ISEG Research Seminar | In\u00eas Carvalho\"}]},{\"@type\":\"WebSite\",\"@id\":\"https:\/\/www.iseg.ulisboa.pt\/en\/#website\",\"url\":\"https:\/\/www.iseg.ulisboa.pt\/en\/\",\"name\":\"ISEG\",\"description\":\"Lisbon School of Economics &amp; Management\",\"publisher\":{\"@id\":\"https:\/\/www.iseg.ulisboa.pt\/en\/#organization\"},\"potentialAction\":[{\"@type\":\"SearchAction\",\"target\":{\"@type\":\"EntryPoint\",\"urlTemplate\":\"https:\/\/www.iseg.ulisboa.pt\/en\/?s={search_term_string}\"},\"query-input\":\"required name=search_term_string\"}],\"inLanguage\":\"en-US\"},{\"@type\":\"Organization\",\"@id\":\"https:\/\/www.iseg.ulisboa.pt\/en\/#organization\",\"name\":\"ISEG\",\"url\":\"https:\/\/www.iseg.ulisboa.pt\/en\/\",\"logo\":{\"@type\":\"ImageObject\",\"inLanguage\":\"en-US\",\"@id\":\"https:\/\/www.iseg.ulisboa.pt\/en\/#\/schema\/logo\/image\/\",\"url\":\"https:\/\/www.iseg.ulisboa.pt\/wp-content\/uploads\/2021\/02\/iseg-logo-ul.svg\",\"contentUrl\":\"https:\/\/www.iseg.ulisboa.pt\/wp-content\/uploads\/2021\/02\/iseg-logo-ul.svg\",\"width\":250,\"height\":120,\"caption\":\"ISEG\"},\"image\":{\"@id\":\"https:\/\/www.iseg.ulisboa.pt\/en\/#\/schema\/logo\/image\/\"},\"sameAs\":[\"https:\/\/www.facebook.com\/iseg.pt\",\"https:\/\/x.com\/iseglisbon\",\"https:\/\/www.instagram.com\/iseglisbon\/\",\"https:\/\/www.linkedin.com\/school\/iseglisbon\/\",\"https:\/\/www.youtube.com\/user\/DMREISEG\"]}]}<\/script>\n<!-- \/ Yoast SEO plugin. -->","yoast_head_json":{"title":"ISEG Research Seminar | In\u00eas Carvalho - ISEG","robots":{"index":"index","follow":"follow","max-snippet":"max-snippet:-1","max-image-preview":"max-image-preview:large","max-video-preview":"max-video-preview:-1"},"canonical":"https:\/\/www.iseg.ulisboa.pt\/en\/event\/iseg-research-seminar-ines-carvalho\/","twitter_misc":{"Est. reading time":"1 minute"},"schema":{"@context":"https:\/\/schema.org","@graph":[{"@type":"WebPage","@id":"https:\/\/www.iseg.ulisboa.pt\/en\/event\/iseg-research-seminar-ines-carvalho\/","url":"https:\/\/www.iseg.ulisboa.pt\/en\/event\/iseg-research-seminar-ines-carvalho\/","name":"ISEG Research Seminar | In\u00eas Carvalho - ISEG","isPartOf":{"@id":"https:\/\/www.iseg.ulisboa.pt\/en\/#website"},"datePublished":"2024-09-04T10:36:00+00:00","dateModified":"2024-09-04T10:42:44+00:00","breadcrumb":{"@id":"https:\/\/www.iseg.ulisboa.pt\/en\/event\/iseg-research-seminar-ines-carvalho\/#breadcrumb"},"inLanguage":"en-US","potentialAction":[{"@type":"ReadAction","target":["https:\/\/www.iseg.ulisboa.pt\/en\/event\/iseg-research-seminar-ines-carvalho\/"]}]},{"@type":"BreadcrumbList","@id":"https:\/\/www.iseg.ulisboa.pt\/en\/event\/iseg-research-seminar-ines-carvalho\/#breadcrumb","itemListElement":[{"@type":"ListItem","position":1,"name":"Home","item":"https:\/\/www.iseg.ulisboa.pt\/"},{"@type":"ListItem","position":2,"name":"ISEG Research Seminar | In\u00eas Carvalho"}]},{"@type":"WebSite","@id":"https:\/\/www.iseg.ulisboa.pt\/en\/#website","url":"https:\/\/www.iseg.ulisboa.pt\/en\/","name":"ISEG","description":"Lisbon School of Economics &amp; Management","publisher":{"@id":"https:\/\/www.iseg.ulisboa.pt\/en\/#organization"},"potentialAction":[{"@type":"SearchAction","target":{"@type":"EntryPoint","urlTemplate":"https:\/\/www.iseg.ulisboa.pt\/en\/?s={search_term_string}"},"query-input":"required name=search_term_string"}],"inLanguage":"en-US"},{"@type":"Organization","@id":"https:\/\/www.iseg.ulisboa.pt\/en\/#organization","name":"ISEG","url":"https:\/\/www.iseg.ulisboa.pt\/en\/","logo":{"@type":"ImageObject","inLanguage":"en-US","@id":"https:\/\/www.iseg.ulisboa.pt\/en\/#\/schema\/logo\/image\/","url":"https:\/\/www.iseg.ulisboa.pt\/wp-content\/uploads\/2021\/02\/iseg-logo-ul.svg","contentUrl":"https:\/\/www.iseg.ulisboa.pt\/wp-content\/uploads\/2021\/02\/iseg-logo-ul.svg","width":250,"height":120,"caption":"ISEG"},"image":{"@id":"https:\/\/www.iseg.ulisboa.pt\/en\/#\/schema\/logo\/image\/"},"sameAs":["https:\/\/www.facebook.com\/iseg.pt","https:\/\/x.com\/iseglisbon","https:\/\/www.instagram.com\/iseglisbon\/","https:\/\/www.linkedin.com\/school\/iseglisbon\/","https:\/\/www.youtube.com\/user\/DMREISEG"]}]}},"uagb_featured_image_src":{"full":false,"thumbnail":false,"medium":false,"medium_large":false,"large":false,"1536x1536":false,"2048x2048":false,"trp-custom-language-flag":false},"uagb_author_info":{"display_name":"paulamonteiro","author_link":"https:\/\/www.iseg.ulisboa.pt\/en\/author\/"},"uagb_comment_info":0,"uagb_excerpt":"Os ISEG Research Seminars est\u00e3o de volta! O primeiro semin\u00e1rio deste ciclo realiza-se no dia 11 de setembro. In\u00eas Carvalho, do ISEG, ir\u00e1 apresentar o artigo &#8220;Advertising effectiveness of ads&nbsp;[...]","_links":{"self":[{"href":"https:\/\/www.iseg.ulisboa.pt\/en\/wp-json\/wp\/v2\/event\/50660"}],"collection":[{"href":"https:\/\/www.iseg.ulisboa.pt\/en\/wp-json\/wp\/v2\/event"}],"about":[{"href":"https:\/\/www.iseg.ulisboa.pt\/en\/wp-json\/wp\/v2\/types\/event"}],"version-history":[{"count":0,"href":"https:\/\/www.iseg.ulisboa.pt\/en\/wp-json\/wp\/v2\/event\/50660\/revisions"}],"wp:attachment":[{"href":"https:\/\/www.iseg.ulisboa.pt\/en\/wp-json\/wp\/v2\/media?parent=50660"}],"wp:term":[{"taxonomy":"topic","embeddable":true,"href":"https:\/\/www.iseg.ulisboa.pt\/en\/wp-json\/wp\/v2\/topic?post=50660"},{"taxonomy":"event_type","embeddable":true,"href":"https:\/\/www.iseg.ulisboa.pt\/en\/wp-json\/wp\/v2\/event_type?post=50660"}],"curies":[{"name":"wp","href":"https:\/\/api.w.org\/{rel}","templated":true}]}}

ISEG Research Seminar | Inês Carvalho

<h5 class="wp-block-heading has-iseg-red-color has-text-color has-link-color wp-elements-ef20e122b7725572b3a5017736327e84">The <strong>ISEG Research Seminars</strong> are back! The first seminar of this new cycle will take place on the 11th September.</h5>



<p></p>



<p><strong>Inês Carvalho</strong>, from ISEG, will present the paper entitled "<strong>Advertising effectiveness of ads written by AI, human, and hybrid human-AI collaboration</strong>&#8220;.</p>



<p>The seminar will take place from 13.00 to 14.00 in Lecture Theatre 3 (Quelhas, 4th Floor).</p>



<p>Free admission.</p>



<hr class="wp-block-separator has-alpha-channel-opacity"/>



<p><strong>Abstract:</strong></p>



<p>We compare the effectiveness of human-generated, AI-generated (ChatGPT), and hybrid promotional texts using the AIEDA model incorporating anticipated emotions from the Model of Goal-Directed Behavior. We applied SEM-PLS and other inferential statistics to analyze whether 455 participants from the UK could differentiate between these texts and compare promotional effectiveness. Respondents were not able to distinguish between the texts. However, the human-generated text was consistently less preferred. Effectiveness perceptions declined as participants suspected AI authorship, regardless of the text's actual source. The AIEDA model incorporating positive and negative anticipated emotions proved to be effective in the three scenarios created.</p>

The ISEG Research Seminars are back! The first seminar in this cycle will take place on September 11th. Inês Carvalho, from ISEG, will present the article "Advertising effectiveness of ads [...]

<!-- This site is optimized with the Yoast SEO plugin v22.6 - https://yoast.com/wordpress/plugins/seo/ -->
<title>ISEG Research Seminar | Inês Carvalho - ISEG</title>
<meta name="robots" content="index, follow, max-snippet:-1, max-image-preview:large, max-video-preview:-1" />
<link rel="canonical" href="https://www.iseg.ulisboa.pt/en/event/iseg-research-seminar-ines-carvalho/" />
<meta name="twitter:label1" content="Est. reading time" />
	<meta name="twitter:data1" content="1 minute" />
<script type="application/ld+json" class="yoast-schema-graph">{"@context":"https://schema.org","@graph":[{"@type":"WebPage","@id":"https://www.iseg.ulisboa.pt/en/event/iseg-research-seminar-ines-carvalho/","url":"https://www.iseg.ulisboa.pt/en/event/iseg-research-seminar-ines-carvalho/","name":"ISEG Research Seminar | Inês Carvalho - ISEG","isPartOf":{"@id":"https://www.iseg.ulisboa.pt/en/#website"},"datePublished":"2024-09-04T10:36:00+00:00","dateModified":"2024-09-04T10:42:44+00:00","breadcrumb":{"@id":"https://www.iseg.ulisboa.pt/en/event/iseg-research-seminar-ines-carvalho/#breadcrumb"},"inLanguage":"en-US","potentialAction":[{"@type":"ReadAction","target":["https://www.iseg.ulisboa.pt/en/event/iseg-research-seminar-ines-carvalho/"]}]},{"@type":"BreadcrumbList","@id":"https://www.iseg.ulisboa.pt/en/event/iseg-research-seminar-ines-carvalho/#breadcrumb","itemListElement":[{"@type":"ListItem","position":1,"name":"Home","item":"https://www.iseg.ulisboa.pt/"},{"@type":"ListItem","position":2,"name":"ISEG Research Seminar | Inês Carvalho"}]},{"@type":"WebSite","@id":"https://www.iseg.ulisboa.pt/en/#website","url":"https://www.iseg.ulisboa.pt/en/","name":"ISEG","description":"Lisbon School of Economics &amp; Management","publisher":{"@id":"https://www.iseg.ulisboa.pt/en/#organization"},"potentialAction":[{"@type":"SearchAction","target":{"@type":"EntryPoint","urlTemplate":"https://www.iseg.ulisboa.pt/en/?s={search_term_string}"},"query-input":"required name=search_term_string"}],"inLanguage":"en-US"},{"@type":"Organization","@id":"https://www.iseg.ulisboa.pt/en/#organization","name":"ISEG","url":"https://www.iseg.ulisboa.pt/en/","logo":{"@type":"ImageObject","inLanguage":"en-US","@id":"https://www.iseg.ulisboa.pt/en/#/schema/logo/image/","url":"https://www.iseg.ulisboa.pt/wp-content/uploads/2021/02/iseg-logo-ul.svg","contentUrl":"https://www.iseg.ulisboa.pt/wp-content/uploads/2021/02/iseg-logo-ul.svg","width":250,"height":120,"caption":"ISEG"},"image":{"@id":"https://www.iseg.ulisboa.pt/en/#/schema/logo/image/"},"sameAs":["https://www.facebook.com/iseg.pt","https://x.com/iseglisbon","https://www.instagram.com/iseglisbon/","https://www.linkedin.com/school/iseglisbon/","https://www.youtube.com/user/DMREISEG"]}]}</script>
<!-- / Yoast SEO plugin. -->

ISEG Research Seminar | Inês Carvalho - ISEG

Os ISEG Research Seminars estão de volta! O primeiro seminário deste ciclo realiza-se no dia 11 de setembro. Inês Carvalho, do ISEG, irá apresentar o artigo &#8220;Advertising effectiveness of ads&nbsp;[...]
