{"id":52552,"date":"2024-10-25T15:20:58","date_gmt":"2024-10-25T15:20:58","guid":{"rendered":"https:\/\/www.iseg.ulisboa.pt\/?post_type=event&#038;p=52552"},"modified":"2024-10-25T15:21:00","modified_gmt":"2024-10-25T15:21:00","slug":"book-launch-ecommerce-ai","status":"publish","type":"event","link":"https:\/\/www.iseg.ulisboa.pt\/en\/event\/book-launch-ecommerce-ai\/","title":{"rendered":"Book launch | eCommerce &amp; AI"},"content":{"rendered":"<p>With enrolment now open for the 6th Edition of the&nbsp;<a href=\"https:\/\/isegexecutive.education\/pt\/cursos\/programas-executivos\/ecommerce-management\/\" target=\"_blank\" rel=\"noreferrer noopener\">Executive Programme in eCommerce Management<\/a>&nbsp;of&nbsp;&nbsp;<a href=\"https:\/\/isegexecutive.education\/pt\/\" target=\"_blank\" rel=\"noreferrer noopener\">ISEG Executive Education<\/a>, the Coordinators,&nbsp;<strong>Carolina Afonso<\/strong>&nbsp;(CEO of Gato Preto and an ISEG Professor) and&nbsp;<strong>Sandra Alvarez<\/strong>&nbsp;(Managing Director of PHD Media, Omnicom Media Group), are launching a book on the 4th November, from 18.00 to 19.30, which compiles the contributions of various experts in the field and of the programme's faculty, entitled&nbsp;<strong><em>'eCommerce - How to sell online successfully'<\/em><\/strong>.<\/p>\n\n\n\n<p>The launch event will take place on the ISEG Campus and will be preceded by a\u00a0<em>talk<\/em>\u00a0with the authors of the book on the topic of '<em>eCommerce &amp; AI - How to use Artificial Intelligence to sell more',\u00a0<\/em>moderated by Carolina Afonso and Sandra Alvarez. Through practical examples shared by experts, participants will be able to understand some of the impacts that this transformative technology is having on sales and on optimising each stage of the purchasing process. <\/p>\n\n\n\n<p>Free admission, subject to the available capacity. Those interested can register\u00a0<a href=\"https:\/\/crm.isegexecutive.education\/cn\/aeb9l\/ecommerce_ai\" target=\"_blank\" rel=\"noreferrer noopener\">here<\/a>.<\/p>\n\n\n\n<p class=\"translation-block\">Further information <a href=\"https:\/\/www.petmeetings.com\/\" target=\"_blank\" rel=\"noreferrer noopener\"><strong>HERE<\/strong><\/a>.<\/p>","protected":false},"excerpt":{"rendered":"With registrations now open for the 6th edition of ISEG Executive Education's Executive Program in eCommerce Management, its coordinators, Carolina Afonso (CEO of Gato Preto and Professor at ISEG) and Sandra Alvarez (Managing Director [...]","protected":false},"featured_media":52553,"template":"","topic":[],"event_type":[1172],"acf":[],"yoast_head":"<!-- This site is optimized with the Yoast SEO plugin v22.6 - https:\/\/yoast.com\/wordpress\/plugins\/seo\/ -->\n<title>Lan\u00e7amento de livro | eCommerce &amp; AI - ISEG<\/title>\n<meta name=\"robots\" content=\"index, follow, max-snippet:-1, max-image-preview:large, max-video-preview:-1\" \/>\n<link rel=\"canonical\" href=\"https:\/\/www.iseg.ulisboa.pt\/en\/event\/book-launch-ecommerce-ai\/\" \/>\n<meta name=\"twitter:label1\" content=\"Est. reading time\" \/>\n\t<meta name=\"twitter:data1\" content=\"2 minutes\" \/>\n<script type=\"application\/ld+json\" class=\"yoast-schema-graph\">{\"@context\":\"https:\/\/schema.org\",\"@graph\":[{\"@type\":\"WebPage\",\"@id\":\"https:\/\/www.iseg.ulisboa.pt\/en\/event\/book-launch-ecommerce-ai\/\",\"url\":\"https:\/\/www.iseg.ulisboa.pt\/en\/event\/book-launch-ecommerce-ai\/\",\"name\":\"Lan\u00e7amento de livro | eCommerce &amp; AI - ISEG\",\"isPartOf\":{\"@id\":\"https:\/\/www.iseg.ulisboa.pt\/en\/#website\"},\"primaryImageOfPage\":{\"@id\":\"https:\/\/www.iseg.ulisboa.pt\/en\/event\/book-launch-ecommerce-ai\/#primaryimage\"},\"image\":{\"@id\":\"https:\/\/www.iseg.ulisboa.pt\/en\/event\/book-launch-ecommerce-ai\/#primaryimage\"},\"thumbnailUrl\":\"https:\/\/www.iseg.ulisboa.pt\/wp-content\/uploads\/talk-ecommerce-ai-slide-1.jpg\",\"datePublished\":\"2024-10-25T15:20:58+00:00\",\"dateModified\":\"2024-10-25T15:21:00+00:00\",\"breadcrumb\":{\"@id\":\"https:\/\/www.iseg.ulisboa.pt\/en\/event\/book-launch-ecommerce-ai\/#breadcrumb\"},\"inLanguage\":\"en-US\",\"potentialAction\":[{\"@type\":\"ReadAction\",\"target\":[\"https:\/\/www.iseg.ulisboa.pt\/en\/event\/book-launch-ecommerce-ai\/\"]}]},{\"@type\":\"ImageObject\",\"inLanguage\":\"en-US\",\"@id\":\"https:\/\/www.iseg.ulisboa.pt\/en\/event\/book-launch-ecommerce-ai\/#primaryimage\",\"url\":\"https:\/\/www.iseg.ulisboa.pt\/wp-content\/uploads\/talk-ecommerce-ai-slide-1.jpg\",\"contentUrl\":\"https:\/\/www.iseg.ulisboa.pt\/wp-content\/uploads\/talk-ecommerce-ai-slide-1.jpg\",\"width\":1920,\"height\":1080},{\"@type\":\"BreadcrumbList\",\"@id\":\"https:\/\/www.iseg.ulisboa.pt\/en\/event\/book-launch-ecommerce-ai\/#breadcrumb\",\"itemListElement\":[{\"@type\":\"ListItem\",\"position\":1,\"name\":\"Home\",\"item\":\"https:\/\/www.iseg.ulisboa.pt\/\"},{\"@type\":\"ListItem\",\"position\":2,\"name\":\"Lan\u00e7amento de livro | eCommerce &amp; AI\"}]},{\"@type\":\"WebSite\",\"@id\":\"https:\/\/www.iseg.ulisboa.pt\/en\/#website\",\"url\":\"https:\/\/www.iseg.ulisboa.pt\/en\/\",\"name\":\"ISEG\",\"description\":\"Lisbon School of Economics &amp; Management\",\"publisher\":{\"@id\":\"https:\/\/www.iseg.ulisboa.pt\/en\/#organization\"},\"potentialAction\":[{\"@type\":\"SearchAction\",\"target\":{\"@type\":\"EntryPoint\",\"urlTemplate\":\"https:\/\/www.iseg.ulisboa.pt\/en\/?s={search_term_string}\"},\"query-input\":\"required name=search_term_string\"}],\"inLanguage\":\"en-US\"},{\"@type\":\"Organization\",\"@id\":\"https:\/\/www.iseg.ulisboa.pt\/en\/#organization\",\"name\":\"ISEG\",\"url\":\"https:\/\/www.iseg.ulisboa.pt\/en\/\",\"logo\":{\"@type\":\"ImageObject\",\"inLanguage\":\"en-US\",\"@id\":\"https:\/\/www.iseg.ulisboa.pt\/en\/#\/schema\/logo\/image\/\",\"url\":\"https:\/\/www.iseg.ulisboa.pt\/wp-content\/uploads\/2021\/02\/iseg-logo-ul.svg\",\"contentUrl\":\"https:\/\/www.iseg.ulisboa.pt\/wp-content\/uploads\/2021\/02\/iseg-logo-ul.svg\",\"width\":250,\"height\":120,\"caption\":\"ISEG\"},\"image\":{\"@id\":\"https:\/\/www.iseg.ulisboa.pt\/en\/#\/schema\/logo\/image\/\"},\"sameAs\":[\"https:\/\/www.facebook.com\/iseg.pt\",\"https:\/\/x.com\/iseglisbon\",\"https:\/\/www.instagram.com\/iseglisbon\/\",\"https:\/\/www.linkedin.com\/school\/iseglisbon\/\",\"https:\/\/www.youtube.com\/user\/DMREISEG\"]}]}<\/script>\n<!-- \/ Yoast SEO plugin. -->","yoast_head_json":{"title":"Book launch | eCommerce &amp; AI - ISEG","robots":{"index":"index","follow":"follow","max-snippet":"max-snippet:-1","max-image-preview":"max-image-preview:large","max-video-preview":"max-video-preview:-1"},"canonical":"https:\/\/www.iseg.ulisboa.pt\/en\/event\/book-launch-ecommerce-ai\/","twitter_misc":{"Est. reading time":"2 minutes"},"schema":{"@context":"https:\/\/schema.org","@graph":[{"@type":"WebPage","@id":"https:\/\/www.iseg.ulisboa.pt\/en\/event\/book-launch-ecommerce-ai\/","url":"https:\/\/www.iseg.ulisboa.pt\/en\/event\/book-launch-ecommerce-ai\/","name":"Book launch | eCommerce &amp; AI - ISEG","isPartOf":{"@id":"https:\/\/www.iseg.ulisboa.pt\/en\/#website"},"primaryImageOfPage":{"@id":"https:\/\/www.iseg.ulisboa.pt\/en\/event\/book-launch-ecommerce-ai\/#primaryimage"},"image":{"@id":"https:\/\/www.iseg.ulisboa.pt\/en\/event\/book-launch-ecommerce-ai\/#primaryimage"},"thumbnailUrl":"https:\/\/www.iseg.ulisboa.pt\/wp-content\/uploads\/talk-ecommerce-ai-slide-1.jpg","datePublished":"2024-10-25T15:20:58+00:00","dateModified":"2024-10-25T15:21:00+00:00","breadcrumb":{"@id":"https:\/\/www.iseg.ulisboa.pt\/en\/event\/book-launch-ecommerce-ai\/#breadcrumb"},"inLanguage":"en-US","potentialAction":[{"@type":"ReadAction","target":["https:\/\/www.iseg.ulisboa.pt\/en\/event\/book-launch-ecommerce-ai\/"]}]},{"@type":"ImageObject","inLanguage":"en-US","@id":"https:\/\/www.iseg.ulisboa.pt\/en\/event\/book-launch-ecommerce-ai\/#primaryimage","url":"https:\/\/www.iseg.ulisboa.pt\/wp-content\/uploads\/talk-ecommerce-ai-slide-1.jpg","contentUrl":"https:\/\/www.iseg.ulisboa.pt\/wp-content\/uploads\/talk-ecommerce-ai-slide-1.jpg","width":1920,"height":1080},{"@type":"BreadcrumbList","@id":"https:\/\/www.iseg.ulisboa.pt\/en\/event\/book-launch-ecommerce-ai\/#breadcrumb","itemListElement":[{"@type":"ListItem","position":1,"name":"Home","item":"https:\/\/www.iseg.ulisboa.pt\/"},{"@type":"ListItem","position":2,"name":"Lan\u00e7amento de livro | eCommerce &amp; AI"}]},{"@type":"WebSite","@id":"https:\/\/www.iseg.ulisboa.pt\/en\/#website","url":"https:\/\/www.iseg.ulisboa.pt\/en\/","name":"ISEG","description":"Lisbon School of Economics &amp; Management","publisher":{"@id":"https:\/\/www.iseg.ulisboa.pt\/en\/#organization"},"potentialAction":[{"@type":"SearchAction","target":{"@type":"EntryPoint","urlTemplate":"https:\/\/www.iseg.ulisboa.pt\/en\/?s={search_term_string}"},"query-input":"required name=search_term_string"}],"inLanguage":"en-US"},{"@type":"Organization","@id":"https:\/\/www.iseg.ulisboa.pt\/en\/#organization","name":"ISEG","url":"https:\/\/www.iseg.ulisboa.pt\/en\/","logo":{"@type":"ImageObject","inLanguage":"en-US","@id":"https:\/\/www.iseg.ulisboa.pt\/en\/#\/schema\/logo\/image\/","url":"https:\/\/www.iseg.ulisboa.pt\/wp-content\/uploads\/2021\/02\/iseg-logo-ul.svg","contentUrl":"https:\/\/www.iseg.ulisboa.pt\/wp-content\/uploads\/2021\/02\/iseg-logo-ul.svg","width":250,"height":120,"caption":"ISEG"},"image":{"@id":"https:\/\/www.iseg.ulisboa.pt\/en\/#\/schema\/logo\/image\/"},"sameAs":["https:\/\/www.facebook.com\/iseg.pt","https:\/\/x.com\/iseglisbon","https:\/\/www.instagram.com\/iseglisbon\/","https:\/\/www.linkedin.com\/school\/iseglisbon\/","https:\/\/www.youtube.com\/user\/DMREISEG"]}]}},"uagb_featured_image_src":{"full":["https:\/\/www.iseg.ulisboa.pt\/wp-content\/uploads\/talk-ecommerce-ai-slide-1.jpg",1920,1080,false],"thumbnail":["https:\/\/www.iseg.ulisboa.pt\/wp-content\/uploads\/talk-ecommerce-ai-slide-1-150x150.jpg",150,150,true],"medium":["https:\/\/www.iseg.ulisboa.pt\/wp-content\/uploads\/talk-ecommerce-ai-slide-1-300x169.jpg",300,169,true],"medium_large":["https:\/\/www.iseg.ulisboa.pt\/wp-content\/uploads\/talk-ecommerce-ai-slide-1.jpg",768,432,false],"large":["https:\/\/www.iseg.ulisboa.pt\/wp-content\/uploads\/talk-ecommerce-ai-slide-1.jpg",1024,576,false],"1536x1536":["https:\/\/www.iseg.ulisboa.pt\/wp-content\/uploads\/talk-ecommerce-ai-slide-1-1536x864.jpg",1536,864,true],"2048x2048":["https:\/\/www.iseg.ulisboa.pt\/wp-content\/uploads\/talk-ecommerce-ai-slide-1.jpg",1920,1080,false],"trp-custom-language-flag":["https:\/\/www.iseg.ulisboa.pt\/wp-content\/uploads\/talk-ecommerce-ai-slide-1-18x10.jpg",18,10,true]},"uagb_author_info":{"display_name":"paulamonteiro","author_link":"https:\/\/www.iseg.ulisboa.pt\/en\/author\/"},"uagb_comment_info":0,"uagb_excerpt":"Com as inscri\u00e7\u00f5es j\u00e1 abertas para a 6\u00aa edi\u00e7\u00e3o do&nbsp;Programa Executivo em eCommerce Management&nbsp;do&nbsp;&nbsp;ISEG Executive Education, as suas coordenadoras,&nbsp;Carolina Afonso&nbsp;(CEO do Gato Preto e Professora do ISEG) e&nbsp;Sandra Alvarez&nbsp;(Managing Director&nbsp;[...]","_links":{"self":[{"href":"https:\/\/www.iseg.ulisboa.pt\/en\/wp-json\/wp\/v2\/event\/52552"}],"collection":[{"href":"https:\/\/www.iseg.ulisboa.pt\/en\/wp-json\/wp\/v2\/event"}],"about":[{"href":"https:\/\/www.iseg.ulisboa.pt\/en\/wp-json\/wp\/v2\/types\/event"}],"version-history":[{"count":0,"href":"https:\/\/www.iseg.ulisboa.pt\/en\/wp-json\/wp\/v2\/event\/52552\/revisions"}],"wp:featuredmedia":[{"embeddable":true,"href":"https:\/\/www.iseg.ulisboa.pt\/en\/wp-json\/wp\/v2\/media\/52553"}],"wp:attachment":[{"href":"https:\/\/www.iseg.ulisboa.pt\/en\/wp-json\/wp\/v2\/media?parent=52552"}],"wp:term":[{"taxonomy":"topic","embeddable":true,"href":"https:\/\/www.iseg.ulisboa.pt\/en\/wp-json\/wp\/v2\/topic?post=52552"},{"taxonomy":"event_type","embeddable":true,"href":"https:\/\/www.iseg.ulisboa.pt\/en\/wp-json\/wp\/v2\/event_type?post=52552"}],"curies":[{"name":"wp","href":"https:\/\/api.w.org\/{rel}","templated":true}]}}

<!-- This site is optimized with the Yoast SEO plugin v22.6 - https://yoast.com/wordpress/plugins/seo/ -->
<title>Lançamento de livro | eCommerce &amp; AI - ISEG</title>
<meta name="robots" content="index, follow, max-snippet:-1, max-image-preview:large, max-video-preview:-1" />
<link rel="canonical" href="https://www.iseg.ulisboa.pt/en/event/book-launch-ecommerce-ai/" />
<meta name="twitter:label1" content="Est. reading time" />
	<meta name="twitter:data1" content="2 minutes" />
<script type="application/ld+json" class="yoast-schema-graph">{"@context":"https://schema.org","@graph":[{"@type":"WebPage","@id":"https://www.iseg.ulisboa.pt/en/event/book-launch-ecommerce-ai/","url":"https://www.iseg.ulisboa.pt/en/event/book-launch-ecommerce-ai/","name":"Lançamento de livro | eCommerce &amp; AI - ISEG","isPartOf":{"@id":"https://www.iseg.ulisboa.pt/en/#website"},"primaryImageOfPage":{"@id":"https://www.iseg.ulisboa.pt/en/event/book-launch-ecommerce-ai/#primaryimage"},"image":{"@id":"https://www.iseg.ulisboa.pt/en/event/book-launch-ecommerce-ai/#primaryimage"},"thumbnailUrl":"https://www.iseg.ulisboa.pt/wp-content/uploads/talk-ecommerce-ai-slide-1.jpg","datePublished":"2024-10-25T15:20:58+00:00","dateModified":"2024-10-25T15:21:00+00:00","breadcrumb":{"@id":"https://www.iseg.ulisboa.pt/en/event/book-launch-ecommerce-ai/#breadcrumb"},"inLanguage":"en-US","potentialAction":[{"@type":"ReadAction","target":["https://www.iseg.ulisboa.pt/en/event/book-launch-ecommerce-ai/"]}]},{"@type":"ImageObject","inLanguage":"en-US","@id":"https://www.iseg.ulisboa.pt/en/event/book-launch-ecommerce-ai/#primaryimage","url":"https://www.iseg.ulisboa.pt/wp-content/uploads/talk-ecommerce-ai-slide-1.jpg","contentUrl":"https://www.iseg.ulisboa.pt/wp-content/uploads/talk-ecommerce-ai-slide-1.jpg","width":1920,"height":1080},{"@type":"BreadcrumbList","@id":"https://www.iseg.ulisboa.pt/en/event/book-launch-ecommerce-ai/#breadcrumb","itemListElement":[{"@type":"ListItem","position":1,"name":"Home","item":"https://www.iseg.ulisboa.pt/"},{"@type":"ListItem","position":2,"name":"Lançamento de livro | eCommerce &amp; AI"}]},{"@type":"WebSite","@id":"https://www.iseg.ulisboa.pt/en/#website","url":"https://www.iseg.ulisboa.pt/en/","name":"ISEG","description":"Lisbon School of Economics &amp; Management","publisher":{"@id":"https://www.iseg.ulisboa.pt/en/#organization"},"potentialAction":[{"@type":"SearchAction","target":{"@type":"EntryPoint","urlTemplate":"https://www.iseg.ulisboa.pt/en/?s={search_term_string}"},"query-input":"required name=search_term_string"}],"inLanguage":"en-US"},{"@type":"Organization","@id":"https://www.iseg.ulisboa.pt/en/#organization","name":"ISEG","url":"https://www.iseg.ulisboa.pt/en/","logo":{"@type":"ImageObject","inLanguage":"en-US","@id":"https://www.iseg.ulisboa.pt/en/#/schema/logo/image/","url":"https://www.iseg.ulisboa.pt/wp-content/uploads/2021/02/iseg-logo-ul.svg","contentUrl":"https://www.iseg.ulisboa.pt/wp-content/uploads/2021/02/iseg-logo-ul.svg","width":250,"height":120,"caption":"ISEG"},"image":{"@id":"https://www.iseg.ulisboa.pt/en/#/schema/logo/image/"},"sameAs":["https://www.facebook.com/iseg.pt","https://x.com/iseglisbon","https://www.instagram.com/iseglisbon/","https://www.linkedin.com/school/iseglisbon/","https://www.youtube.com/user/DMREISEG"]}]}</script>
<!-- / Yoast SEO plugin. -->

Lançamento de livro | eCommerce &amp; AI

Com as inscrições já abertas para a 6ª edição do&nbsp;Programa Executivo em eCommerce Management&nbsp;do&nbsp;&nbsp;ISEG Executive Education, as suas coordenadoras,&nbsp;Carolina Afonso&nbsp;(CEO do Gato Preto e Professora do ISEG) e&nbsp;Sandra Alvarez&nbsp;(Managing Director&nbsp;[...]
