{"id":53616,"date":"2024-11-15T14:19:27","date_gmt":"2024-11-15T14:19:27","guid":{"rendered":"https:\/\/www.iseg.ulisboa.pt\/?post_type=event&#038;p=53616"},"modified":"2024-11-25T12:32:15","modified_gmt":"2024-11-25T12:32:15","slug":"rua-dalem-book-presentation-session","status":"publish","type":"event","link":"https:\/\/www.iseg.ulisboa.pt\/en\/event\/rua-dalem-book-presentation-session\/","title":{"rendered":"Presentation of the book 'Rua d'Al\u00e9m'"},"content":{"rendered":"<p>On <strong>29th November<\/strong>, at <strong>18.00<\/strong>, the <strong>in the CGD Auditorium<\/strong> , ISEG will host the presentation of the book<strong> 'Rua d'Al\u00e9m'<\/strong>, by <strong>Margarida Chagas Lopes<\/strong>.<\/p>\n\n\n\n<p>The book will be presented by <a href=\"https:\/\/www.iseg.ulisboa.pt\/en\/faculty-2\/sara-falcao-cacaacaaca\/\" target=\"_blank\" rel=\"noreferrer noopener\"><strong>Sara Falc\u00e3o Casaca<\/strong><\/a>, an ISEG professor, and <strong>Miguel Montez Leal<\/strong>professor at the New University of Lisbon.<\/p>\n\n\n\n<p>As part of the event, there will also be a <strong>special musical moment<\/strong>, featuring Louren\u00e7o Reigado (alto saxophone) and Duarte Reigado (horizontal flute).<\/p>\n\n\n\n<p>Free admission.<\/p>\n\n\n\n<figure class=\"wp-block-image size-full\"><img loading=\"lazy\" decoding=\"async\" width=\"524\" height=\"720\" src=\"https:\/\/www.iseg.ulisboa.pt\/wp-content\/uploads\/livro-Rua-Dalem.jpg\" alt=\"\" class=\"wp-image-53617\" srcset=\"https:\/\/www.iseg.ulisboa.pt\/wp-content\/uploads\/livro-Rua-Dalem.jpg 524w, https:\/\/www.iseg.ulisboa.pt\/wp-content\/uploads\/livro-Rua-Dalem-218x300.jpg 218w, https:\/\/www.iseg.ulisboa.pt\/wp-content\/uploads\/livro-Rua-Dalem-9x12.jpg 9w\" sizes=\"(max-width: 524px) 100vw, 524px\" \/><\/figure>","protected":false},"excerpt":{"rendered":"On November 29th, at 6pm, ISEG's CGD Auditorium will host the presentation of the book Rua d'Al\u00e9m, by Margarida Chagas Lopes. The presentation [...]","protected":false},"featured_media":53755,"template":"","topic":[1403,3424],"event_type":[1172],"acf":[],"yoast_head":"<!-- This site is optimized with the Yoast SEO plugin v22.6 - https:\/\/yoast.com\/wordpress\/plugins\/seo\/ -->\n<title>Sess\u00e3o de Apresenta\u00e7\u00e3o do livro Rua d&#039;Al\u00e9m - ISEG<\/title>\n<meta name=\"robots\" content=\"index, follow, max-snippet:-1, max-image-preview:large, max-video-preview:-1\" \/>\n<link rel=\"canonical\" href=\"https:\/\/www.iseg.ulisboa.pt\/en\/event\/rua-dalem-book-presentation-session\/\" \/>\n<meta name=\"twitter:label1\" content=\"Est. reading time\" \/>\n\t<meta name=\"twitter:data1\" content=\"1 minute\" \/>\n<script type=\"application\/ld+json\" class=\"yoast-schema-graph\">{\"@context\":\"https:\/\/schema.org\",\"@graph\":[{\"@type\":\"WebPage\",\"@id\":\"https:\/\/www.iseg.ulisboa.pt\/en\/event\/rua-dalem-book-presentation-session\/\",\"url\":\"https:\/\/www.iseg.ulisboa.pt\/en\/event\/rua-dalem-book-presentation-session\/\",\"name\":\"Sess\u00e3o de Apresenta\u00e7\u00e3o do livro Rua d'Al\u00e9m - ISEG\",\"isPartOf\":{\"@id\":\"https:\/\/www.iseg.ulisboa.pt\/en\/#website\"},\"primaryImageOfPage\":{\"@id\":\"https:\/\/www.iseg.ulisboa.pt\/en\/event\/rua-dalem-book-presentation-session\/#primaryimage\"},\"image\":{\"@id\":\"https:\/\/www.iseg.ulisboa.pt\/en\/event\/rua-dalem-book-presentation-session\/#primaryimage\"},\"thumbnailUrl\":\"https:\/\/www.iseg.ulisboa.pt\/wp-content\/uploads\/Rua-DAlem_MetaTag.png\",\"datePublished\":\"2024-11-15T14:19:27+00:00\",\"dateModified\":\"2024-11-25T12:32:15+00:00\",\"breadcrumb\":{\"@id\":\"https:\/\/www.iseg.ulisboa.pt\/en\/event\/rua-dalem-book-presentation-session\/#breadcrumb\"},\"inLanguage\":\"en-US\",\"potentialAction\":[{\"@type\":\"ReadAction\",\"target\":[\"https:\/\/www.iseg.ulisboa.pt\/en\/event\/rua-dalem-book-presentation-session\/\"]}]},{\"@type\":\"ImageObject\",\"inLanguage\":\"en-US\",\"@id\":\"https:\/\/www.iseg.ulisboa.pt\/en\/event\/rua-dalem-book-presentation-session\/#primaryimage\",\"url\":\"https:\/\/www.iseg.ulisboa.pt\/wp-content\/uploads\/Rua-DAlem_MetaTag.png\",\"contentUrl\":\"https:\/\/www.iseg.ulisboa.pt\/wp-content\/uploads\/Rua-DAlem_MetaTag.png\",\"width\":5000,\"height\":2625},{\"@type\":\"BreadcrumbList\",\"@id\":\"https:\/\/www.iseg.ulisboa.pt\/en\/event\/rua-dalem-book-presentation-session\/#breadcrumb\",\"itemListElement\":[{\"@type\":\"ListItem\",\"position\":1,\"name\":\"Home\",\"item\":\"https:\/\/www.iseg.ulisboa.pt\/\"},{\"@type\":\"ListItem\",\"position\":2,\"name\":\"Sess\u00e3o de Apresenta\u00e7\u00e3o do livro Rua d&#8217;Al\u00e9m\"}]},{\"@type\":\"WebSite\",\"@id\":\"https:\/\/www.iseg.ulisboa.pt\/en\/#website\",\"url\":\"https:\/\/www.iseg.ulisboa.pt\/en\/\",\"name\":\"ISEG\",\"description\":\"Lisbon School of Economics &amp; Management\",\"publisher\":{\"@id\":\"https:\/\/www.iseg.ulisboa.pt\/en\/#organization\"},\"potentialAction\":[{\"@type\":\"SearchAction\",\"target\":{\"@type\":\"EntryPoint\",\"urlTemplate\":\"https:\/\/www.iseg.ulisboa.pt\/en\/?s={search_term_string}\"},\"query-input\":\"required name=search_term_string\"}],\"inLanguage\":\"en-US\"},{\"@type\":\"Organization\",\"@id\":\"https:\/\/www.iseg.ulisboa.pt\/en\/#organization\",\"name\":\"ISEG\",\"url\":\"https:\/\/www.iseg.ulisboa.pt\/en\/\",\"logo\":{\"@type\":\"ImageObject\",\"inLanguage\":\"en-US\",\"@id\":\"https:\/\/www.iseg.ulisboa.pt\/en\/#\/schema\/logo\/image\/\",\"url\":\"https:\/\/www.iseg.ulisboa.pt\/wp-content\/uploads\/2021\/02\/iseg-logo-ul.svg\",\"contentUrl\":\"https:\/\/www.iseg.ulisboa.pt\/wp-content\/uploads\/2021\/02\/iseg-logo-ul.svg\",\"width\":250,\"height\":120,\"caption\":\"ISEG\"},\"image\":{\"@id\":\"https:\/\/www.iseg.ulisboa.pt\/en\/#\/schema\/logo\/image\/\"},\"sameAs\":[\"https:\/\/www.facebook.com\/iseg.pt\",\"https:\/\/x.com\/iseglisbon\",\"https:\/\/www.instagram.com\/iseglisbon\/\",\"https:\/\/www.linkedin.com\/school\/iseglisbon\/\",\"https:\/\/www.youtube.com\/user\/DMREISEG\"]}]}<\/script>\n<!-- \/ Yoast SEO plugin. -->","yoast_head_json":{"title":"Presentation of the book Rua d'Al\u00e9m - ISEG","robots":{"index":"index","follow":"follow","max-snippet":"max-snippet:-1","max-image-preview":"max-image-preview:large","max-video-preview":"max-video-preview:-1"},"canonical":"https:\/\/www.iseg.ulisboa.pt\/en\/event\/rua-dalem-book-presentation-session\/","twitter_misc":{"Est. reading time":"1 minute"},"schema":{"@context":"https:\/\/schema.org","@graph":[{"@type":"WebPage","@id":"https:\/\/www.iseg.ulisboa.pt\/en\/event\/rua-dalem-book-presentation-session\/","url":"https:\/\/www.iseg.ulisboa.pt\/en\/event\/rua-dalem-book-presentation-session\/","name":"Presentation of the book Rua d'Al\u00e9m - ISEG","isPartOf":{"@id":"https:\/\/www.iseg.ulisboa.pt\/en\/#website"},"primaryImageOfPage":{"@id":"https:\/\/www.iseg.ulisboa.pt\/en\/event\/rua-dalem-book-presentation-session\/#primaryimage"},"image":{"@id":"https:\/\/www.iseg.ulisboa.pt\/en\/event\/rua-dalem-book-presentation-session\/#primaryimage"},"thumbnailUrl":"https:\/\/www.iseg.ulisboa.pt\/wp-content\/uploads\/Rua-DAlem_MetaTag.png","datePublished":"2024-11-15T14:19:27+00:00","dateModified":"2024-11-25T12:32:15+00:00","breadcrumb":{"@id":"https:\/\/www.iseg.ulisboa.pt\/en\/event\/rua-dalem-book-presentation-session\/#breadcrumb"},"inLanguage":"en-US","potentialAction":[{"@type":"ReadAction","target":["https:\/\/www.iseg.ulisboa.pt\/en\/event\/rua-dalem-book-presentation-session\/"]}]},{"@type":"ImageObject","inLanguage":"en-US","@id":"https:\/\/www.iseg.ulisboa.pt\/en\/event\/rua-dalem-book-presentation-session\/#primaryimage","url":"https:\/\/www.iseg.ulisboa.pt\/wp-content\/uploads\/Rua-DAlem_MetaTag.png","contentUrl":"https:\/\/www.iseg.ulisboa.pt\/wp-content\/uploads\/Rua-DAlem_MetaTag.png","width":5000,"height":2625},{"@type":"BreadcrumbList","@id":"https:\/\/www.iseg.ulisboa.pt\/en\/event\/rua-dalem-book-presentation-session\/#breadcrumb","itemListElement":[{"@type":"ListItem","position":1,"name":"Home","item":"https:\/\/www.iseg.ulisboa.pt\/"},{"@type":"ListItem","position":2,"name":"Sess\u00e3o de Apresenta\u00e7\u00e3o do livro Rua d&#8217;Al\u00e9m"}]},{"@type":"WebSite","@id":"https:\/\/www.iseg.ulisboa.pt\/en\/#website","url":"https:\/\/www.iseg.ulisboa.pt\/en\/","name":"ISEG","description":"Lisbon School of Economics &amp; Management","publisher":{"@id":"https:\/\/www.iseg.ulisboa.pt\/en\/#organization"},"potentialAction":[{"@type":"SearchAction","target":{"@type":"EntryPoint","urlTemplate":"https:\/\/www.iseg.ulisboa.pt\/en\/?s={search_term_string}"},"query-input":"required name=search_term_string"}],"inLanguage":"en-US"},{"@type":"Organization","@id":"https:\/\/www.iseg.ulisboa.pt\/en\/#organization","name":"ISEG","url":"https:\/\/www.iseg.ulisboa.pt\/en\/","logo":{"@type":"ImageObject","inLanguage":"en-US","@id":"https:\/\/www.iseg.ulisboa.pt\/en\/#\/schema\/logo\/image\/","url":"https:\/\/www.iseg.ulisboa.pt\/wp-content\/uploads\/2021\/02\/iseg-logo-ul.svg","contentUrl":"https:\/\/www.iseg.ulisboa.pt\/wp-content\/uploads\/2021\/02\/iseg-logo-ul.svg","width":250,"height":120,"caption":"ISEG"},"image":{"@id":"https:\/\/www.iseg.ulisboa.pt\/en\/#\/schema\/logo\/image\/"},"sameAs":["https:\/\/www.facebook.com\/iseg.pt","https:\/\/x.com\/iseglisbon","https:\/\/www.instagram.com\/iseglisbon\/","https:\/\/www.linkedin.com\/school\/iseglisbon\/","https:\/\/www.youtube.com\/user\/DMREISEG"]}]}},"uagb_featured_image_src":{"full":["https:\/\/www.iseg.ulisboa.pt\/wp-content\/uploads\/Rua-DAlem_MetaTag.png",5000,2625,false],"thumbnail":["https:\/\/www.iseg.ulisboa.pt\/wp-content\/uploads\/Rua-DAlem_MetaTag-150x150.png",150,150,true],"medium":["https:\/\/www.iseg.ulisboa.pt\/wp-content\/uploads\/Rua-DAlem_MetaTag-300x158.png",300,158,true],"medium_large":["https:\/\/www.iseg.ulisboa.pt\/wp-content\/uploads\/Rua-DAlem_MetaTag.png",768,403,false],"large":["https:\/\/www.iseg.ulisboa.pt\/wp-content\/uploads\/Rua-DAlem_MetaTag.png",1024,538,false],"1536x1536":["https:\/\/www.iseg.ulisboa.pt\/wp-content\/uploads\/Rua-DAlem_MetaTag-1536x806.png",1536,806,true],"2048x2048":["https:\/\/www.iseg.ulisboa.pt\/wp-content\/uploads\/Rua-DAlem_MetaTag-2048x1075.png",2048,1075,true],"trp-custom-language-flag":["https:\/\/www.iseg.ulisboa.pt\/wp-content\/uploads\/Rua-DAlem_MetaTag-18x9.png",18,9,true]},"uagb_author_info":{"display_name":"paulamonteiro","author_link":"https:\/\/www.iseg.ulisboa.pt\/en\/author\/"},"uagb_comment_info":0,"uagb_excerpt":"No pr\u00f3ximo dia 29 de novembro, \u00e0s 18h00, o no Audit\u00f3rio CGD do ISEG ser\u00e1 palco da apresenta\u00e7\u00e3o do livro Rua d\u2019Al\u00e9m, da autoria de Margarida Chagas Lopes. A apresenta\u00e7\u00e3o&nbsp;[...]","_links":{"self":[{"href":"https:\/\/www.iseg.ulisboa.pt\/en\/wp-json\/wp\/v2\/event\/53616"}],"collection":[{"href":"https:\/\/www.iseg.ulisboa.pt\/en\/wp-json\/wp\/v2\/event"}],"about":[{"href":"https:\/\/www.iseg.ulisboa.pt\/en\/wp-json\/wp\/v2\/types\/event"}],"version-history":[{"count":0,"href":"https:\/\/www.iseg.ulisboa.pt\/en\/wp-json\/wp\/v2\/event\/53616\/revisions"}],"wp:featuredmedia":[{"embeddable":true,"href":"https:\/\/www.iseg.ulisboa.pt\/en\/wp-json\/wp\/v2\/media\/53755"}],"wp:attachment":[{"href":"https:\/\/www.iseg.ulisboa.pt\/en\/wp-json\/wp\/v2\/media?parent=53616"}],"wp:term":[{"taxonomy":"topic","embeddable":true,"href":"https:\/\/www.iseg.ulisboa.pt\/en\/wp-json\/wp\/v2\/topic?post=53616"},{"taxonomy":"event_type","embeddable":true,"href":"https:\/\/www.iseg.ulisboa.pt\/en\/wp-json\/wp\/v2\/event_type?post=53616"}],"curies":[{"name":"wp","href":"https:\/\/api.w.org\/{rel}","templated":true}]}}

Presentation of the book 'Rua d'Além'

<p>On <strong>29th November</strong>, at <strong>18.00</strong>, the <strong>in the CGD Auditorium</strong> , ISEG will host the presentation of the book<strong> 'Rua d'Além'</strong>, by <strong>Margarida Chagas Lopes</strong>.</p>



<p>The book will be presented by <a href="https://www.iseg.ulisboa.pt/en/faculty-2/sara-falcao-cacaacaaca/" target="_blank" rel="noreferrer noopener"><strong>Sara Falcão Casaca</strong></a>, an ISEG professor, and <strong>Miguel Montez Leal</strong>professor at the New University of Lisbon.</p>



<p>As part of the event, there will also be a <strong>special musical moment</strong>, featuring Lourenço Reigado (alto saxophone) and Duarte Reigado (horizontal flute).</p>



<p>Free admission.</p>



<figure class="wp-block-image size-full"><img loading="lazy" decoding="async" width="524" height="720" src="https://www.iseg.ulisboa.pt/wp-content/uploads/livro-Rua-Dalem.jpg" alt="" class="wp-image-53617" srcset="https://www.iseg.ulisboa.pt/wp-content/uploads/livro-Rua-Dalem.jpg 524w, https://www.iseg.ulisboa.pt/wp-content/uploads/livro-Rua-Dalem-218x300.jpg 218w, https://www.iseg.ulisboa.pt/wp-content/uploads/livro-Rua-Dalem-9x12.jpg 9w" sizes="(max-width: 524px) 100vw, 524px" /></figure>

On November 29th, at 6pm, ISEG's CGD Auditorium will host the presentation of the book Rua d'Além, by Margarida Chagas Lopes. The presentation [...]

<!-- This site is optimized with the Yoast SEO plugin v22.6 - https://yoast.com/wordpress/plugins/seo/ -->
<title>Sessão de Apresentação do livro Rua d&#039;Além - ISEG</title>
<meta name="robots" content="index, follow, max-snippet:-1, max-image-preview:large, max-video-preview:-1" />
<link rel="canonical" href="https://www.iseg.ulisboa.pt/en/event/rua-dalem-book-presentation-session/" />
<meta name="twitter:label1" content="Est. reading time" />
	<meta name="twitter:data1" content="1 minute" />
<script type="application/ld+json" class="yoast-schema-graph">{"@context":"https://schema.org","@graph":[{"@type":"WebPage","@id":"https://www.iseg.ulisboa.pt/en/event/rua-dalem-book-presentation-session/","url":"https://www.iseg.ulisboa.pt/en/event/rua-dalem-book-presentation-session/","name":"Sessão de Apresentação do livro Rua d'Além - ISEG","isPartOf":{"@id":"https://www.iseg.ulisboa.pt/en/#website"},"primaryImageOfPage":{"@id":"https://www.iseg.ulisboa.pt/en/event/rua-dalem-book-presentation-session/#primaryimage"},"image":{"@id":"https://www.iseg.ulisboa.pt/en/event/rua-dalem-book-presentation-session/#primaryimage"},"thumbnailUrl":"https://www.iseg.ulisboa.pt/wp-content/uploads/Rua-DAlem_MetaTag.png","datePublished":"2024-11-15T14:19:27+00:00","dateModified":"2024-11-25T12:32:15+00:00","breadcrumb":{"@id":"https://www.iseg.ulisboa.pt/en/event/rua-dalem-book-presentation-session/#breadcrumb"},"inLanguage":"en-US","potentialAction":[{"@type":"ReadAction","target":["https://www.iseg.ulisboa.pt/en/event/rua-dalem-book-presentation-session/"]}]},{"@type":"ImageObject","inLanguage":"en-US","@id":"https://www.iseg.ulisboa.pt/en/event/rua-dalem-book-presentation-session/#primaryimage","url":"https://www.iseg.ulisboa.pt/wp-content/uploads/Rua-DAlem_MetaTag.png","contentUrl":"https://www.iseg.ulisboa.pt/wp-content/uploads/Rua-DAlem_MetaTag.png","width":5000,"height":2625},{"@type":"BreadcrumbList","@id":"https://www.iseg.ulisboa.pt/en/event/rua-dalem-book-presentation-session/#breadcrumb","itemListElement":[{"@type":"ListItem","position":1,"name":"Home","item":"https://www.iseg.ulisboa.pt/"},{"@type":"ListItem","position":2,"name":"Sessão de Apresentação do livro Rua d&#8217;Além"}]},{"@type":"WebSite","@id":"https://www.iseg.ulisboa.pt/en/#website","url":"https://www.iseg.ulisboa.pt/en/","name":"ISEG","description":"Lisbon School of Economics &amp; Management","publisher":{"@id":"https://www.iseg.ulisboa.pt/en/#organization"},"potentialAction":[{"@type":"SearchAction","target":{"@type":"EntryPoint","urlTemplate":"https://www.iseg.ulisboa.pt/en/?s={search_term_string}"},"query-input":"required name=search_term_string"}],"inLanguage":"en-US"},{"@type":"Organization","@id":"https://www.iseg.ulisboa.pt/en/#organization","name":"ISEG","url":"https://www.iseg.ulisboa.pt/en/","logo":{"@type":"ImageObject","inLanguage":"en-US","@id":"https://www.iseg.ulisboa.pt/en/#/schema/logo/image/","url":"https://www.iseg.ulisboa.pt/wp-content/uploads/2021/02/iseg-logo-ul.svg","contentUrl":"https://www.iseg.ulisboa.pt/wp-content/uploads/2021/02/iseg-logo-ul.svg","width":250,"height":120,"caption":"ISEG"},"image":{"@id":"https://www.iseg.ulisboa.pt/en/#/schema/logo/image/"},"sameAs":["https://www.facebook.com/iseg.pt","https://x.com/iseglisbon","https://www.instagram.com/iseglisbon/","https://www.linkedin.com/school/iseglisbon/","https://www.youtube.com/user/DMREISEG"]}]}</script>
<!-- / Yoast SEO plugin. -->

Presentation of the book Rua d'Além - ISEG

Sessão de Apresentação do livro Rua d&#8217;Além

No próximo dia 29 de novembro, às 18h00, o no Auditório CGD do ISEG será palco da apresentação do livro Rua d’Além, da autoria de Margarida Chagas Lopes. A apresentação&nbsp;[...]
