{"id":54597,"date":"2025-01-06T17:20:00","date_gmt":"2025-01-06T17:20:00","guid":{"rendered":"https:\/\/www.iseg.ulisboa.pt\/?post_type=event&#038;p=54597"},"modified":"2025-04-01T17:03:03","modified_gmt":"2025-04-01T17:03:03","slug":"cinema-and-decolonization-cycle-4th-session","status":"publish","type":"event","link":"https:\/\/www.iseg.ulisboa.pt\/en\/event\/cinema-and-decolonization-cycle-4th-session\/","title":{"rendered":"Cycle of Cinema and Decolonization | Screening of the documentary 'Fogo no Lodo'"},"content":{"rendered":"<p class=\"translation-block\"><strong>Unal<\/strong> is a village in Guinea-Bissau, <strong>where essential food is confronted with memories of the war<\/strong>. This is a land of rice producers, who were the ones in the front line during the <strong>struggle for freedom from colonial ties<\/strong> who were castrating their country, mobilizing their ancestors (known as \"Iranians\") in the armed revolt that still marks the memories of that time today.<\/p>\n\n\n\n<p>From plowing to harvesting, <strong>every step of rice cultivation is full of war memories<\/strong>, which still influence the day-to-day life of the village and have an impact on it ..... <strong>rituals, bodies, landscapes... and techno music.<\/strong><\/p>\n\n\n\n<p class=\"translation-block\">In the aftermath of the armed conflict, <strong>a group of soldiers is possessed by a messianic vision<\/strong> nicknamed \"The Shadow\", who granted them <strong>the power to predict the future and heal villagers<\/strong>, using bush plants and talismanic writings.<\/p>\n\n\n\n<p class=\"translation-block\"><strong>'<em>Fogo no Lodo'<\/em><\/strong> (Fire in the Mud) is made by <strong>Catarina Laranjeiro and Daniel Barroca<\/strong>.<\/p>\n\n\n\n<p>The session will take place on <strong>April 5th, at the<\/strong>\u00a0<strong>National Anthropology Museum (Av. da Ilha da Madeira, Lisbon),  at 10.00. Free admission.<\/strong> After the screening of the documentary, there will be a debate with both directors, as well as the writer <strong>Amadu Daf\u00e9<\/strong> and the filmmaker and writer <strong>On\u00e9sio Soda<\/strong>.<\/p>\n\n\n\n<p>Organisation: CEsA - Centre for African and Development Studies.<\/p>\n\n\n\n<p><\/p>","protected":false},"excerpt":{"rendered":"Unal, a village in Guinea-Bissau where an essential food crosses paths with memories of war. A land of rice farmers, it was they who took the front line in the struggle [...]","protected":false},"featured_media":58300,"template":"","topic":[1403,1401],"event_type":[1180],"acf":[],"yoast_head":"<!-- This site is optimized with the Yoast SEO plugin v22.6 - https:\/\/yoast.com\/wordpress\/plugins\/seo\/ -->\n<title>Ciclo de Cinema e Descoloniza\u00e7\u00e3o | Proje\u00e7\u00e3o do document\u00e1rio Fogo no Lodo - ISEG<\/title>\n<meta name=\"robots\" content=\"index, follow, max-snippet:-1, max-image-preview:large, max-video-preview:-1\" \/>\n<link rel=\"canonical\" href=\"https:\/\/www.iseg.ulisboa.pt\/en\/event\/cinema-and-decolonization-cycle-4th-session\/\" \/>\n<meta name=\"twitter:label1\" content=\"Est. reading time\" \/>\n\t<meta name=\"twitter:data1\" content=\"2 minutes\" \/>\n<script type=\"application\/ld+json\" class=\"yoast-schema-graph\">{\"@context\":\"https:\/\/schema.org\",\"@graph\":[{\"@type\":\"WebPage\",\"@id\":\"https:\/\/www.iseg.ulisboa.pt\/en\/event\/cinema-and-decolonization-cycle-4th-session\/\",\"url\":\"https:\/\/www.iseg.ulisboa.pt\/en\/event\/cinema-and-decolonization-cycle-4th-session\/\",\"name\":\"Ciclo de Cinema e Descoloniza\u00e7\u00e3o | Proje\u00e7\u00e3o do document\u00e1rio Fogo no Lodo - ISEG\",\"isPartOf\":{\"@id\":\"https:\/\/www.iseg.ulisboa.pt\/en\/#website\"},\"primaryImageOfPage\":{\"@id\":\"https:\/\/www.iseg.ulisboa.pt\/en\/event\/cinema-and-decolonization-cycle-4th-session\/#primaryimage\"},\"image\":{\"@id\":\"https:\/\/www.iseg.ulisboa.pt\/en\/event\/cinema-and-decolonization-cycle-4th-session\/#primaryimage\"},\"thumbnailUrl\":\"https:\/\/www.iseg.ulisboa.pt\/wp-content\/uploads\/banner_site_fogo_no_lodo_5_abril_v3.png\",\"datePublished\":\"2025-01-06T17:20:00+00:00\",\"dateModified\":\"2025-04-01T17:03:03+00:00\",\"breadcrumb\":{\"@id\":\"https:\/\/www.iseg.ulisboa.pt\/en\/event\/cinema-and-decolonization-cycle-4th-session\/#breadcrumb\"},\"inLanguage\":\"en-US\",\"potentialAction\":[{\"@type\":\"ReadAction\",\"target\":[\"https:\/\/www.iseg.ulisboa.pt\/en\/event\/cinema-and-decolonization-cycle-4th-session\/\"]}]},{\"@type\":\"ImageObject\",\"inLanguage\":\"en-US\",\"@id\":\"https:\/\/www.iseg.ulisboa.pt\/en\/event\/cinema-and-decolonization-cycle-4th-session\/#primaryimage\",\"url\":\"https:\/\/www.iseg.ulisboa.pt\/wp-content\/uploads\/banner_site_fogo_no_lodo_5_abril_v3.png\",\"contentUrl\":\"https:\/\/www.iseg.ulisboa.pt\/wp-content\/uploads\/banner_site_fogo_no_lodo_5_abril_v3.png\",\"width\":1200,\"height\":675},{\"@type\":\"BreadcrumbList\",\"@id\":\"https:\/\/www.iseg.ulisboa.pt\/en\/event\/cinema-and-decolonization-cycle-4th-session\/#breadcrumb\",\"itemListElement\":[{\"@type\":\"ListItem\",\"position\":1,\"name\":\"Home\",\"item\":\"https:\/\/www.iseg.ulisboa.pt\/\"},{\"@type\":\"ListItem\",\"position\":2,\"name\":\"Ciclo de Cinema e Descoloniza\u00e7\u00e3o | Proje\u00e7\u00e3o do document\u00e1rio Fogo no Lodo\"}]},{\"@type\":\"WebSite\",\"@id\":\"https:\/\/www.iseg.ulisboa.pt\/en\/#website\",\"url\":\"https:\/\/www.iseg.ulisboa.pt\/en\/\",\"name\":\"ISEG\",\"description\":\"Lisbon School of Economics &amp; Management\",\"publisher\":{\"@id\":\"https:\/\/www.iseg.ulisboa.pt\/en\/#organization\"},\"potentialAction\":[{\"@type\":\"SearchAction\",\"target\":{\"@type\":\"EntryPoint\",\"urlTemplate\":\"https:\/\/www.iseg.ulisboa.pt\/en\/?s={search_term_string}\"},\"query-input\":\"required name=search_term_string\"}],\"inLanguage\":\"en-US\"},{\"@type\":\"Organization\",\"@id\":\"https:\/\/www.iseg.ulisboa.pt\/en\/#organization\",\"name\":\"ISEG\",\"url\":\"https:\/\/www.iseg.ulisboa.pt\/en\/\",\"logo\":{\"@type\":\"ImageObject\",\"inLanguage\":\"en-US\",\"@id\":\"https:\/\/www.iseg.ulisboa.pt\/en\/#\/schema\/logo\/image\/\",\"url\":\"https:\/\/www.iseg.ulisboa.pt\/wp-content\/uploads\/2021\/02\/iseg-logo-ul.svg\",\"contentUrl\":\"https:\/\/www.iseg.ulisboa.pt\/wp-content\/uploads\/2021\/02\/iseg-logo-ul.svg\",\"width\":250,\"height\":120,\"caption\":\"ISEG\"},\"image\":{\"@id\":\"https:\/\/www.iseg.ulisboa.pt\/en\/#\/schema\/logo\/image\/\"},\"sameAs\":[\"https:\/\/www.facebook.com\/iseg.pt\",\"https:\/\/x.com\/iseglisbon\",\"https:\/\/www.instagram.com\/iseglisbon\/\",\"https:\/\/www.linkedin.com\/school\/iseglisbon\/\",\"https:\/\/www.youtube.com\/user\/DMREISEG\"]}]}<\/script>\n<!-- \/ Yoast SEO plugin. -->","yoast_head_json":{"title":"Cycle of Cinema and Decolonization | Screening of the documentary Fogo no Lodo - ISEG","robots":{"index":"index","follow":"follow","max-snippet":"max-snippet:-1","max-image-preview":"max-image-preview:large","max-video-preview":"max-video-preview:-1"},"canonical":"https:\/\/www.iseg.ulisboa.pt\/en\/event\/cinema-and-decolonization-cycle-4th-session\/","twitter_misc":{"Est. reading time":"2 minutes"},"schema":{"@context":"https:\/\/schema.org","@graph":[{"@type":"WebPage","@id":"https:\/\/www.iseg.ulisboa.pt\/en\/event\/cinema-and-decolonization-cycle-4th-session\/","url":"https:\/\/www.iseg.ulisboa.pt\/en\/event\/cinema-and-decolonization-cycle-4th-session\/","name":"Cycle of Cinema and Decolonization | Screening of the documentary Fogo no Lodo - ISEG","isPartOf":{"@id":"https:\/\/www.iseg.ulisboa.pt\/en\/#website"},"primaryImageOfPage":{"@id":"https:\/\/www.iseg.ulisboa.pt\/en\/event\/cinema-and-decolonization-cycle-4th-session\/#primaryimage"},"image":{"@id":"https:\/\/www.iseg.ulisboa.pt\/en\/event\/cinema-and-decolonization-cycle-4th-session\/#primaryimage"},"thumbnailUrl":"https:\/\/www.iseg.ulisboa.pt\/wp-content\/uploads\/banner_site_fogo_no_lodo_5_abril_v3.png","datePublished":"2025-01-06T17:20:00+00:00","dateModified":"2025-04-01T17:03:03+00:00","breadcrumb":{"@id":"https:\/\/www.iseg.ulisboa.pt\/en\/event\/cinema-and-decolonization-cycle-4th-session\/#breadcrumb"},"inLanguage":"en-US","potentialAction":[{"@type":"ReadAction","target":["https:\/\/www.iseg.ulisboa.pt\/en\/event\/cinema-and-decolonization-cycle-4th-session\/"]}]},{"@type":"ImageObject","inLanguage":"en-US","@id":"https:\/\/www.iseg.ulisboa.pt\/en\/event\/cinema-and-decolonization-cycle-4th-session\/#primaryimage","url":"https:\/\/www.iseg.ulisboa.pt\/wp-content\/uploads\/banner_site_fogo_no_lodo_5_abril_v3.png","contentUrl":"https:\/\/www.iseg.ulisboa.pt\/wp-content\/uploads\/banner_site_fogo_no_lodo_5_abril_v3.png","width":1200,"height":675},{"@type":"BreadcrumbList","@id":"https:\/\/www.iseg.ulisboa.pt\/en\/event\/cinema-and-decolonization-cycle-4th-session\/#breadcrumb","itemListElement":[{"@type":"ListItem","position":1,"name":"Home","item":"https:\/\/www.iseg.ulisboa.pt\/"},{"@type":"ListItem","position":2,"name":"Ciclo de Cinema e Descoloniza\u00e7\u00e3o | Proje\u00e7\u00e3o do document\u00e1rio Fogo no Lodo"}]},{"@type":"WebSite","@id":"https:\/\/www.iseg.ulisboa.pt\/en\/#website","url":"https:\/\/www.iseg.ulisboa.pt\/en\/","name":"ISEG","description":"Lisbon School of Economics &amp; Management","publisher":{"@id":"https:\/\/www.iseg.ulisboa.pt\/en\/#organization"},"potentialAction":[{"@type":"SearchAction","target":{"@type":"EntryPoint","urlTemplate":"https:\/\/www.iseg.ulisboa.pt\/en\/?s={search_term_string}"},"query-input":"required name=search_term_string"}],"inLanguage":"en-US"},{"@type":"Organization","@id":"https:\/\/www.iseg.ulisboa.pt\/en\/#organization","name":"ISEG","url":"https:\/\/www.iseg.ulisboa.pt\/en\/","logo":{"@type":"ImageObject","inLanguage":"en-US","@id":"https:\/\/www.iseg.ulisboa.pt\/en\/#\/schema\/logo\/image\/","url":"https:\/\/www.iseg.ulisboa.pt\/wp-content\/uploads\/2021\/02\/iseg-logo-ul.svg","contentUrl":"https:\/\/www.iseg.ulisboa.pt\/wp-content\/uploads\/2021\/02\/iseg-logo-ul.svg","width":250,"height":120,"caption":"ISEG"},"image":{"@id":"https:\/\/www.iseg.ulisboa.pt\/en\/#\/schema\/logo\/image\/"},"sameAs":["https:\/\/www.facebook.com\/iseg.pt","https:\/\/x.com\/iseglisbon","https:\/\/www.instagram.com\/iseglisbon\/","https:\/\/www.linkedin.com\/school\/iseglisbon\/","https:\/\/www.youtube.com\/user\/DMREISEG"]}]}},"uagb_featured_image_src":{"full":["https:\/\/www.iseg.ulisboa.pt\/wp-content\/uploads\/banner_site_fogo_no_lodo_5_abril_v3.png",1200,675,false],"thumbnail":["https:\/\/www.iseg.ulisboa.pt\/wp-content\/uploads\/banner_site_fogo_no_lodo_5_abril_v3-150x150.png",150,150,true],"medium":["https:\/\/www.iseg.ulisboa.pt\/wp-content\/uploads\/banner_site_fogo_no_lodo_5_abril_v3-300x169.png",300,169,true],"medium_large":["https:\/\/www.iseg.ulisboa.pt\/wp-content\/uploads\/banner_site_fogo_no_lodo_5_abril_v3.png",768,432,false],"large":["https:\/\/www.iseg.ulisboa.pt\/wp-content\/uploads\/banner_site_fogo_no_lodo_5_abril_v3.png",1024,576,false],"1536x1536":["https:\/\/www.iseg.ulisboa.pt\/wp-content\/uploads\/banner_site_fogo_no_lodo_5_abril_v3.png",1200,675,false],"2048x2048":["https:\/\/www.iseg.ulisboa.pt\/wp-content\/uploads\/banner_site_fogo_no_lodo_5_abril_v3.png",1200,675,false],"trp-custom-language-flag":["https:\/\/www.iseg.ulisboa.pt\/wp-content\/uploads\/banner_site_fogo_no_lodo_5_abril_v3-18x10.png",18,10,true]},"uagb_author_info":{"display_name":"joeljoaquim","author_link":"https:\/\/www.iseg.ulisboa.pt\/en\/author\/"},"uagb_comment_info":0,"uagb_excerpt":"Unal, uma aldeia na Guin\u00e9-Bissau onde um alimento essencial se cruza com mem\u00f3rias de guerra. Terra de produtores de arroz, foram estes a assumir a linha da frente na luta&nbsp;[...]","_links":{"self":[{"href":"https:\/\/www.iseg.ulisboa.pt\/en\/wp-json\/wp\/v2\/event\/54597"}],"collection":[{"href":"https:\/\/www.iseg.ulisboa.pt\/en\/wp-json\/wp\/v2\/event"}],"about":[{"href":"https:\/\/www.iseg.ulisboa.pt\/en\/wp-json\/wp\/v2\/types\/event"}],"version-history":[{"count":0,"href":"https:\/\/www.iseg.ulisboa.pt\/en\/wp-json\/wp\/v2\/event\/54597\/revisions"}],"wp:featuredmedia":[{"embeddable":true,"href":"https:\/\/www.iseg.ulisboa.pt\/en\/wp-json\/wp\/v2\/media\/58300"}],"wp:attachment":[{"href":"https:\/\/www.iseg.ulisboa.pt\/en\/wp-json\/wp\/v2\/media?parent=54597"}],"wp:term":[{"taxonomy":"topic","embeddable":true,"href":"https:\/\/www.iseg.ulisboa.pt\/en\/wp-json\/wp\/v2\/topic?post=54597"},{"taxonomy":"event_type","embeddable":true,"href":"https:\/\/www.iseg.ulisboa.pt\/en\/wp-json\/wp\/v2\/event_type?post=54597"}],"curies":[{"name":"wp","href":"https:\/\/api.w.org\/{rel}","templated":true}]}}

<p class="translation-block"><strong>Unal</strong> is a village in Guinea-Bissau, <strong>where essential food is confronted with memories of the war</strong>. This is a land of rice producers, who were the ones in the front line during the <strong>struggle for freedom from colonial ties</strong> who were castrating their country, mobilizing their ancestors (known as "Iranians") in the armed revolt that still marks the memories of that time today.</p>



<p>From plowing to harvesting, <strong>every step of rice cultivation is full of war memories</strong>, which still influence the day-to-day life of the village and have an impact on it ..... <strong>rituals, bodies, landscapes... and techno music.</strong></p>



<p class="translation-block">In the aftermath of the armed conflict, <strong>a group of soldiers is possessed by a messianic vision</strong> nicknamed "The Shadow", who granted them <strong>the power to predict the future and heal villagers</strong>, using bush plants and talismanic writings.</p>



<p class="translation-block"><strong>'<em>Fogo no Lodo'</em></strong> (Fire in the Mud) is made by <strong>Catarina Laranjeiro and Daniel Barroca</strong>.</p>



<p>The session will take place on <strong>April 5th, at the</strong> <strong>National Anthropology Museum (Av. da Ilha da Madeira, Lisbon),  at 10.00. Free admission.</strong> After the screening of the documentary, there will be a debate with both directors, as well as the writer <strong>Amadu Dafé</strong> and the filmmaker and writer <strong>Onésio Soda</strong>.</p>



<p>Organisation: CEsA - Centre for African and Development Studies.</p>



<p></p>

<!-- This site is optimized with the Yoast SEO plugin v22.6 - https://yoast.com/wordpress/plugins/seo/ -->
<title>Ciclo de Cinema e Descolonização | Projeção do documentário Fogo no Lodo - ISEG</title>
<meta name="robots" content="index, follow, max-snippet:-1, max-image-preview:large, max-video-preview:-1" />
<link rel="canonical" href="https://www.iseg.ulisboa.pt/en/event/cinema-and-decolonization-cycle-4th-session/" />
<meta name="twitter:label1" content="Est. reading time" />
	<meta name="twitter:data1" content="2 minutes" />
<script type="application/ld+json" class="yoast-schema-graph">{"@context":"https://schema.org","@graph":[{"@type":"WebPage","@id":"https://www.iseg.ulisboa.pt/en/event/cinema-and-decolonization-cycle-4th-session/","url":"https://www.iseg.ulisboa.pt/en/event/cinema-and-decolonization-cycle-4th-session/","name":"Ciclo de Cinema e Descolonização | Projeção do documentário Fogo no Lodo - ISEG","isPartOf":{"@id":"https://www.iseg.ulisboa.pt/en/#website"},"primaryImageOfPage":{"@id":"https://www.iseg.ulisboa.pt/en/event/cinema-and-decolonization-cycle-4th-session/#primaryimage"},"image":{"@id":"https://www.iseg.ulisboa.pt/en/event/cinema-and-decolonization-cycle-4th-session/#primaryimage"},"thumbnailUrl":"https://www.iseg.ulisboa.pt/wp-content/uploads/banner_site_fogo_no_lodo_5_abril_v3.png","datePublished":"2025-01-06T17:20:00+00:00","dateModified":"2025-04-01T17:03:03+00:00","breadcrumb":{"@id":"https://www.iseg.ulisboa.pt/en/event/cinema-and-decolonization-cycle-4th-session/#breadcrumb"},"inLanguage":"en-US","potentialAction":[{"@type":"ReadAction","target":["https://www.iseg.ulisboa.pt/en/event/cinema-and-decolonization-cycle-4th-session/"]}]},{"@type":"ImageObject","inLanguage":"en-US","@id":"https://www.iseg.ulisboa.pt/en/event/cinema-and-decolonization-cycle-4th-session/#primaryimage","url":"https://www.iseg.ulisboa.pt/wp-content/uploads/banner_site_fogo_no_lodo_5_abril_v3.png","contentUrl":"https://www.iseg.ulisboa.pt/wp-content/uploads/banner_site_fogo_no_lodo_5_abril_v3.png","width":1200,"height":675},{"@type":"BreadcrumbList","@id":"https://www.iseg.ulisboa.pt/en/event/cinema-and-decolonization-cycle-4th-session/#breadcrumb","itemListElement":[{"@type":"ListItem","position":1,"name":"Home","item":"https://www.iseg.ulisboa.pt/"},{"@type":"ListItem","position":2,"name":"Ciclo de Cinema e Descolonização | Projeção do documentário Fogo no Lodo"}]},{"@type":"WebSite","@id":"https://www.iseg.ulisboa.pt/en/#website","url":"https://www.iseg.ulisboa.pt/en/","name":"ISEG","description":"Lisbon School of Economics &amp; Management","publisher":{"@id":"https://www.iseg.ulisboa.pt/en/#organization"},"potentialAction":[{"@type":"SearchAction","target":{"@type":"EntryPoint","urlTemplate":"https://www.iseg.ulisboa.pt/en/?s={search_term_string}"},"query-input":"required name=search_term_string"}],"inLanguage":"en-US"},{"@type":"Organization","@id":"https://www.iseg.ulisboa.pt/en/#organization","name":"ISEG","url":"https://www.iseg.ulisboa.pt/en/","logo":{"@type":"ImageObject","inLanguage":"en-US","@id":"https://www.iseg.ulisboa.pt/en/#/schema/logo/image/","url":"https://www.iseg.ulisboa.pt/wp-content/uploads/2021/02/iseg-logo-ul.svg","contentUrl":"https://www.iseg.ulisboa.pt/wp-content/uploads/2021/02/iseg-logo-ul.svg","width":250,"height":120,"caption":"ISEG"},"image":{"@id":"https://www.iseg.ulisboa.pt/en/#/schema/logo/image/"},"sameAs":["https://www.facebook.com/iseg.pt","https://x.com/iseglisbon","https://www.instagram.com/iseglisbon/","https://www.linkedin.com/school/iseglisbon/","https://www.youtube.com/user/DMREISEG"]}]}</script>
<!-- / Yoast SEO plugin. -->

Ciclo de Cinema e Descolonização | Projeção do documentário Fogo no Lodo

Unal, uma aldeia na Guiné-Bissau onde um alimento essencial se cruza com memórias de guerra. Terra de produtores de arroz, foram estes a assumir a linha da frente na luta&nbsp;[...]
