{"id":55898,"date":"2025-02-05T16:17:00","date_gmt":"2025-02-05T16:17:00","guid":{"rendered":"https:\/\/www.iseg.ulisboa.pt\/?post_type=event&#038;p=55898"},"modified":"2025-02-11T10:35:32","modified_gmt":"2025-02-11T10:35:32","slug":"iseg-seminar-i2030-industrial-policy-in-developing-countries","status":"publish","type":"event","link":"https:\/\/www.iseg.ulisboa.pt\/en\/event\/iseg-seminar-i2030-industrial-policy-in-developing-countries\/","title":{"rendered":"ISEG i2030 Seminar | 'Industrial Policy in Developing Countries'"},"content":{"rendered":"<p class=\"translation-block\">On <strong>February 26 (Wednesday)<\/strong>,  another session of the <strong><a href=\"https:\/\/www.iseg.ulisboa.pt\/en\/2025\/02\/iseg-seminars-i2030-edition-2025\/\" target=\"_blank\" rel=\"noreferrer noopener\">2025 edition of the ISEG i2030 Seminars<\/strong><\/a> will be held. The topic of industrial policy in developing countries will be debated.<\/p>\n\n\n\n<p><strong>Helena Valente<\/strong>,<strong> <\/strong><em>Chief Operating Officer <\/em>of 'CESO Development Consultants', will be the <em>keynote speaker<\/em> of <strong><em>'Industrial Policy in Developing Countries'<\/em><\/strong>, which will take place at <strong>ISEG's Amphitheater 2<\/strong> (Francesinhas Building 1),<strong> starting from 6:30 pm<\/strong>.<\/p>\n\n\n\n<p class=\"translation-block\"><strong>ISEG's i2030 Seminars<\/strong> will take place as part of the Master's Degree in <strong><a href=\"https:\/\/www.iseg.ulisboa.pt\/en\/study\/masters\/management-and-industrial-strategy\/\" target=\"_blank\" rel=\"noreferrer noopener\">Industrial Management, Operations and Sustainability<\/a><\/strong>. The sessions will be conducted in English, open to the general public<\/strong> and feature a range of speakers and guests from such different fields as education, telecom, energy or local administration.<\/p>\n\n\n\n<p><strong>Admission is free,<\/strong>&nbsp;<strong>subject to the maximum capacity of the room<\/strong>.<\/p>\n\n\n\n<figure class=\"wp-block-image size-full\"><img loading=\"lazy\" decoding=\"async\" width=\"5001\" height=\"2626\" src=\"https:\/\/www.iseg.ulisboa.pt\/wp-content\/uploads\/Seminarsi2030_MetaTag.png\" alt=\"\" class=\"wp-image-55841\" srcset=\"https:\/\/www.iseg.ulisboa.pt\/wp-content\/uploads\/Seminarsi2030_MetaTag.png 5001w, https:\/\/www.iseg.ulisboa.pt\/wp-content\/uploads\/Seminarsi2030_MetaTag-300x158.png 300w, https:\/\/www.iseg.ulisboa.pt\/wp-content\/uploads\/Seminarsi2030_MetaTag-1536x807.png 1536w, https:\/\/www.iseg.ulisboa.pt\/wp-content\/uploads\/Seminarsi2030_MetaTag-2048x1075.png 2048w, https:\/\/www.iseg.ulisboa.pt\/wp-content\/uploads\/Seminarsi2030_MetaTag-18x9.png 18w\" sizes=\"(max-width: 5001px) 100vw, 5001px\" \/><\/figure>","protected":false},"excerpt":{"rendered":"On February 26 (Wednesday), another session of the 2025 edition of the ISEG i2030 Seminars will take place. The topic of industrial policy in developing countries will be debated. Helena [...]","protected":false},"featured_media":55852,"template":"","topic":[4768,4595],"event_type":[1155],"acf":[],"yoast_head":"<!-- This site is optimized with the Yoast SEO plugin v22.6 - https:\/\/yoast.com\/wordpress\/plugins\/seo\/ -->\n<title>Semin\u00e1rio ISEG i2030 | &quot;Industrial Policy in Developing Countries&quot; - ISEG<\/title>\n<meta name=\"robots\" content=\"index, follow, max-snippet:-1, max-image-preview:large, max-video-preview:-1\" \/>\n<link rel=\"canonical\" href=\"https:\/\/www.iseg.ulisboa.pt\/en\/event\/iseg-seminar-i2030-industrial-policy-in-developing-countries\/\" \/>\n<meta name=\"twitter:label1\" content=\"Est. reading time\" \/>\n\t<meta name=\"twitter:data1\" content=\"2 minutes\" \/>\n<script type=\"application\/ld+json\" class=\"yoast-schema-graph\">{\"@context\":\"https:\/\/schema.org\",\"@graph\":[{\"@type\":\"WebPage\",\"@id\":\"https:\/\/www.iseg.ulisboa.pt\/en\/event\/iseg-seminar-i2030-industrial-policy-in-developing-countries\/\",\"url\":\"https:\/\/www.iseg.ulisboa.pt\/en\/event\/iseg-seminar-i2030-industrial-policy-in-developing-countries\/\",\"name\":\"Semin\u00e1rio ISEG i2030 | \\\"Industrial Policy in Developing Countries\\\" - ISEG\",\"isPartOf\":{\"@id\":\"https:\/\/www.iseg.ulisboa.pt\/en\/#website\"},\"primaryImageOfPage\":{\"@id\":\"https:\/\/www.iseg.ulisboa.pt\/en\/event\/iseg-seminar-i2030-industrial-policy-in-developing-countries\/#primaryimage\"},\"image\":{\"@id\":\"https:\/\/www.iseg.ulisboa.pt\/en\/event\/iseg-seminar-i2030-industrial-policy-in-developing-countries\/#primaryimage\"},\"thumbnailUrl\":\"https:\/\/www.iseg.ulisboa.pt\/wp-content\/uploads\/Seminarsi2030_Evento.png\",\"datePublished\":\"2025-02-05T16:17:00+00:00\",\"dateModified\":\"2025-02-11T10:35:32+00:00\",\"breadcrumb\":{\"@id\":\"https:\/\/www.iseg.ulisboa.pt\/en\/event\/iseg-seminar-i2030-industrial-policy-in-developing-countries\/#breadcrumb\"},\"inLanguage\":\"en-US\",\"potentialAction\":[{\"@type\":\"ReadAction\",\"target\":[\"https:\/\/www.iseg.ulisboa.pt\/en\/event\/iseg-seminar-i2030-industrial-policy-in-developing-countries\/\"]}]},{\"@type\":\"ImageObject\",\"inLanguage\":\"en-US\",\"@id\":\"https:\/\/www.iseg.ulisboa.pt\/en\/event\/iseg-seminar-i2030-industrial-policy-in-developing-countries\/#primaryimage\",\"url\":\"https:\/\/www.iseg.ulisboa.pt\/wp-content\/uploads\/Seminarsi2030_Evento.png\",\"contentUrl\":\"https:\/\/www.iseg.ulisboa.pt\/wp-content\/uploads\/Seminarsi2030_Evento.png\",\"width\":5001,\"height\":2626},{\"@type\":\"BreadcrumbList\",\"@id\":\"https:\/\/www.iseg.ulisboa.pt\/en\/event\/iseg-seminar-i2030-industrial-policy-in-developing-countries\/#breadcrumb\",\"itemListElement\":[{\"@type\":\"ListItem\",\"position\":1,\"name\":\"Home\",\"item\":\"https:\/\/www.iseg.ulisboa.pt\/\"},{\"@type\":\"ListItem\",\"position\":2,\"name\":\"Semin\u00e1rio ISEG i2030 | &#8220;Industrial Policy in Developing Countries&#8221;\"}]},{\"@type\":\"WebSite\",\"@id\":\"https:\/\/www.iseg.ulisboa.pt\/en\/#website\",\"url\":\"https:\/\/www.iseg.ulisboa.pt\/en\/\",\"name\":\"ISEG\",\"description\":\"Lisbon School of Economics &amp; Management\",\"publisher\":{\"@id\":\"https:\/\/www.iseg.ulisboa.pt\/en\/#organization\"},\"potentialAction\":[{\"@type\":\"SearchAction\",\"target\":{\"@type\":\"EntryPoint\",\"urlTemplate\":\"https:\/\/www.iseg.ulisboa.pt\/en\/?s={search_term_string}\"},\"query-input\":\"required name=search_term_string\"}],\"inLanguage\":\"en-US\"},{\"@type\":\"Organization\",\"@id\":\"https:\/\/www.iseg.ulisboa.pt\/en\/#organization\",\"name\":\"ISEG\",\"url\":\"https:\/\/www.iseg.ulisboa.pt\/en\/\",\"logo\":{\"@type\":\"ImageObject\",\"inLanguage\":\"en-US\",\"@id\":\"https:\/\/www.iseg.ulisboa.pt\/en\/#\/schema\/logo\/image\/\",\"url\":\"https:\/\/www.iseg.ulisboa.pt\/wp-content\/uploads\/2021\/02\/iseg-logo-ul.svg\",\"contentUrl\":\"https:\/\/www.iseg.ulisboa.pt\/wp-content\/uploads\/2021\/02\/iseg-logo-ul.svg\",\"width\":250,\"height\":120,\"caption\":\"ISEG\"},\"image\":{\"@id\":\"https:\/\/www.iseg.ulisboa.pt\/en\/#\/schema\/logo\/image\/\"},\"sameAs\":[\"https:\/\/www.facebook.com\/iseg.pt\",\"https:\/\/x.com\/iseglisbon\",\"https:\/\/www.instagram.com\/iseglisbon\/\",\"https:\/\/www.linkedin.com\/school\/iseglisbon\/\",\"https:\/\/www.youtube.com\/user\/DMREISEG\"]}]}<\/script>\n<!-- \/ Yoast SEO plugin. -->","yoast_head_json":{"title":"ISEG i2030 Seminar | \"Industrial Policy in Developing Countries\" - ISEG","robots":{"index":"index","follow":"follow","max-snippet":"max-snippet:-1","max-image-preview":"max-image-preview:large","max-video-preview":"max-video-preview:-1"},"canonical":"https:\/\/www.iseg.ulisboa.pt\/en\/event\/iseg-seminar-i2030-industrial-policy-in-developing-countries\/","twitter_misc":{"Est. reading time":"2 minutes"},"schema":{"@context":"https:\/\/schema.org","@graph":[{"@type":"WebPage","@id":"https:\/\/www.iseg.ulisboa.pt\/en\/event\/iseg-seminar-i2030-industrial-policy-in-developing-countries\/","url":"https:\/\/www.iseg.ulisboa.pt\/en\/event\/iseg-seminar-i2030-industrial-policy-in-developing-countries\/","name":"ISEG i2030 Seminar | \"Industrial Policy in Developing Countries\" - ISEG","isPartOf":{"@id":"https:\/\/www.iseg.ulisboa.pt\/en\/#website"},"primaryImageOfPage":{"@id":"https:\/\/www.iseg.ulisboa.pt\/en\/event\/iseg-seminar-i2030-industrial-policy-in-developing-countries\/#primaryimage"},"image":{"@id":"https:\/\/www.iseg.ulisboa.pt\/en\/event\/iseg-seminar-i2030-industrial-policy-in-developing-countries\/#primaryimage"},"thumbnailUrl":"https:\/\/www.iseg.ulisboa.pt\/wp-content\/uploads\/Seminarsi2030_Evento.png","datePublished":"2025-02-05T16:17:00+00:00","dateModified":"2025-02-11T10:35:32+00:00","breadcrumb":{"@id":"https:\/\/www.iseg.ulisboa.pt\/en\/event\/iseg-seminar-i2030-industrial-policy-in-developing-countries\/#breadcrumb"},"inLanguage":"en-US","potentialAction":[{"@type":"ReadAction","target":["https:\/\/www.iseg.ulisboa.pt\/en\/event\/iseg-seminar-i2030-industrial-policy-in-developing-countries\/"]}]},{"@type":"ImageObject","inLanguage":"en-US","@id":"https:\/\/www.iseg.ulisboa.pt\/en\/event\/iseg-seminar-i2030-industrial-policy-in-developing-countries\/#primaryimage","url":"https:\/\/www.iseg.ulisboa.pt\/wp-content\/uploads\/Seminarsi2030_Evento.png","contentUrl":"https:\/\/www.iseg.ulisboa.pt\/wp-content\/uploads\/Seminarsi2030_Evento.png","width":5001,"height":2626},{"@type":"BreadcrumbList","@id":"https:\/\/www.iseg.ulisboa.pt\/en\/event\/iseg-seminar-i2030-industrial-policy-in-developing-countries\/#breadcrumb","itemListElement":[{"@type":"ListItem","position":1,"name":"Home","item":"https:\/\/www.iseg.ulisboa.pt\/"},{"@type":"ListItem","position":2,"name":"Semin\u00e1rio ISEG i2030 | &#8220;Industrial Policy in Developing Countries&#8221;"}]},{"@type":"WebSite","@id":"https:\/\/www.iseg.ulisboa.pt\/en\/#website","url":"https:\/\/www.iseg.ulisboa.pt\/en\/","name":"ISEG","description":"Lisbon School of Economics &amp; Management","publisher":{"@id":"https:\/\/www.iseg.ulisboa.pt\/en\/#organization"},"potentialAction":[{"@type":"SearchAction","target":{"@type":"EntryPoint","urlTemplate":"https:\/\/www.iseg.ulisboa.pt\/en\/?s={search_term_string}"},"query-input":"required name=search_term_string"}],"inLanguage":"en-US"},{"@type":"Organization","@id":"https:\/\/www.iseg.ulisboa.pt\/en\/#organization","name":"ISEG","url":"https:\/\/www.iseg.ulisboa.pt\/en\/","logo":{"@type":"ImageObject","inLanguage":"en-US","@id":"https:\/\/www.iseg.ulisboa.pt\/en\/#\/schema\/logo\/image\/","url":"https:\/\/www.iseg.ulisboa.pt\/wp-content\/uploads\/2021\/02\/iseg-logo-ul.svg","contentUrl":"https:\/\/www.iseg.ulisboa.pt\/wp-content\/uploads\/2021\/02\/iseg-logo-ul.svg","width":250,"height":120,"caption":"ISEG"},"image":{"@id":"https:\/\/www.iseg.ulisboa.pt\/en\/#\/schema\/logo\/image\/"},"sameAs":["https:\/\/www.facebook.com\/iseg.pt","https:\/\/x.com\/iseglisbon","https:\/\/www.instagram.com\/iseglisbon\/","https:\/\/www.linkedin.com\/school\/iseglisbon\/","https:\/\/www.youtube.com\/user\/DMREISEG"]}]}},"uagb_featured_image_src":{"full":["https:\/\/www.iseg.ulisboa.pt\/wp-content\/uploads\/Seminarsi2030_Evento.png",5001,2626,false],"thumbnail":["https:\/\/www.iseg.ulisboa.pt\/wp-content\/uploads\/Seminarsi2030_Evento-150x150.png",150,150,true],"medium":["https:\/\/www.iseg.ulisboa.pt\/wp-content\/uploads\/Seminarsi2030_Evento-300x158.png",300,158,true],"medium_large":["https:\/\/www.iseg.ulisboa.pt\/wp-content\/uploads\/Seminarsi2030_Evento.png",768,403,false],"large":["https:\/\/www.iseg.ulisboa.pt\/wp-content\/uploads\/Seminarsi2030_Evento.png",1024,538,false],"1536x1536":["https:\/\/www.iseg.ulisboa.pt\/wp-content\/uploads\/Seminarsi2030_Evento-1536x807.png",1536,807,true],"2048x2048":["https:\/\/www.iseg.ulisboa.pt\/wp-content\/uploads\/Seminarsi2030_Evento-2048x1075.png",2048,1075,true],"trp-custom-language-flag":["https:\/\/www.iseg.ulisboa.pt\/wp-content\/uploads\/Seminarsi2030_Evento-18x9.png",18,9,true]},"uagb_author_info":{"display_name":"joeljoaquim","author_link":"https:\/\/www.iseg.ulisboa.pt\/en\/author\/"},"uagb_comment_info":0,"uagb_excerpt":"A 26 de fevereiro (quarta-feira), ir\u00e1 ocorrer mais uma sess\u00e3o da edi\u00e7\u00e3o 2025 dos Semin\u00e1rios ISEG i2030. Em debate, estar\u00e1 o t\u00f3pico da pol\u00edtica industrial nos pa\u00edses em desenvolvimento. Helena&nbsp;[...]","_links":{"self":[{"href":"https:\/\/www.iseg.ulisboa.pt\/en\/wp-json\/wp\/v2\/event\/55898"}],"collection":[{"href":"https:\/\/www.iseg.ulisboa.pt\/en\/wp-json\/wp\/v2\/event"}],"about":[{"href":"https:\/\/www.iseg.ulisboa.pt\/en\/wp-json\/wp\/v2\/types\/event"}],"version-history":[{"count":0,"href":"https:\/\/www.iseg.ulisboa.pt\/en\/wp-json\/wp\/v2\/event\/55898\/revisions"}],"wp:featuredmedia":[{"embeddable":true,"href":"https:\/\/www.iseg.ulisboa.pt\/en\/wp-json\/wp\/v2\/media\/55852"}],"wp:attachment":[{"href":"https:\/\/www.iseg.ulisboa.pt\/en\/wp-json\/wp\/v2\/media?parent=55898"}],"wp:term":[{"taxonomy":"topic","embeddable":true,"href":"https:\/\/www.iseg.ulisboa.pt\/en\/wp-json\/wp\/v2\/topic?post=55898"},{"taxonomy":"event_type","embeddable":true,"href":"https:\/\/www.iseg.ulisboa.pt\/en\/wp-json\/wp\/v2\/event_type?post=55898"}],"curies":[{"name":"wp","href":"https:\/\/api.w.org\/{rel}","templated":true}]}}

<!-- This site is optimized with the Yoast SEO plugin v22.6 - https://yoast.com/wordpress/plugins/seo/ -->
<title>Seminário ISEG i2030 | &quot;Industrial Policy in Developing Countries&quot; - ISEG</title>
<meta name="robots" content="index, follow, max-snippet:-1, max-image-preview:large, max-video-preview:-1" />
<link rel="canonical" href="https://www.iseg.ulisboa.pt/en/event/iseg-seminar-i2030-industrial-policy-in-developing-countries/" />
<meta name="twitter:label1" content="Est. reading time" />
	<meta name="twitter:data1" content="2 minutes" />
<script type="application/ld+json" class="yoast-schema-graph">{"@context":"https://schema.org","@graph":[{"@type":"WebPage","@id":"https://www.iseg.ulisboa.pt/en/event/iseg-seminar-i2030-industrial-policy-in-developing-countries/","url":"https://www.iseg.ulisboa.pt/en/event/iseg-seminar-i2030-industrial-policy-in-developing-countries/","name":"Seminário ISEG i2030 | \"Industrial Policy in Developing Countries\" - ISEG","isPartOf":{"@id":"https://www.iseg.ulisboa.pt/en/#website"},"primaryImageOfPage":{"@id":"https://www.iseg.ulisboa.pt/en/event/iseg-seminar-i2030-industrial-policy-in-developing-countries/#primaryimage"},"image":{"@id":"https://www.iseg.ulisboa.pt/en/event/iseg-seminar-i2030-industrial-policy-in-developing-countries/#primaryimage"},"thumbnailUrl":"https://www.iseg.ulisboa.pt/wp-content/uploads/Seminarsi2030_Evento.png","datePublished":"2025-02-05T16:17:00+00:00","dateModified":"2025-02-11T10:35:32+00:00","breadcrumb":{"@id":"https://www.iseg.ulisboa.pt/en/event/iseg-seminar-i2030-industrial-policy-in-developing-countries/#breadcrumb"},"inLanguage":"en-US","potentialAction":[{"@type":"ReadAction","target":["https://www.iseg.ulisboa.pt/en/event/iseg-seminar-i2030-industrial-policy-in-developing-countries/"]}]},{"@type":"ImageObject","inLanguage":"en-US","@id":"https://www.iseg.ulisboa.pt/en/event/iseg-seminar-i2030-industrial-policy-in-developing-countries/#primaryimage","url":"https://www.iseg.ulisboa.pt/wp-content/uploads/Seminarsi2030_Evento.png","contentUrl":"https://www.iseg.ulisboa.pt/wp-content/uploads/Seminarsi2030_Evento.png","width":5001,"height":2626},{"@type":"BreadcrumbList","@id":"https://www.iseg.ulisboa.pt/en/event/iseg-seminar-i2030-industrial-policy-in-developing-countries/#breadcrumb","itemListElement":[{"@type":"ListItem","position":1,"name":"Home","item":"https://www.iseg.ulisboa.pt/"},{"@type":"ListItem","position":2,"name":"Seminário ISEG i2030 | &#8220;Industrial Policy in Developing Countries&#8221;"}]},{"@type":"WebSite","@id":"https://www.iseg.ulisboa.pt/en/#website","url":"https://www.iseg.ulisboa.pt/en/","name":"ISEG","description":"Lisbon School of Economics &amp; Management","publisher":{"@id":"https://www.iseg.ulisboa.pt/en/#organization"},"potentialAction":[{"@type":"SearchAction","target":{"@type":"EntryPoint","urlTemplate":"https://www.iseg.ulisboa.pt/en/?s={search_term_string}"},"query-input":"required name=search_term_string"}],"inLanguage":"en-US"},{"@type":"Organization","@id":"https://www.iseg.ulisboa.pt/en/#organization","name":"ISEG","url":"https://www.iseg.ulisboa.pt/en/","logo":{"@type":"ImageObject","inLanguage":"en-US","@id":"https://www.iseg.ulisboa.pt/en/#/schema/logo/image/","url":"https://www.iseg.ulisboa.pt/wp-content/uploads/2021/02/iseg-logo-ul.svg","contentUrl":"https://www.iseg.ulisboa.pt/wp-content/uploads/2021/02/iseg-logo-ul.svg","width":250,"height":120,"caption":"ISEG"},"image":{"@id":"https://www.iseg.ulisboa.pt/en/#/schema/logo/image/"},"sameAs":["https://www.facebook.com/iseg.pt","https://x.com/iseglisbon","https://www.instagram.com/iseglisbon/","https://www.linkedin.com/school/iseglisbon/","https://www.youtube.com/user/DMREISEG"]}]}</script>
<!-- / Yoast SEO plugin. -->

Seminário ISEG i2030 | &#8220;Industrial Policy in Developing Countries&#8221;

A 26 de fevereiro (quarta-feira), irá ocorrer mais uma sessão da edição 2025 dos Seminários ISEG i2030. Em debate, estará o tópico da política industrial nos países em desenvolvimento. Helena&nbsp;[...]
