{"id":60958,"date":"2025-07-09T11:29:28","date_gmt":"2025-07-09T11:29:28","guid":{"rendered":"https:\/\/www.iseg.ulisboa.pt\/?post_type=event&#038;p=60958"},"modified":"2025-07-09T13:41:29","modified_gmt":"2025-07-09T13:41:29","slug":"mini-forest-expansion-workshop","status":"publish","type":"event","link":"https:\/\/www.iseg.ulisboa.pt\/en\/event\/mini-forest-expansion-workshop\/","title":{"rendered":"\u2018Mini-forest expansion\u2019 workshop"},"content":{"rendered":"<p>The <strong>ISEG's Mini-Forest<\/strong> is about to expand onto the land adjacent to the current space.  As happened in February 2024, various works will have to be carried out on the land, including pruning, wood cutting, removal of invasive weeds (such as pampas) and general cleaning.<\/p>\n\n\n\n<p>The expansion activity will take place on <strong>16 July<\/strong>, starting at <strong>14.00<\/strong>, and<strong> everyone is invited to take part <\/strong>-- in a spirit of collaboration and relaxation, given the expected heat. The meeting will also allow us to get to know the new space better.<\/p>\n\n\n\n<p>We invite you to bring friends and come prepared with water, a hat and comfortable clothes and shoes. As has been our tradition, we'll have a picnic with lemonade! To take part in the workshop <strong>sign up <a href=\"https:\/\/forms.office.com\/e\/rGuGxceZm1\" target=\"_blank\" rel=\"noreferrer noopener\">on this link<\/a><\/strong>. <\/p>\n\n\n\n<p>In addition to the expansion work, regular watering of the mini-forest is still necessary. If you have the possibility to arrange a day, we would be grateful if you could sign up <a href=\"https:\/\/phdisegutl-my.sharepoint.com\/:x:\/r\/personal\/orianarb_socius_iseg_ulisboa_pt\/Documents\/Terrare\/plano-rega-Fev2024.xlsx?d=wbba2842c9886420eab7f1b91bb371357&amp;csf=1&amp;web=1&amp;e=H9vY5b\" target=\"_blank\" rel=\"noreferrer noopener\">here<\/a>.<\/p>","protected":false},"excerpt":{"rendered":"ISEG's Mini-Forest is about to expand onto the land adjacent to the current space.  As happened in February 2024, it will be necessary to carry out various works on the land, including [...]","protected":false},"featured_media":60959,"template":"","topic":[1401,4768],"event_type":[1151],"acf":[],"yoast_head":"<!-- This site is optimized with the Yoast SEO plugin v22.6 - https:\/\/yoast.com\/wordpress\/plugins\/seo\/ -->\n<title>Oficina &quot;Expans\u00e3o da Mini-Floresta&quot; - ISEG<\/title>\n<meta name=\"robots\" content=\"index, follow, max-snippet:-1, max-image-preview:large, max-video-preview:-1\" \/>\n<link rel=\"canonical\" href=\"https:\/\/www.iseg.ulisboa.pt\/en\/event\/mini-forest-expansion-workshop\/\" \/>\n<meta name=\"twitter:label1\" content=\"Est. reading time\" \/>\n\t<meta name=\"twitter:data1\" content=\"1 minute\" \/>\n<script type=\"application\/ld+json\" class=\"yoast-schema-graph\">{\"@context\":\"https:\/\/schema.org\",\"@graph\":[{\"@type\":\"WebPage\",\"@id\":\"https:\/\/www.iseg.ulisboa.pt\/en\/event\/mini-forest-expansion-workshop\/\",\"url\":\"https:\/\/www.iseg.ulisboa.pt\/en\/event\/mini-forest-expansion-workshop\/\",\"name\":\"Oficina \\\"Expans\u00e3o da Mini-Floresta\\\" - ISEG\",\"isPartOf\":{\"@id\":\"https:\/\/www.iseg.ulisboa.pt\/en\/#website\"},\"primaryImageOfPage\":{\"@id\":\"https:\/\/www.iseg.ulisboa.pt\/en\/event\/mini-forest-expansion-workshop\/#primaryimage\"},\"image\":{\"@id\":\"https:\/\/www.iseg.ulisboa.pt\/en\/event\/mini-forest-expansion-workshop\/#primaryimage\"},\"thumbnailUrl\":\"https:\/\/www.iseg.ulisboa.pt\/wp-content\/uploads\/IMG_8743_site.jpg\",\"datePublished\":\"2025-07-09T11:29:28+00:00\",\"dateModified\":\"2025-07-09T13:41:29+00:00\",\"breadcrumb\":{\"@id\":\"https:\/\/www.iseg.ulisboa.pt\/en\/event\/mini-forest-expansion-workshop\/#breadcrumb\"},\"inLanguage\":\"en-US\",\"potentialAction\":[{\"@type\":\"ReadAction\",\"target\":[\"https:\/\/www.iseg.ulisboa.pt\/en\/event\/mini-forest-expansion-workshop\/\"]}]},{\"@type\":\"ImageObject\",\"inLanguage\":\"en-US\",\"@id\":\"https:\/\/www.iseg.ulisboa.pt\/en\/event\/mini-forest-expansion-workshop\/#primaryimage\",\"url\":\"https:\/\/www.iseg.ulisboa.pt\/wp-content\/uploads\/IMG_8743_site.jpg\",\"contentUrl\":\"https:\/\/www.iseg.ulisboa.pt\/wp-content\/uploads\/IMG_8743_site.jpg\",\"width\":1200,\"height\":670},{\"@type\":\"BreadcrumbList\",\"@id\":\"https:\/\/www.iseg.ulisboa.pt\/en\/event\/mini-forest-expansion-workshop\/#breadcrumb\",\"itemListElement\":[{\"@type\":\"ListItem\",\"position\":1,\"name\":\"Home\",\"item\":\"https:\/\/www.iseg.ulisboa.pt\/\"},{\"@type\":\"ListItem\",\"position\":2,\"name\":\"Oficina &#8220;Expans\u00e3o da Mini-Floresta&#8221;\"}]},{\"@type\":\"WebSite\",\"@id\":\"https:\/\/www.iseg.ulisboa.pt\/en\/#website\",\"url\":\"https:\/\/www.iseg.ulisboa.pt\/en\/\",\"name\":\"ISEG\",\"description\":\"Lisbon School of Economics &amp; Management\",\"publisher\":{\"@id\":\"https:\/\/www.iseg.ulisboa.pt\/en\/#organization\"},\"potentialAction\":[{\"@type\":\"SearchAction\",\"target\":{\"@type\":\"EntryPoint\",\"urlTemplate\":\"https:\/\/www.iseg.ulisboa.pt\/en\/?s={search_term_string}\"},\"query-input\":\"required name=search_term_string\"}],\"inLanguage\":\"en-US\"},{\"@type\":\"Organization\",\"@id\":\"https:\/\/www.iseg.ulisboa.pt\/en\/#organization\",\"name\":\"ISEG\",\"url\":\"https:\/\/www.iseg.ulisboa.pt\/en\/\",\"logo\":{\"@type\":\"ImageObject\",\"inLanguage\":\"en-US\",\"@id\":\"https:\/\/www.iseg.ulisboa.pt\/en\/#\/schema\/logo\/image\/\",\"url\":\"https:\/\/www.iseg.ulisboa.pt\/wp-content\/uploads\/2021\/02\/iseg-logo-ul.svg\",\"contentUrl\":\"https:\/\/www.iseg.ulisboa.pt\/wp-content\/uploads\/2021\/02\/iseg-logo-ul.svg\",\"width\":250,\"height\":120,\"caption\":\"ISEG\"},\"image\":{\"@id\":\"https:\/\/www.iseg.ulisboa.pt\/en\/#\/schema\/logo\/image\/\"},\"sameAs\":[\"https:\/\/www.facebook.com\/iseg.pt\",\"https:\/\/x.com\/iseglisbon\",\"https:\/\/www.instagram.com\/iseglisbon\/\",\"https:\/\/www.linkedin.com\/school\/iseglisbon\/\",\"https:\/\/www.youtube.com\/user\/DMREISEG\"]}]}<\/script>\n<!-- \/ Yoast SEO plugin. -->","yoast_head_json":{"title":"Mini-forest expansion\" workshop - ISEG","robots":{"index":"index","follow":"follow","max-snippet":"max-snippet:-1","max-image-preview":"max-image-preview:large","max-video-preview":"max-video-preview:-1"},"canonical":"https:\/\/www.iseg.ulisboa.pt\/en\/event\/mini-forest-expansion-workshop\/","twitter_misc":{"Est. reading time":"1 minute"},"schema":{"@context":"https:\/\/schema.org","@graph":[{"@type":"WebPage","@id":"https:\/\/www.iseg.ulisboa.pt\/en\/event\/mini-forest-expansion-workshop\/","url":"https:\/\/www.iseg.ulisboa.pt\/en\/event\/mini-forest-expansion-workshop\/","name":"Mini-forest expansion\" workshop - ISEG","isPartOf":{"@id":"https:\/\/www.iseg.ulisboa.pt\/en\/#website"},"primaryImageOfPage":{"@id":"https:\/\/www.iseg.ulisboa.pt\/en\/event\/mini-forest-expansion-workshop\/#primaryimage"},"image":{"@id":"https:\/\/www.iseg.ulisboa.pt\/en\/event\/mini-forest-expansion-workshop\/#primaryimage"},"thumbnailUrl":"https:\/\/www.iseg.ulisboa.pt\/wp-content\/uploads\/IMG_8743_site.jpg","datePublished":"2025-07-09T11:29:28+00:00","dateModified":"2025-07-09T13:41:29+00:00","breadcrumb":{"@id":"https:\/\/www.iseg.ulisboa.pt\/en\/event\/mini-forest-expansion-workshop\/#breadcrumb"},"inLanguage":"en-US","potentialAction":[{"@type":"ReadAction","target":["https:\/\/www.iseg.ulisboa.pt\/en\/event\/mini-forest-expansion-workshop\/"]}]},{"@type":"ImageObject","inLanguage":"en-US","@id":"https:\/\/www.iseg.ulisboa.pt\/en\/event\/mini-forest-expansion-workshop\/#primaryimage","url":"https:\/\/www.iseg.ulisboa.pt\/wp-content\/uploads\/IMG_8743_site.jpg","contentUrl":"https:\/\/www.iseg.ulisboa.pt\/wp-content\/uploads\/IMG_8743_site.jpg","width":1200,"height":670},{"@type":"BreadcrumbList","@id":"https:\/\/www.iseg.ulisboa.pt\/en\/event\/mini-forest-expansion-workshop\/#breadcrumb","itemListElement":[{"@type":"ListItem","position":1,"name":"Home","item":"https:\/\/www.iseg.ulisboa.pt\/"},{"@type":"ListItem","position":2,"name":"Oficina &#8220;Expans\u00e3o da Mini-Floresta&#8221;"}]},{"@type":"WebSite","@id":"https:\/\/www.iseg.ulisboa.pt\/en\/#website","url":"https:\/\/www.iseg.ulisboa.pt\/en\/","name":"ISEG","description":"Lisbon School of Economics &amp; Management","publisher":{"@id":"https:\/\/www.iseg.ulisboa.pt\/en\/#organization"},"potentialAction":[{"@type":"SearchAction","target":{"@type":"EntryPoint","urlTemplate":"https:\/\/www.iseg.ulisboa.pt\/en\/?s={search_term_string}"},"query-input":"required name=search_term_string"}],"inLanguage":"en-US"},{"@type":"Organization","@id":"https:\/\/www.iseg.ulisboa.pt\/en\/#organization","name":"ISEG","url":"https:\/\/www.iseg.ulisboa.pt\/en\/","logo":{"@type":"ImageObject","inLanguage":"en-US","@id":"https:\/\/www.iseg.ulisboa.pt\/en\/#\/schema\/logo\/image\/","url":"https:\/\/www.iseg.ulisboa.pt\/wp-content\/uploads\/2021\/02\/iseg-logo-ul.svg","contentUrl":"https:\/\/www.iseg.ulisboa.pt\/wp-content\/uploads\/2021\/02\/iseg-logo-ul.svg","width":250,"height":120,"caption":"ISEG"},"image":{"@id":"https:\/\/www.iseg.ulisboa.pt\/en\/#\/schema\/logo\/image\/"},"sameAs":["https:\/\/www.facebook.com\/iseg.pt","https:\/\/x.com\/iseglisbon","https:\/\/www.instagram.com\/iseglisbon\/","https:\/\/www.linkedin.com\/school\/iseglisbon\/","https:\/\/www.youtube.com\/user\/DMREISEG"]}]}},"uagb_featured_image_src":{"full":["https:\/\/www.iseg.ulisboa.pt\/wp-content\/uploads\/IMG_8743_site.jpg",1200,670,false],"thumbnail":["https:\/\/www.iseg.ulisboa.pt\/wp-content\/uploads\/IMG_8743_site-150x150.jpg",150,150,true],"medium":["https:\/\/www.iseg.ulisboa.pt\/wp-content\/uploads\/IMG_8743_site-300x168.jpg",300,168,true],"medium_large":["https:\/\/www.iseg.ulisboa.pt\/wp-content\/uploads\/IMG_8743_site.jpg",768,429,false],"large":["https:\/\/www.iseg.ulisboa.pt\/wp-content\/uploads\/IMG_8743_site.jpg",1024,572,false],"1536x1536":["https:\/\/www.iseg.ulisboa.pt\/wp-content\/uploads\/IMG_8743_site.jpg",1200,670,false],"2048x2048":["https:\/\/www.iseg.ulisboa.pt\/wp-content\/uploads\/IMG_8743_site.jpg",1200,670,false],"trp-custom-language-flag":["https:\/\/www.iseg.ulisboa.pt\/wp-content\/uploads\/IMG_8743_site-18x10.jpg",18,10,true]},"uagb_author_info":{"display_name":"paulamonteiro","author_link":"https:\/\/www.iseg.ulisboa.pt\/en\/author\/"},"uagb_comment_info":0,"uagb_excerpt":"A Mini-Floresta do ISEG est\u00e1 prestes a expandir-se para o terreno cont\u00edguo ao espa\u00e7o atual. &nbsp;Tal como aconteceu em fevereiro de 2024, ser\u00e1 necess\u00e1rio realizar diversos trabalhos no terreno, incluindo&nbsp;[...]","_links":{"self":[{"href":"https:\/\/www.iseg.ulisboa.pt\/en\/wp-json\/wp\/v2\/event\/60958"}],"collection":[{"href":"https:\/\/www.iseg.ulisboa.pt\/en\/wp-json\/wp\/v2\/event"}],"about":[{"href":"https:\/\/www.iseg.ulisboa.pt\/en\/wp-json\/wp\/v2\/types\/event"}],"version-history":[{"count":0,"href":"https:\/\/www.iseg.ulisboa.pt\/en\/wp-json\/wp\/v2\/event\/60958\/revisions"}],"wp:featuredmedia":[{"embeddable":true,"href":"https:\/\/www.iseg.ulisboa.pt\/en\/wp-json\/wp\/v2\/media\/60959"}],"wp:attachment":[{"href":"https:\/\/www.iseg.ulisboa.pt\/en\/wp-json\/wp\/v2\/media?parent=60958"}],"wp:term":[{"taxonomy":"topic","embeddable":true,"href":"https:\/\/www.iseg.ulisboa.pt\/en\/wp-json\/wp\/v2\/topic?post=60958"},{"taxonomy":"event_type","embeddable":true,"href":"https:\/\/www.iseg.ulisboa.pt\/en\/wp-json\/wp\/v2\/event_type?post=60958"}],"curies":[{"name":"wp","href":"https:\/\/api.w.org\/{rel}","templated":true}]}}

<!-- This site is optimized with the Yoast SEO plugin v22.6 - https://yoast.com/wordpress/plugins/seo/ -->
<title>Oficina &quot;Expansão da Mini-Floresta&quot; - ISEG</title>
<meta name="robots" content="index, follow, max-snippet:-1, max-image-preview:large, max-video-preview:-1" />
<link rel="canonical" href="https://www.iseg.ulisboa.pt/en/event/mini-forest-expansion-workshop/" />
<meta name="twitter:label1" content="Est. reading time" />
	<meta name="twitter:data1" content="1 minute" />
<script type="application/ld+json" class="yoast-schema-graph">{"@context":"https://schema.org","@graph":[{"@type":"WebPage","@id":"https://www.iseg.ulisboa.pt/en/event/mini-forest-expansion-workshop/","url":"https://www.iseg.ulisboa.pt/en/event/mini-forest-expansion-workshop/","name":"Oficina \"Expansão da Mini-Floresta\" - ISEG","isPartOf":{"@id":"https://www.iseg.ulisboa.pt/en/#website"},"primaryImageOfPage":{"@id":"https://www.iseg.ulisboa.pt/en/event/mini-forest-expansion-workshop/#primaryimage"},"image":{"@id":"https://www.iseg.ulisboa.pt/en/event/mini-forest-expansion-workshop/#primaryimage"},"thumbnailUrl":"https://www.iseg.ulisboa.pt/wp-content/uploads/IMG_8743_site.jpg","datePublished":"2025-07-09T11:29:28+00:00","dateModified":"2025-07-09T13:41:29+00:00","breadcrumb":{"@id":"https://www.iseg.ulisboa.pt/en/event/mini-forest-expansion-workshop/#breadcrumb"},"inLanguage":"en-US","potentialAction":[{"@type":"ReadAction","target":["https://www.iseg.ulisboa.pt/en/event/mini-forest-expansion-workshop/"]}]},{"@type":"ImageObject","inLanguage":"en-US","@id":"https://www.iseg.ulisboa.pt/en/event/mini-forest-expansion-workshop/#primaryimage","url":"https://www.iseg.ulisboa.pt/wp-content/uploads/IMG_8743_site.jpg","contentUrl":"https://www.iseg.ulisboa.pt/wp-content/uploads/IMG_8743_site.jpg","width":1200,"height":670},{"@type":"BreadcrumbList","@id":"https://www.iseg.ulisboa.pt/en/event/mini-forest-expansion-workshop/#breadcrumb","itemListElement":[{"@type":"ListItem","position":1,"name":"Home","item":"https://www.iseg.ulisboa.pt/"},{"@type":"ListItem","position":2,"name":"Oficina &#8220;Expansão da Mini-Floresta&#8221;"}]},{"@type":"WebSite","@id":"https://www.iseg.ulisboa.pt/en/#website","url":"https://www.iseg.ulisboa.pt/en/","name":"ISEG","description":"Lisbon School of Economics &amp; Management","publisher":{"@id":"https://www.iseg.ulisboa.pt/en/#organization"},"potentialAction":[{"@type":"SearchAction","target":{"@type":"EntryPoint","urlTemplate":"https://www.iseg.ulisboa.pt/en/?s={search_term_string}"},"query-input":"required name=search_term_string"}],"inLanguage":"en-US"},{"@type":"Organization","@id":"https://www.iseg.ulisboa.pt/en/#organization","name":"ISEG","url":"https://www.iseg.ulisboa.pt/en/","logo":{"@type":"ImageObject","inLanguage":"en-US","@id":"https://www.iseg.ulisboa.pt/en/#/schema/logo/image/","url":"https://www.iseg.ulisboa.pt/wp-content/uploads/2021/02/iseg-logo-ul.svg","contentUrl":"https://www.iseg.ulisboa.pt/wp-content/uploads/2021/02/iseg-logo-ul.svg","width":250,"height":120,"caption":"ISEG"},"image":{"@id":"https://www.iseg.ulisboa.pt/en/#/schema/logo/image/"},"sameAs":["https://www.facebook.com/iseg.pt","https://x.com/iseglisbon","https://www.instagram.com/iseglisbon/","https://www.linkedin.com/school/iseglisbon/","https://www.youtube.com/user/DMREISEG"]}]}</script>
<!-- / Yoast SEO plugin. -->

Oficina &#8220;Expansão da Mini-Floresta&#8221;

A Mini-Floresta do ISEG está prestes a expandir-se para o terreno contíguo ao espaço atual. &nbsp;Tal como aconteceu em fevereiro de 2024, será necessário realizar diversos trabalhos no terreno, incluindo&nbsp;[...]
