{"id":66032,"date":"2025-12-09T18:08:47","date_gmt":"2025-12-09T18:08:47","guid":{"rendered":"https:\/\/www.iseg.ulisboa.pt\/?post_type=event&#038;p=66032"},"modified":"2025-12-10T10:37:50","modified_gmt":"2025-12-10T10:37:50","slug":"guided-tour-of-the-exhibition-deconstructing-colonialism-decolonizing-the-imagination","status":"publish","type":"event","link":"https:\/\/www.iseg.ulisboa.pt\/en\/event\/guided-tour-of-the-exhibition-deconstructing-colonialism-decolonizing-the-imagination\/","title":{"rendered":"Guided tour of the exhibition \u201cDeconstructing Colonialism, Decolonizing the Imaginary\u201d"},"content":{"rendered":"<p>The&nbsp;<strong>ISEG Research Group on Development and Sustainable Transitions<\/strong>&nbsp;, together with the&nbsp;<strong>National Anthropology Museum<\/strong>&nbsp;are holding a critical reflection on the myths of Portuguese colonialism in Africa through the \u201c<strong>Deconstructing Colonialism, Decolonizing the Imaginary\u201d. Portuguese Colonialism in Africa: Myths and Realities<\/strong>\u201d exhibition, on display until 29 March 2026, at the&nbsp;<strong>National Anthropology Museum<\/strong>.<\/p>\n\n\n\n<p>Conceived and coordinated by Isabel Castro Henriques to mark the 50th anniversary of \"25 de Abril\", the exhibition combines historical research and African art to renew knowledge about the colonial past. The exhibition is organised around two axes: the historical narrative, built on the work of around 30 researchers, and extensive iconographic documentation; the voice of African cultures, expressed in 139 works from the collections of the National Museum of Ethnology, the Calouste Gulbenkian Foundation and private collectors.<\/p>\n\n\n\n<p>On\u00a0<strong>14 December 2025<\/strong>, at\u00a0<strong>11.30<\/strong>, there will be a\u00a0<strong>guided tour of the exhibition<\/strong>\u00a0carried out by researcher Inoc\u00eancia Mata (Universidade de Lisboa).<\/p>\n\n\n\n<p>Free entry, subject to pre-registration by sending an email to: <a href=\"mailto:se.mnetnologia@museusemonumentos.pt\">se.mnetnologia@museusemonumentos.pt<\/a>.<\/p>\n\n\n\n<p>Further information <a href=\"https:\/\/museudeetnologia.pt\/exposicoes-temporarias\/exposicao-desconstruir-o-colonialismo-descolonizar-o-imaginario\/\" target=\"_blank\" rel=\"noreferrer noopener\">here.<\/a><\/p>\n\n\n\n<figure class=\"wp-block-image size-full\"><img loading=\"lazy\" decoding=\"async\" width=\"1200\" height=\"630\" src=\"https:\/\/www.iseg.ulisboa.pt\/wp-content\/uploads\/Exposicao_MuseuEtnologia_MetaTag.png\" alt=\"\" class=\"wp-image-66034\" srcset=\"https:\/\/www.iseg.ulisboa.pt\/wp-content\/uploads\/Exposicao_MuseuEtnologia_MetaTag.png 1200w, https:\/\/www.iseg.ulisboa.pt\/wp-content\/uploads\/Exposicao_MuseuEtnologia_MetaTag-300x158.png 300w, https:\/\/www.iseg.ulisboa.pt\/wp-content\/uploads\/Exposicao_MuseuEtnologia_MetaTag-18x9.png 18w\" sizes=\"(max-width: 1200px) 100vw, 1200px\" \/><\/figure>","protected":false},"excerpt":{"rendered":"The ISEG Research Group on Development and Sustainable Transitions and the National Museum of Ethnology are promoting a critical reflection on the myths of Portuguese colonialism in Africa through the exhibition \u201cDeconstructing [...]","protected":false},"featured_media":0,"template":"","topic":[],"event_type":[],"acf":{"start_date":"2025-12-14 11:30:00","end_date":"2025-12-14 12:30:00","venue":"Museu Nacional de Etnologia","event_type":false,"topic":false},"yoast_head":"<!-- This site is optimized with the Yoast SEO plugin v22.6 - https:\/\/yoast.com\/wordpress\/plugins\/seo\/ -->\n<title>Visita guiada \u00e0 Exposi\u00e7\u00e3o \u201cDesconstruir o Colonialismo, Descolonizar o Imagin\u00e1rio&quot; - ISEG<\/title>\n<meta name=\"robots\" content=\"index, follow, max-snippet:-1, max-image-preview:large, max-video-preview:-1\" \/>\n<link rel=\"canonical\" href=\"https:\/\/www.iseg.ulisboa.pt\/en\/event\/guided-tour-of-the-exhibition-deconstructing-colonialism-decolonizing-the-imagination\/\" \/>\n<meta name=\"twitter:label1\" content=\"Est. reading time\" \/>\n\t<meta name=\"twitter:data1\" content=\"2 minutes\" \/>\n<script type=\"application\/ld+json\" class=\"yoast-schema-graph\">{\"@context\":\"https:\/\/schema.org\",\"@graph\":[{\"@type\":\"WebPage\",\"@id\":\"https:\/\/www.iseg.ulisboa.pt\/en\/event\/guided-tour-of-the-exhibition-deconstructing-colonialism-decolonizing-the-imagination\/\",\"url\":\"https:\/\/www.iseg.ulisboa.pt\/en\/event\/guided-tour-of-the-exhibition-deconstructing-colonialism-decolonizing-the-imagination\/\",\"name\":\"Visita guiada \u00e0 Exposi\u00e7\u00e3o \u201cDesconstruir o Colonialismo, Descolonizar o Imagin\u00e1rio\\\" - ISEG\",\"isPartOf\":{\"@id\":\"https:\/\/www.iseg.ulisboa.pt\/en\/#website\"},\"primaryImageOfPage\":{\"@id\":\"https:\/\/www.iseg.ulisboa.pt\/en\/event\/guided-tour-of-the-exhibition-deconstructing-colonialism-decolonizing-the-imagination\/#primaryimage\"},\"image\":{\"@id\":\"https:\/\/www.iseg.ulisboa.pt\/en\/event\/guided-tour-of-the-exhibition-deconstructing-colonialism-decolonizing-the-imagination\/#primaryimage\"},\"thumbnailUrl\":\"https:\/\/www.iseg.ulisboa.pt\/wp-content\/uploads\/Exposicao_MuseuEtnologia_MetaTag.png\",\"datePublished\":\"2025-12-09T18:08:47+00:00\",\"dateModified\":\"2025-12-10T10:37:50+00:00\",\"breadcrumb\":{\"@id\":\"https:\/\/www.iseg.ulisboa.pt\/en\/event\/guided-tour-of-the-exhibition-deconstructing-colonialism-decolonizing-the-imagination\/#breadcrumb\"},\"inLanguage\":\"en-US\",\"potentialAction\":[{\"@type\":\"ReadAction\",\"target\":[\"https:\/\/www.iseg.ulisboa.pt\/en\/event\/guided-tour-of-the-exhibition-deconstructing-colonialism-decolonizing-the-imagination\/\"]}]},{\"@type\":\"ImageObject\",\"inLanguage\":\"en-US\",\"@id\":\"https:\/\/www.iseg.ulisboa.pt\/en\/event\/guided-tour-of-the-exhibition-deconstructing-colonialism-decolonizing-the-imagination\/#primaryimage\",\"url\":\"https:\/\/www.iseg.ulisboa.pt\/wp-content\/uploads\/Exposicao_MuseuEtnologia_MetaTag.png\",\"contentUrl\":\"https:\/\/www.iseg.ulisboa.pt\/wp-content\/uploads\/Exposicao_MuseuEtnologia_MetaTag.png\"},{\"@type\":\"BreadcrumbList\",\"@id\":\"https:\/\/www.iseg.ulisboa.pt\/en\/event\/guided-tour-of-the-exhibition-deconstructing-colonialism-decolonizing-the-imagination\/#breadcrumb\",\"itemListElement\":[{\"@type\":\"ListItem\",\"position\":1,\"name\":\"Home\",\"item\":\"https:\/\/www.iseg.ulisboa.pt\/\"},{\"@type\":\"ListItem\",\"position\":2,\"name\":\"Visita guiada \u00e0 Exposi\u00e7\u00e3o \u201cDesconstruir o Colonialismo, Descolonizar o Imagin\u00e1rio&#8221;\"}]},{\"@type\":\"WebSite\",\"@id\":\"https:\/\/www.iseg.ulisboa.pt\/en\/#website\",\"url\":\"https:\/\/www.iseg.ulisboa.pt\/en\/\",\"name\":\"ISEG\",\"description\":\"Lisbon School of Economics &amp; Management\",\"publisher\":{\"@id\":\"https:\/\/www.iseg.ulisboa.pt\/en\/#organization\"},\"potentialAction\":[{\"@type\":\"SearchAction\",\"target\":{\"@type\":\"EntryPoint\",\"urlTemplate\":\"https:\/\/www.iseg.ulisboa.pt\/en\/?s={search_term_string}\"},\"query-input\":\"required name=search_term_string\"}],\"inLanguage\":\"en-US\"},{\"@type\":\"Organization\",\"@id\":\"https:\/\/www.iseg.ulisboa.pt\/en\/#organization\",\"name\":\"ISEG\",\"url\":\"https:\/\/www.iseg.ulisboa.pt\/en\/\",\"logo\":{\"@type\":\"ImageObject\",\"inLanguage\":\"en-US\",\"@id\":\"https:\/\/www.iseg.ulisboa.pt\/en\/#\/schema\/logo\/image\/\",\"url\":\"https:\/\/www.iseg.ulisboa.pt\/wp-content\/uploads\/2021\/02\/iseg-logo-ul.svg\",\"contentUrl\":\"https:\/\/www.iseg.ulisboa.pt\/wp-content\/uploads\/2021\/02\/iseg-logo-ul.svg\",\"width\":250,\"height\":120,\"caption\":\"ISEG\"},\"image\":{\"@id\":\"https:\/\/www.iseg.ulisboa.pt\/en\/#\/schema\/logo\/image\/\"},\"sameAs\":[\"https:\/\/www.facebook.com\/iseg.pt\",\"https:\/\/x.com\/iseglisbon\",\"https:\/\/www.instagram.com\/iseglisbon\/\",\"https:\/\/www.linkedin.com\/school\/iseglisbon\/\",\"https:\/\/www.youtube.com\/user\/DMREISEG\"]}]}<\/script>\n<!-- \/ Yoast SEO plugin. -->","yoast_head_json":{"title":"Guided visit to the exhibition \u201cDeconstructing Colonialism, Decolonizing the Imaginary\" - ISEG","robots":{"index":"index","follow":"follow","max-snippet":"max-snippet:-1","max-image-preview":"max-image-preview:large","max-video-preview":"max-video-preview:-1"},"canonical":"https:\/\/www.iseg.ulisboa.pt\/en\/event\/guided-tour-of-the-exhibition-deconstructing-colonialism-decolonizing-the-imagination\/","twitter_misc":{"Est. reading time":"2 minutes"},"schema":{"@context":"https:\/\/schema.org","@graph":[{"@type":"WebPage","@id":"https:\/\/www.iseg.ulisboa.pt\/en\/event\/guided-tour-of-the-exhibition-deconstructing-colonialism-decolonizing-the-imagination\/","url":"https:\/\/www.iseg.ulisboa.pt\/en\/event\/guided-tour-of-the-exhibition-deconstructing-colonialism-decolonizing-the-imagination\/","name":"Guided visit to the exhibition \u201cDeconstructing Colonialism, Decolonizing the Imaginary\" - ISEG","isPartOf":{"@id":"https:\/\/www.iseg.ulisboa.pt\/en\/#website"},"primaryImageOfPage":{"@id":"https:\/\/www.iseg.ulisboa.pt\/en\/event\/guided-tour-of-the-exhibition-deconstructing-colonialism-decolonizing-the-imagination\/#primaryimage"},"image":{"@id":"https:\/\/www.iseg.ulisboa.pt\/en\/event\/guided-tour-of-the-exhibition-deconstructing-colonialism-decolonizing-the-imagination\/#primaryimage"},"thumbnailUrl":"https:\/\/www.iseg.ulisboa.pt\/wp-content\/uploads\/Exposicao_MuseuEtnologia_MetaTag.png","datePublished":"2025-12-09T18:08:47+00:00","dateModified":"2025-12-10T10:37:50+00:00","breadcrumb":{"@id":"https:\/\/www.iseg.ulisboa.pt\/en\/event\/guided-tour-of-the-exhibition-deconstructing-colonialism-decolonizing-the-imagination\/#breadcrumb"},"inLanguage":"en-US","potentialAction":[{"@type":"ReadAction","target":["https:\/\/www.iseg.ulisboa.pt\/en\/event\/guided-tour-of-the-exhibition-deconstructing-colonialism-decolonizing-the-imagination\/"]}]},{"@type":"ImageObject","inLanguage":"en-US","@id":"https:\/\/www.iseg.ulisboa.pt\/en\/event\/guided-tour-of-the-exhibition-deconstructing-colonialism-decolonizing-the-imagination\/#primaryimage","url":"https:\/\/www.iseg.ulisboa.pt\/wp-content\/uploads\/Exposicao_MuseuEtnologia_MetaTag.png","contentUrl":"https:\/\/www.iseg.ulisboa.pt\/wp-content\/uploads\/Exposicao_MuseuEtnologia_MetaTag.png"},{"@type":"BreadcrumbList","@id":"https:\/\/www.iseg.ulisboa.pt\/en\/event\/guided-tour-of-the-exhibition-deconstructing-colonialism-decolonizing-the-imagination\/#breadcrumb","itemListElement":[{"@type":"ListItem","position":1,"name":"Home","item":"https:\/\/www.iseg.ulisboa.pt\/"},{"@type":"ListItem","position":2,"name":"Visita guiada \u00e0 Exposi\u00e7\u00e3o \u201cDesconstruir o Colonialismo, Descolonizar o Imagin\u00e1rio&#8221;"}]},{"@type":"WebSite","@id":"https:\/\/www.iseg.ulisboa.pt\/en\/#website","url":"https:\/\/www.iseg.ulisboa.pt\/en\/","name":"ISEG","description":"Lisbon School of Economics &amp; Management","publisher":{"@id":"https:\/\/www.iseg.ulisboa.pt\/en\/#organization"},"potentialAction":[{"@type":"SearchAction","target":{"@type":"EntryPoint","urlTemplate":"https:\/\/www.iseg.ulisboa.pt\/en\/?s={search_term_string}"},"query-input":"required name=search_term_string"}],"inLanguage":"en-US"},{"@type":"Organization","@id":"https:\/\/www.iseg.ulisboa.pt\/en\/#organization","name":"ISEG","url":"https:\/\/www.iseg.ulisboa.pt\/en\/","logo":{"@type":"ImageObject","inLanguage":"en-US","@id":"https:\/\/www.iseg.ulisboa.pt\/en\/#\/schema\/logo\/image\/","url":"https:\/\/www.iseg.ulisboa.pt\/wp-content\/uploads\/2021\/02\/iseg-logo-ul.svg","contentUrl":"https:\/\/www.iseg.ulisboa.pt\/wp-content\/uploads\/2021\/02\/iseg-logo-ul.svg","width":250,"height":120,"caption":"ISEG"},"image":{"@id":"https:\/\/www.iseg.ulisboa.pt\/en\/#\/schema\/logo\/image\/"},"sameAs":["https:\/\/www.facebook.com\/iseg.pt","https:\/\/x.com\/iseglisbon","https:\/\/www.instagram.com\/iseglisbon\/","https:\/\/www.linkedin.com\/school\/iseglisbon\/","https:\/\/www.youtube.com\/user\/DMREISEG"]}]}},"uagb_featured_image_src":{"full":false,"thumbnail":false,"medium":false,"medium_large":false,"large":false,"1536x1536":false,"2048x2048":false,"trp-custom-language-flag":false},"uagb_author_info":{"display_name":"paulamonteiro","author_link":"https:\/\/www.iseg.ulisboa.pt\/en\/author\/"},"uagb_comment_info":0,"uagb_excerpt":"O&nbsp;Grupo de Investiga\u00e7\u00e3o em Desenvolvimento e Transi\u00e7\u00f5es Sustent\u00e1veis da ISEG Research&nbsp;e o&nbsp;Museu Nacional de Etnologia&nbsp;promovem uma reflex\u00e3o cr\u00edtica sobre os mitos do colonialismo portugu\u00eas em \u00c1frica atrav\u00e9s da exposi\u00e7\u00e3o \u201cDesconstruir&nbsp;[...]","_links":{"self":[{"href":"https:\/\/www.iseg.ulisboa.pt\/en\/wp-json\/wp\/v2\/event\/66032"}],"collection":[{"href":"https:\/\/www.iseg.ulisboa.pt\/en\/wp-json\/wp\/v2\/event"}],"about":[{"href":"https:\/\/www.iseg.ulisboa.pt\/en\/wp-json\/wp\/v2\/types\/event"}],"version-history":[{"count":0,"href":"https:\/\/www.iseg.ulisboa.pt\/en\/wp-json\/wp\/v2\/event\/66032\/revisions"}],"wp:attachment":[{"href":"https:\/\/www.iseg.ulisboa.pt\/en\/wp-json\/wp\/v2\/media?parent=66032"}],"wp:term":[{"taxonomy":"topic","embeddable":true,"href":"https:\/\/www.iseg.ulisboa.pt\/en\/wp-json\/wp\/v2\/topic?post=66032"},{"taxonomy":"event_type","embeddable":true,"href":"https:\/\/www.iseg.ulisboa.pt\/en\/wp-json\/wp\/v2\/event_type?post=66032"}],"curies":[{"name":"wp","href":"https:\/\/api.w.org\/{rel}","templated":true}]}}

<p>The&nbsp;<strong>ISEG Research Group on Development and Sustainable Transitions</strong>&nbsp;, together with the&nbsp;<strong>National Anthropology Museum</strong>&nbsp;are holding a critical reflection on the myths of Portuguese colonialism in Africa through the “<strong>Deconstructing Colonialism, Decolonizing the Imaginary”. Portuguese Colonialism in Africa: Myths and Realities</strong>” exhibition, on display until 29 March 2026, at the&nbsp;<strong>National Anthropology Museum</strong>.</p>



<p>Conceived and coordinated by Isabel Castro Henriques to mark the 50th anniversary of "25 de Abril", the exhibition combines historical research and African art to renew knowledge about the colonial past. The exhibition is organised around two axes: the historical narrative, built on the work of around 30 researchers, and extensive iconographic documentation; the voice of African cultures, expressed in 139 works from the collections of the National Museum of Ethnology, the Calouste Gulbenkian Foundation and private collectors.</p>



<p>On <strong>14 December 2025</strong>, at <strong>11.30</strong>, there will be a <strong>guided tour of the exhibition</strong> carried out by researcher Inocência Mata (Universidade de Lisboa).</p>



<p>Free entry, subject to pre-registration by sending an email to: <a href="mailto:se.mnetnologia@museusemonumentos.pt">se.mnetnologia@museusemonumentos.pt</a>.</p>



<p>Further information <a href="https://museudeetnologia.pt/exposicoes-temporarias/exposicao-desconstruir-o-colonialismo-descolonizar-o-imaginario/" target="_blank" rel="noreferrer noopener">here.</a></p>



<figure class="wp-block-image size-full"><img loading="lazy" decoding="async" width="1200" height="630" src="https://www.iseg.ulisboa.pt/wp-content/uploads/Exposicao_MuseuEtnologia_MetaTag.png" alt="" class="wp-image-66034" srcset="https://www.iseg.ulisboa.pt/wp-content/uploads/Exposicao_MuseuEtnologia_MetaTag.png 1200w, https://www.iseg.ulisboa.pt/wp-content/uploads/Exposicao_MuseuEtnologia_MetaTag-300x158.png 300w, https://www.iseg.ulisboa.pt/wp-content/uploads/Exposicao_MuseuEtnologia_MetaTag-18x9.png 18w" sizes="(max-width: 1200px) 100vw, 1200px" /></figure>

<!-- This site is optimized with the Yoast SEO plugin v22.6 - https://yoast.com/wordpress/plugins/seo/ -->
<title>Visita guiada à Exposição “Desconstruir o Colonialismo, Descolonizar o Imaginário&quot; - ISEG</title>
<meta name="robots" content="index, follow, max-snippet:-1, max-image-preview:large, max-video-preview:-1" />
<link rel="canonical" href="https://www.iseg.ulisboa.pt/en/event/guided-tour-of-the-exhibition-deconstructing-colonialism-decolonizing-the-imagination/" />
<meta name="twitter:label1" content="Est. reading time" />
	<meta name="twitter:data1" content="2 minutes" />
<script type="application/ld+json" class="yoast-schema-graph">{"@context":"https://schema.org","@graph":[{"@type":"WebPage","@id":"https://www.iseg.ulisboa.pt/en/event/guided-tour-of-the-exhibition-deconstructing-colonialism-decolonizing-the-imagination/","url":"https://www.iseg.ulisboa.pt/en/event/guided-tour-of-the-exhibition-deconstructing-colonialism-decolonizing-the-imagination/","name":"Visita guiada à Exposição “Desconstruir o Colonialismo, Descolonizar o Imaginário\" - ISEG","isPartOf":{"@id":"https://www.iseg.ulisboa.pt/en/#website"},"primaryImageOfPage":{"@id":"https://www.iseg.ulisboa.pt/en/event/guided-tour-of-the-exhibition-deconstructing-colonialism-decolonizing-the-imagination/#primaryimage"},"image":{"@id":"https://www.iseg.ulisboa.pt/en/event/guided-tour-of-the-exhibition-deconstructing-colonialism-decolonizing-the-imagination/#primaryimage"},"thumbnailUrl":"https://www.iseg.ulisboa.pt/wp-content/uploads/Exposicao_MuseuEtnologia_MetaTag.png","datePublished":"2025-12-09T18:08:47+00:00","dateModified":"2025-12-10T10:37:50+00:00","breadcrumb":{"@id":"https://www.iseg.ulisboa.pt/en/event/guided-tour-of-the-exhibition-deconstructing-colonialism-decolonizing-the-imagination/#breadcrumb"},"inLanguage":"en-US","potentialAction":[{"@type":"ReadAction","target":["https://www.iseg.ulisboa.pt/en/event/guided-tour-of-the-exhibition-deconstructing-colonialism-decolonizing-the-imagination/"]}]},{"@type":"ImageObject","inLanguage":"en-US","@id":"https://www.iseg.ulisboa.pt/en/event/guided-tour-of-the-exhibition-deconstructing-colonialism-decolonizing-the-imagination/#primaryimage","url":"https://www.iseg.ulisboa.pt/wp-content/uploads/Exposicao_MuseuEtnologia_MetaTag.png","contentUrl":"https://www.iseg.ulisboa.pt/wp-content/uploads/Exposicao_MuseuEtnologia_MetaTag.png"},{"@type":"BreadcrumbList","@id":"https://www.iseg.ulisboa.pt/en/event/guided-tour-of-the-exhibition-deconstructing-colonialism-decolonizing-the-imagination/#breadcrumb","itemListElement":[{"@type":"ListItem","position":1,"name":"Home","item":"https://www.iseg.ulisboa.pt/"},{"@type":"ListItem","position":2,"name":"Visita guiada à Exposição “Desconstruir o Colonialismo, Descolonizar o Imaginário&#8221;"}]},{"@type":"WebSite","@id":"https://www.iseg.ulisboa.pt/en/#website","url":"https://www.iseg.ulisboa.pt/en/","name":"ISEG","description":"Lisbon School of Economics &amp; Management","publisher":{"@id":"https://www.iseg.ulisboa.pt/en/#organization"},"potentialAction":[{"@type":"SearchAction","target":{"@type":"EntryPoint","urlTemplate":"https://www.iseg.ulisboa.pt/en/?s={search_term_string}"},"query-input":"required name=search_term_string"}],"inLanguage":"en-US"},{"@type":"Organization","@id":"https://www.iseg.ulisboa.pt/en/#organization","name":"ISEG","url":"https://www.iseg.ulisboa.pt/en/","logo":{"@type":"ImageObject","inLanguage":"en-US","@id":"https://www.iseg.ulisboa.pt/en/#/schema/logo/image/","url":"https://www.iseg.ulisboa.pt/wp-content/uploads/2021/02/iseg-logo-ul.svg","contentUrl":"https://www.iseg.ulisboa.pt/wp-content/uploads/2021/02/iseg-logo-ul.svg","width":250,"height":120,"caption":"ISEG"},"image":{"@id":"https://www.iseg.ulisboa.pt/en/#/schema/logo/image/"},"sameAs":["https://www.facebook.com/iseg.pt","https://x.com/iseglisbon","https://www.instagram.com/iseglisbon/","https://www.linkedin.com/school/iseglisbon/","https://www.youtube.com/user/DMREISEG"]}]}</script>
<!-- / Yoast SEO plugin. -->

Visita guiada à Exposição “Desconstruir o Colonialismo, Descolonizar o Imaginário&#8221;

O&nbsp;Grupo de Investigação em Desenvolvimento e Transições Sustentáveis da ISEG Research&nbsp;e o&nbsp;Museu Nacional de Etnologia&nbsp;promovem uma reflexão crítica sobre os mitos do colonialismo português em África através da exposição “Desconstruir&nbsp;[...]
