{"id":67681,"date":"2026-02-27T13:47:56","date_gmt":"2026-02-27T13:47:56","guid":{"rendered":"https:\/\/www.iseg.ulisboa.pt\/?post_type=event&#038;p=67681"},"modified":"2026-03-09T14:51:51","modified_gmt":"2026-03-09T14:51:51","slug":"iseg-research-seminars-26-patricia-justino","status":"publish","type":"event","link":"https:\/\/www.iseg.ulisboa.pt\/en\/event\/iseg-research-seminars-26-patricia-justino\/","title":{"rendered":"ISEG Research Seminars \u201926 | Patr\u00edcia Justino"},"content":{"rendered":"<p>On Wednesday&nbsp;<strong>11 March<\/strong>, a session of the ISEG Research Seminars will take place from 13.00 to 14.00. The guest speaker will be&nbsp;<strong>Patr\u00edcia Justino&nbsp;<\/strong>(UNU - WIDER).<\/p>\n\n\n\n<p>The\u00a0<a href=\"https:\/\/www.iseg.ulisboa.pt\/en\/2026\/02\/iseg-research-seminars26\/\" target=\"_blank\" rel=\"noreferrer noopener\">ISEG Research Seminars<\/a>\u00a0are held every week on Wednesdays, with the participation of professors from ISEG, as well as from other Portuguese and international educational institutions.<\/p>\n\n\n\n<p class=\"has-iseg-red-color has-text-color has-link-color has-large-font-size wp-elements-1577464b9ad488d8cba86b0d0a193c5b\"><strong>Abstract<\/strong><\/p>\n\n\n\n<p>This paper examines the erosion of trust as a global phenomenon and explores its implications for social cohesion and governance. Drawing on data from the World Values Survey and regional barometers, the analysis focuses on the two key dimensions of trust-interpersonal and institutional-across different socio-economic and geopolitical contexts. The results reveal a sharp global decline in institutional trust, while interpersonal trust follows a more mixed trajectory. Trust erosion appears particularly pronounced in low-income countries and among younger generations, where it is exacerbated by factors such as inequality, corruption, and political instability. The findings further show that trust levels significantly influence social cohesion, civic engagement, and perceptions of governance. In particular, the analysis identifies a positive correlation between institutional trust and support for economic redistribution, highlighting the role of effective governance in fostering trust. The paper concludes by emphasizing the importance of institutional reform and international cooperation to rebuild trust-especially in fragile states-in order to strengthen social contracts and promote sustainable development.<\/p>\n\n\n\n<figure class=\"wp-block-image size-full\"><img loading=\"lazy\" decoding=\"async\" width=\"1200\" height=\"630\" src=\"https:\/\/www.iseg.ulisboa.pt\/wp-content\/uploads\/ISEG_Research_Seminars26_MetaTag.png\" alt=\"\" class=\"wp-image-67682\" srcset=\"https:\/\/www.iseg.ulisboa.pt\/wp-content\/uploads\/ISEG_Research_Seminars26_MetaTag.png 1200w, https:\/\/www.iseg.ulisboa.pt\/wp-content\/uploads\/ISEG_Research_Seminars26_MetaTag-300x158.png 300w, https:\/\/www.iseg.ulisboa.pt\/wp-content\/uploads\/ISEG_Research_Seminars26_MetaTag-18x9.png 18w\" sizes=\"(max-width: 1200px) 100vw, 1200px\" \/><\/figure>","protected":false},"excerpt":{"rendered":"Na quarta-feira, dia&nbsp;11 de mar\u00e7o, entre as 13h00 e as 14h00, tem lugar uma sess\u00e3o dos ISEG Research Seminars. O orador convidado ser\u00e1&nbsp;Patr\u00edcia Justino&nbsp;(UNU &#8211; WIDER). Os\u00a0Semin\u00e1rios ISEG Research\u00a0decorrem semanalmente,&nbsp;[&#8230;]","protected":false},"featured_media":67666,"template":"","topic":[1401,3424],"event_type":[1155],"acf":[],"yoast_head":"<!-- This site is optimized with the Yoast SEO plugin v22.6 - https:\/\/yoast.com\/wordpress\/plugins\/seo\/ -->\n<title>ISEG Research Seminars \u201926 | Patr\u00edcia Justino - ISEG<\/title>\n<meta name=\"robots\" content=\"index, follow, max-snippet:-1, max-image-preview:large, max-video-preview:-1\" \/>\n<link rel=\"canonical\" href=\"https:\/\/www.iseg.ulisboa.pt\/en\/event\/iseg-research-seminars-26-patricia-justino\/\" \/>\n<meta name=\"twitter:label1\" content=\"Est. reading time\" \/>\n\t<meta name=\"twitter:data1\" content=\"2 minutes\" \/>\n<script type=\"application\/ld+json\" class=\"yoast-schema-graph\">{\"@context\":\"https:\/\/schema.org\",\"@graph\":[{\"@type\":\"WebPage\",\"@id\":\"https:\/\/www.iseg.ulisboa.pt\/en\/event\/iseg-research-seminars-26-patricia-justino\/\",\"url\":\"https:\/\/www.iseg.ulisboa.pt\/en\/event\/iseg-research-seminars-26-patricia-justino\/\",\"name\":\"ISEG Research Seminars \u201926 | Patr\u00edcia Justino - ISEG\",\"isPartOf\":{\"@id\":\"https:\/\/www.iseg.ulisboa.pt\/en\/#website\"},\"primaryImageOfPage\":{\"@id\":\"https:\/\/www.iseg.ulisboa.pt\/en\/event\/iseg-research-seminars-26-patricia-justino\/#primaryimage\"},\"image\":{\"@id\":\"https:\/\/www.iseg.ulisboa.pt\/en\/event\/iseg-research-seminars-26-patricia-justino\/#primaryimage\"},\"thumbnailUrl\":\"https:\/\/www.iseg.ulisboa.pt\/wp-content\/uploads\/ISEG_Research_Seminars26_Evento.png\",\"datePublished\":\"2026-02-27T13:47:56+00:00\",\"dateModified\":\"2026-03-09T14:51:51+00:00\",\"breadcrumb\":{\"@id\":\"https:\/\/www.iseg.ulisboa.pt\/en\/event\/iseg-research-seminars-26-patricia-justino\/#breadcrumb\"},\"inLanguage\":\"en-US\",\"potentialAction\":[{\"@type\":\"ReadAction\",\"target\":[\"https:\/\/www.iseg.ulisboa.pt\/en\/event\/iseg-research-seminars-26-patricia-justino\/\"]}]},{\"@type\":\"ImageObject\",\"inLanguage\":\"en-US\",\"@id\":\"https:\/\/www.iseg.ulisboa.pt\/en\/event\/iseg-research-seminars-26-patricia-justino\/#primaryimage\",\"url\":\"https:\/\/www.iseg.ulisboa.pt\/wp-content\/uploads\/ISEG_Research_Seminars26_Evento.png\",\"contentUrl\":\"https:\/\/www.iseg.ulisboa.pt\/wp-content\/uploads\/ISEG_Research_Seminars26_Evento.png\",\"width\":1200,\"height\":630},{\"@type\":\"BreadcrumbList\",\"@id\":\"https:\/\/www.iseg.ulisboa.pt\/en\/event\/iseg-research-seminars-26-patricia-justino\/#breadcrumb\",\"itemListElement\":[{\"@type\":\"ListItem\",\"position\":1,\"name\":\"Home\",\"item\":\"https:\/\/www.iseg.ulisboa.pt\/\"},{\"@type\":\"ListItem\",\"position\":2,\"name\":\"ISEG Research Seminars \u201926 | Patr\u00edcia Justino\"}]},{\"@type\":\"WebSite\",\"@id\":\"https:\/\/www.iseg.ulisboa.pt\/en\/#website\",\"url\":\"https:\/\/www.iseg.ulisboa.pt\/en\/\",\"name\":\"ISEG\",\"description\":\"Lisbon School of Economics &amp; Management\",\"publisher\":{\"@id\":\"https:\/\/www.iseg.ulisboa.pt\/en\/#organization\"},\"potentialAction\":[{\"@type\":\"SearchAction\",\"target\":{\"@type\":\"EntryPoint\",\"urlTemplate\":\"https:\/\/www.iseg.ulisboa.pt\/en\/?s={search_term_string}\"},\"query-input\":\"required name=search_term_string\"}],\"inLanguage\":\"en-US\"},{\"@type\":\"Organization\",\"@id\":\"https:\/\/www.iseg.ulisboa.pt\/en\/#organization\",\"name\":\"ISEG\",\"url\":\"https:\/\/www.iseg.ulisboa.pt\/en\/\",\"logo\":{\"@type\":\"ImageObject\",\"inLanguage\":\"en-US\",\"@id\":\"https:\/\/www.iseg.ulisboa.pt\/en\/#\/schema\/logo\/image\/\",\"url\":\"https:\/\/www.iseg.ulisboa.pt\/wp-content\/uploads\/2021\/02\/iseg-logo-ul.svg\",\"contentUrl\":\"https:\/\/www.iseg.ulisboa.pt\/wp-content\/uploads\/2021\/02\/iseg-logo-ul.svg\",\"width\":250,\"height\":120,\"caption\":\"ISEG\"},\"image\":{\"@id\":\"https:\/\/www.iseg.ulisboa.pt\/en\/#\/schema\/logo\/image\/\"},\"sameAs\":[\"https:\/\/www.facebook.com\/iseg.pt\",\"https:\/\/x.com\/iseglisbon\",\"https:\/\/www.instagram.com\/iseglisbon\/\",\"https:\/\/www.linkedin.com\/school\/iseglisbon\/\",\"https:\/\/www.youtube.com\/user\/DMREISEG\"]}]}<\/script>\n<!-- \/ Yoast SEO plugin. -->","yoast_head_json":{"title":"ISEG Research Seminars \u201926 | Patr\u00edcia Justino - ISEG","robots":{"index":"index","follow":"follow","max-snippet":"max-snippet:-1","max-image-preview":"max-image-preview:large","max-video-preview":"max-video-preview:-1"},"canonical":"https:\/\/www.iseg.ulisboa.pt\/en\/event\/iseg-research-seminars-26-patricia-justino\/","twitter_misc":{"Est. reading time":"2 minutes"},"schema":{"@context":"https:\/\/schema.org","@graph":[{"@type":"WebPage","@id":"https:\/\/www.iseg.ulisboa.pt\/en\/event\/iseg-research-seminars-26-patricia-justino\/","url":"https:\/\/www.iseg.ulisboa.pt\/en\/event\/iseg-research-seminars-26-patricia-justino\/","name":"ISEG Research Seminars \u201926 | Patr\u00edcia Justino - ISEG","isPartOf":{"@id":"https:\/\/www.iseg.ulisboa.pt\/en\/#website"},"primaryImageOfPage":{"@id":"https:\/\/www.iseg.ulisboa.pt\/en\/event\/iseg-research-seminars-26-patricia-justino\/#primaryimage"},"image":{"@id":"https:\/\/www.iseg.ulisboa.pt\/en\/event\/iseg-research-seminars-26-patricia-justino\/#primaryimage"},"thumbnailUrl":"https:\/\/www.iseg.ulisboa.pt\/wp-content\/uploads\/ISEG_Research_Seminars26_Evento.png","datePublished":"2026-02-27T13:47:56+00:00","dateModified":"2026-03-09T14:51:51+00:00","breadcrumb":{"@id":"https:\/\/www.iseg.ulisboa.pt\/en\/event\/iseg-research-seminars-26-patricia-justino\/#breadcrumb"},"inLanguage":"en-US","potentialAction":[{"@type":"ReadAction","target":["https:\/\/www.iseg.ulisboa.pt\/en\/event\/iseg-research-seminars-26-patricia-justino\/"]}]},{"@type":"ImageObject","inLanguage":"en-US","@id":"https:\/\/www.iseg.ulisboa.pt\/en\/event\/iseg-research-seminars-26-patricia-justino\/#primaryimage","url":"https:\/\/www.iseg.ulisboa.pt\/wp-content\/uploads\/ISEG_Research_Seminars26_Evento.png","contentUrl":"https:\/\/www.iseg.ulisboa.pt\/wp-content\/uploads\/ISEG_Research_Seminars26_Evento.png","width":1200,"height":630},{"@type":"BreadcrumbList","@id":"https:\/\/www.iseg.ulisboa.pt\/en\/event\/iseg-research-seminars-26-patricia-justino\/#breadcrumb","itemListElement":[{"@type":"ListItem","position":1,"name":"Home","item":"https:\/\/www.iseg.ulisboa.pt\/"},{"@type":"ListItem","position":2,"name":"ISEG Research Seminars \u201926 | Patr\u00edcia Justino"}]},{"@type":"WebSite","@id":"https:\/\/www.iseg.ulisboa.pt\/en\/#website","url":"https:\/\/www.iseg.ulisboa.pt\/en\/","name":"ISEG","description":"Lisbon School of Economics &amp; Management","publisher":{"@id":"https:\/\/www.iseg.ulisboa.pt\/en\/#organization"},"potentialAction":[{"@type":"SearchAction","target":{"@type":"EntryPoint","urlTemplate":"https:\/\/www.iseg.ulisboa.pt\/en\/?s={search_term_string}"},"query-input":"required name=search_term_string"}],"inLanguage":"en-US"},{"@type":"Organization","@id":"https:\/\/www.iseg.ulisboa.pt\/en\/#organization","name":"ISEG","url":"https:\/\/www.iseg.ulisboa.pt\/en\/","logo":{"@type":"ImageObject","inLanguage":"en-US","@id":"https:\/\/www.iseg.ulisboa.pt\/en\/#\/schema\/logo\/image\/","url":"https:\/\/www.iseg.ulisboa.pt\/wp-content\/uploads\/2021\/02\/iseg-logo-ul.svg","contentUrl":"https:\/\/www.iseg.ulisboa.pt\/wp-content\/uploads\/2021\/02\/iseg-logo-ul.svg","width":250,"height":120,"caption":"ISEG"},"image":{"@id":"https:\/\/www.iseg.ulisboa.pt\/en\/#\/schema\/logo\/image\/"},"sameAs":["https:\/\/www.facebook.com\/iseg.pt","https:\/\/x.com\/iseglisbon","https:\/\/www.instagram.com\/iseglisbon\/","https:\/\/www.linkedin.com\/school\/iseglisbon\/","https:\/\/www.youtube.com\/user\/DMREISEG"]}]}},"uagb_featured_image_src":{"full":["https:\/\/www.iseg.ulisboa.pt\/wp-content\/uploads\/ISEG_Research_Seminars26_Evento.png",1200,630,false],"thumbnail":["https:\/\/www.iseg.ulisboa.pt\/wp-content\/uploads\/ISEG_Research_Seminars26_Evento-150x150.png",150,150,true],"medium":["https:\/\/www.iseg.ulisboa.pt\/wp-content\/uploads\/ISEG_Research_Seminars26_Evento-300x158.png",300,158,true],"medium_large":["https:\/\/www.iseg.ulisboa.pt\/wp-content\/uploads\/ISEG_Research_Seminars26_Evento.png",768,403,false],"large":["https:\/\/www.iseg.ulisboa.pt\/wp-content\/uploads\/ISEG_Research_Seminars26_Evento.png",1024,538,false],"1536x1536":["https:\/\/www.iseg.ulisboa.pt\/wp-content\/uploads\/ISEG_Research_Seminars26_Evento.png",1200,630,false],"2048x2048":["https:\/\/www.iseg.ulisboa.pt\/wp-content\/uploads\/ISEG_Research_Seminars26_Evento.png",1200,630,false],"trp-custom-language-flag":["https:\/\/www.iseg.ulisboa.pt\/wp-content\/uploads\/ISEG_Research_Seminars26_Evento-18x9.png",18,9,true]},"uagb_author_info":{"display_name":"paulamonteiro","author_link":"https:\/\/www.iseg.ulisboa.pt\/en\/author\/"},"uagb_comment_info":0,"uagb_excerpt":"Na quarta-feira, dia&nbsp;11 de mar\u00e7o, entre as 13h00 e as 14h00, tem lugar uma sess\u00e3o dos ISEG Research Seminars. O orador convidado ser\u00e1&nbsp;Patr\u00edcia Justino&nbsp;(UNU &#8211; WIDER). Os\u00a0Semin\u00e1rios ISEG Research\u00a0decorrem semanalmente,&nbsp;[...]","_links":{"self":[{"href":"https:\/\/www.iseg.ulisboa.pt\/en\/wp-json\/wp\/v2\/event\/67681"}],"collection":[{"href":"https:\/\/www.iseg.ulisboa.pt\/en\/wp-json\/wp\/v2\/event"}],"about":[{"href":"https:\/\/www.iseg.ulisboa.pt\/en\/wp-json\/wp\/v2\/types\/event"}],"version-history":[{"count":0,"href":"https:\/\/www.iseg.ulisboa.pt\/en\/wp-json\/wp\/v2\/event\/67681\/revisions"}],"wp:featuredmedia":[{"embeddable":true,"href":"https:\/\/www.iseg.ulisboa.pt\/en\/wp-json\/wp\/v2\/media\/67666"}],"wp:attachment":[{"href":"https:\/\/www.iseg.ulisboa.pt\/en\/wp-json\/wp\/v2\/media?parent=67681"}],"wp:term":[{"taxonomy":"topic","embeddable":true,"href":"https:\/\/www.iseg.ulisboa.pt\/en\/wp-json\/wp\/v2\/topic?post=67681"},{"taxonomy":"event_type","embeddable":true,"href":"https:\/\/www.iseg.ulisboa.pt\/en\/wp-json\/wp\/v2\/event_type?post=67681"}],"curies":[{"name":"wp","href":"https:\/\/api.w.org\/{rel}","templated":true}]}}

ISEG Research Seminars ’26 | Patrícia Justino

<p>On Wednesday&nbsp;<strong>11 March</strong>, a session of the ISEG Research Seminars will take place from 13.00 to 14.00. The guest speaker will be&nbsp;<strong>Patrícia Justino&nbsp;</strong>(UNU - WIDER).</p>



<p>The <a href="https://www.iseg.ulisboa.pt/en/2026/02/iseg-research-seminars26/" target="_blank" rel="noreferrer noopener">ISEG Research Seminars</a> are held every week on Wednesdays, with the participation of professors from ISEG, as well as from other Portuguese and international educational institutions.</p>



<p class="has-iseg-red-color has-text-color has-link-color has-large-font-size wp-elements-1577464b9ad488d8cba86b0d0a193c5b"><strong>Abstract</strong></p>



<p>This paper examines the erosion of trust as a global phenomenon and explores its implications for social cohesion and governance. Drawing on data from the World Values Survey and regional barometers, the analysis focuses on the two key dimensions of trust-interpersonal and institutional-across different socio-economic and geopolitical contexts. The results reveal a sharp global decline in institutional trust, while interpersonal trust follows a more mixed trajectory. Trust erosion appears particularly pronounced in low-income countries and among younger generations, where it is exacerbated by factors such as inequality, corruption, and political instability. The findings further show that trust levels significantly influence social cohesion, civic engagement, and perceptions of governance. In particular, the analysis identifies a positive correlation between institutional trust and support for economic redistribution, highlighting the role of effective governance in fostering trust. The paper concludes by emphasizing the importance of institutional reform and international cooperation to rebuild trust-especially in fragile states-in order to strengthen social contracts and promote sustainable development.</p>



<figure class="wp-block-image size-full"><img loading="lazy" decoding="async" width="1200" height="630" src="https://www.iseg.ulisboa.pt/wp-content/uploads/ISEG_Research_Seminars26_MetaTag.png" alt="" class="wp-image-67682" srcset="https://www.iseg.ulisboa.pt/wp-content/uploads/ISEG_Research_Seminars26_MetaTag.png 1200w, https://www.iseg.ulisboa.pt/wp-content/uploads/ISEG_Research_Seminars26_MetaTag-300x158.png 300w, https://www.iseg.ulisboa.pt/wp-content/uploads/ISEG_Research_Seminars26_MetaTag-18x9.png 18w" sizes="(max-width: 1200px) 100vw, 1200px" /></figure>

Na quarta-feira, dia&nbsp;11 de março, entre as 13h00 e as 14h00, tem lugar uma sessão dos ISEG Research Seminars. O orador convidado será&nbsp;Patrícia Justino&nbsp;(UNU &#8211; WIDER). Os Seminários ISEG Research decorrem semanalmente,&nbsp;[&#8230;]

<!-- This site is optimized with the Yoast SEO plugin v22.6 - https://yoast.com/wordpress/plugins/seo/ -->
<title>ISEG Research Seminars ’26 | Patrícia Justino - ISEG</title>
<meta name="robots" content="index, follow, max-snippet:-1, max-image-preview:large, max-video-preview:-1" />
<link rel="canonical" href="https://www.iseg.ulisboa.pt/en/event/iseg-research-seminars-26-patricia-justino/" />
<meta name="twitter:label1" content="Est. reading time" />
	<meta name="twitter:data1" content="2 minutes" />
<script type="application/ld+json" class="yoast-schema-graph">{"@context":"https://schema.org","@graph":[{"@type":"WebPage","@id":"https://www.iseg.ulisboa.pt/en/event/iseg-research-seminars-26-patricia-justino/","url":"https://www.iseg.ulisboa.pt/en/event/iseg-research-seminars-26-patricia-justino/","name":"ISEG Research Seminars ’26 | Patrícia Justino - ISEG","isPartOf":{"@id":"https://www.iseg.ulisboa.pt/en/#website"},"primaryImageOfPage":{"@id":"https://www.iseg.ulisboa.pt/en/event/iseg-research-seminars-26-patricia-justino/#primaryimage"},"image":{"@id":"https://www.iseg.ulisboa.pt/en/event/iseg-research-seminars-26-patricia-justino/#primaryimage"},"thumbnailUrl":"https://www.iseg.ulisboa.pt/wp-content/uploads/ISEG_Research_Seminars26_Evento.png","datePublished":"2026-02-27T13:47:56+00:00","dateModified":"2026-03-09T14:51:51+00:00","breadcrumb":{"@id":"https://www.iseg.ulisboa.pt/en/event/iseg-research-seminars-26-patricia-justino/#breadcrumb"},"inLanguage":"en-US","potentialAction":[{"@type":"ReadAction","target":["https://www.iseg.ulisboa.pt/en/event/iseg-research-seminars-26-patricia-justino/"]}]},{"@type":"ImageObject","inLanguage":"en-US","@id":"https://www.iseg.ulisboa.pt/en/event/iseg-research-seminars-26-patricia-justino/#primaryimage","url":"https://www.iseg.ulisboa.pt/wp-content/uploads/ISEG_Research_Seminars26_Evento.png","contentUrl":"https://www.iseg.ulisboa.pt/wp-content/uploads/ISEG_Research_Seminars26_Evento.png","width":1200,"height":630},{"@type":"BreadcrumbList","@id":"https://www.iseg.ulisboa.pt/en/event/iseg-research-seminars-26-patricia-justino/#breadcrumb","itemListElement":[{"@type":"ListItem","position":1,"name":"Home","item":"https://www.iseg.ulisboa.pt/"},{"@type":"ListItem","position":2,"name":"ISEG Research Seminars ’26 | Patrícia Justino"}]},{"@type":"WebSite","@id":"https://www.iseg.ulisboa.pt/en/#website","url":"https://www.iseg.ulisboa.pt/en/","name":"ISEG","description":"Lisbon School of Economics &amp; Management","publisher":{"@id":"https://www.iseg.ulisboa.pt/en/#organization"},"potentialAction":[{"@type":"SearchAction","target":{"@type":"EntryPoint","urlTemplate":"https://www.iseg.ulisboa.pt/en/?s={search_term_string}"},"query-input":"required name=search_term_string"}],"inLanguage":"en-US"},{"@type":"Organization","@id":"https://www.iseg.ulisboa.pt/en/#organization","name":"ISEG","url":"https://www.iseg.ulisboa.pt/en/","logo":{"@type":"ImageObject","inLanguage":"en-US","@id":"https://www.iseg.ulisboa.pt/en/#/schema/logo/image/","url":"https://www.iseg.ulisboa.pt/wp-content/uploads/2021/02/iseg-logo-ul.svg","contentUrl":"https://www.iseg.ulisboa.pt/wp-content/uploads/2021/02/iseg-logo-ul.svg","width":250,"height":120,"caption":"ISEG"},"image":{"@id":"https://www.iseg.ulisboa.pt/en/#/schema/logo/image/"},"sameAs":["https://www.facebook.com/iseg.pt","https://x.com/iseglisbon","https://www.instagram.com/iseglisbon/","https://www.linkedin.com/school/iseglisbon/","https://www.youtube.com/user/DMREISEG"]}]}</script>
<!-- / Yoast SEO plugin. -->

ISEG Research Seminars ’26 | Patrícia Justino - ISEG

Na quarta-feira, dia&nbsp;11 de março, entre as 13h00 e as 14h00, tem lugar uma sessão dos ISEG Research Seminars. O orador convidado será&nbsp;Patrícia Justino&nbsp;(UNU &#8211; WIDER). Os Seminários ISEG Research decorrem semanalmente,&nbsp;[...]
