{"id":67785,"date":"2026-03-05T11:26:12","date_gmt":"2026-03-05T11:26:12","guid":{"rendered":"https:\/\/www.iseg.ulisboa.pt\/?post_type=event&#038;p=67785"},"modified":"2026-03-05T11:26:17","modified_gmt":"2026-03-05T11:26:17","slug":"iseg-mini-forest-planting-workshop-3","status":"publish","type":"event","link":"https:\/\/www.iseg.ulisboa.pt\/en\/event\/iseg-mini-forest-planting-workshop-3\/","title":{"rendered":"Workshop | Planting of the ISEG Mini-Forest"},"content":{"rendered":"<p>After the hustle and bustle of the last session - for which we would like to sincerely thank all the participants - we are continuing the work of planting ISEG's mini-forest.<\/p>\n\n\n\n<p>On&nbsp;<strong>10 and 12 March<\/strong>, from&nbsp;<strong>10.00 to 17.00<\/strong>, we are back on the ground to complete this initiative. Participation is simple:&nbsp;<strong>just show up on time and join in the planting<\/strong>.<\/p>\n\n\n\n<p>Any help is welcome and makes a difference! It is essential to finish this process before spring arrives, ensuring that the plants have time to root properly before starting their growth, flowering and fruiting cycle.<\/p>\n\n\n\n<p><strong>Useful information<\/strong><\/p>\n\n\n\n<ul>\n<li>Activity open to all<\/li>\n\n\n\n<li>You can take part at any time during the indicated hours<\/li>\n\n\n\n<li>It is recommended that you wear comfortable clothes and shoes and bring water<\/li>\n<\/ul>\n\n\n\n<p>For further information, send an email to&nbsp;<a href=\"mailto:orianarb@socius.iseg.ulisboa.pt\">orianarb@socius.iseg.ulisboa.pt<\/a>.<\/p>\n\n\n\n<p>Join us and contribute to the growth of this mini-forest! \ud83c\udf31<\/p>","protected":false},"excerpt":{"rendered":"After the great bustle of the last session - for which we would like to thank all the participants - we are continuing the work of planting the mini-forest [...]","protected":false},"featured_media":67786,"template":"","topic":[3424,4768],"event_type":[1151],"acf":[],"yoast_head":"<!-- This site is optimized with the Yoast SEO plugin v22.6 - https:\/\/yoast.com\/wordpress\/plugins\/seo\/ -->\n<title>Workshop | Planta\u00e7\u00e3o da Mini-Floresta do ISEG - ISEG<\/title>\n<meta name=\"robots\" content=\"index, follow, max-snippet:-1, max-image-preview:large, max-video-preview:-1\" \/>\n<link rel=\"canonical\" href=\"https:\/\/www.iseg.ulisboa.pt\/en\/event\/iseg-mini-forest-planting-workshop-3\/\" \/>\n<meta name=\"twitter:label1\" content=\"Est. reading time\" \/>\n\t<meta name=\"twitter:data1\" content=\"2 minutes\" \/>\n<script type=\"application\/ld+json\" class=\"yoast-schema-graph\">{\"@context\":\"https:\/\/schema.org\",\"@graph\":[{\"@type\":\"WebPage\",\"@id\":\"https:\/\/www.iseg.ulisboa.pt\/en\/event\/iseg-mini-forest-planting-workshop-3\/\",\"url\":\"https:\/\/www.iseg.ulisboa.pt\/en\/event\/iseg-mini-forest-planting-workshop-3\/\",\"name\":\"Workshop | Planta\u00e7\u00e3o da Mini-Floresta do ISEG - ISEG\",\"isPartOf\":{\"@id\":\"https:\/\/www.iseg.ulisboa.pt\/en\/#website\"},\"primaryImageOfPage\":{\"@id\":\"https:\/\/www.iseg.ulisboa.pt\/en\/event\/iseg-mini-forest-planting-workshop-3\/#primaryimage\"},\"image\":{\"@id\":\"https:\/\/www.iseg.ulisboa.pt\/en\/event\/iseg-mini-forest-planting-workshop-3\/#primaryimage\"},\"thumbnailUrl\":\"https:\/\/www.iseg.ulisboa.pt\/wp-content\/uploads\/minifloresta.jpg\",\"datePublished\":\"2026-03-05T11:26:12+00:00\",\"dateModified\":\"2026-03-05T11:26:17+00:00\",\"breadcrumb\":{\"@id\":\"https:\/\/www.iseg.ulisboa.pt\/en\/event\/iseg-mini-forest-planting-workshop-3\/#breadcrumb\"},\"inLanguage\":\"en-US\",\"potentialAction\":[{\"@type\":\"ReadAction\",\"target\":[\"https:\/\/www.iseg.ulisboa.pt\/en\/event\/iseg-mini-forest-planting-workshop-3\/\"]}]},{\"@type\":\"ImageObject\",\"inLanguage\":\"en-US\",\"@id\":\"https:\/\/www.iseg.ulisboa.pt\/en\/event\/iseg-mini-forest-planting-workshop-3\/#primaryimage\",\"url\":\"https:\/\/www.iseg.ulisboa.pt\/wp-content\/uploads\/minifloresta.jpg\",\"contentUrl\":\"https:\/\/www.iseg.ulisboa.pt\/wp-content\/uploads\/minifloresta.jpg\",\"width\":2869,\"height\":1842},{\"@type\":\"BreadcrumbList\",\"@id\":\"https:\/\/www.iseg.ulisboa.pt\/en\/event\/iseg-mini-forest-planting-workshop-3\/#breadcrumb\",\"itemListElement\":[{\"@type\":\"ListItem\",\"position\":1,\"name\":\"Home\",\"item\":\"https:\/\/www.iseg.ulisboa.pt\/\"},{\"@type\":\"ListItem\",\"position\":2,\"name\":\"Workshop | Planta\u00e7\u00e3o da Mini-Floresta do ISEG\"}]},{\"@type\":\"WebSite\",\"@id\":\"https:\/\/www.iseg.ulisboa.pt\/en\/#website\",\"url\":\"https:\/\/www.iseg.ulisboa.pt\/en\/\",\"name\":\"ISEG\",\"description\":\"Lisbon School of Economics &amp; Management\",\"publisher\":{\"@id\":\"https:\/\/www.iseg.ulisboa.pt\/en\/#organization\"},\"potentialAction\":[{\"@type\":\"SearchAction\",\"target\":{\"@type\":\"EntryPoint\",\"urlTemplate\":\"https:\/\/www.iseg.ulisboa.pt\/en\/?s={search_term_string}\"},\"query-input\":\"required name=search_term_string\"}],\"inLanguage\":\"en-US\"},{\"@type\":\"Organization\",\"@id\":\"https:\/\/www.iseg.ulisboa.pt\/en\/#organization\",\"name\":\"ISEG\",\"url\":\"https:\/\/www.iseg.ulisboa.pt\/en\/\",\"logo\":{\"@type\":\"ImageObject\",\"inLanguage\":\"en-US\",\"@id\":\"https:\/\/www.iseg.ulisboa.pt\/en\/#\/schema\/logo\/image\/\",\"url\":\"https:\/\/www.iseg.ulisboa.pt\/wp-content\/uploads\/2021\/02\/iseg-logo-ul.svg\",\"contentUrl\":\"https:\/\/www.iseg.ulisboa.pt\/wp-content\/uploads\/2021\/02\/iseg-logo-ul.svg\",\"width\":250,\"height\":120,\"caption\":\"ISEG\"},\"image\":{\"@id\":\"https:\/\/www.iseg.ulisboa.pt\/en\/#\/schema\/logo\/image\/\"},\"sameAs\":[\"https:\/\/www.facebook.com\/iseg.pt\",\"https:\/\/x.com\/iseglisbon\",\"https:\/\/www.instagram.com\/iseglisbon\/\",\"https:\/\/www.linkedin.com\/school\/iseglisbon\/\",\"https:\/\/www.youtube.com\/user\/DMREISEG\"]}]}<\/script>\n<!-- \/ Yoast SEO plugin. -->","yoast_head_json":{"title":"Workshop | Planting of the ISEG Mini-Forest - ISEG","robots":{"index":"index","follow":"follow","max-snippet":"max-snippet:-1","max-image-preview":"max-image-preview:large","max-video-preview":"max-video-preview:-1"},"canonical":"https:\/\/www.iseg.ulisboa.pt\/en\/event\/iseg-mini-forest-planting-workshop-3\/","twitter_misc":{"Est. reading time":"2 minutes"},"schema":{"@context":"https:\/\/schema.org","@graph":[{"@type":"WebPage","@id":"https:\/\/www.iseg.ulisboa.pt\/en\/event\/iseg-mini-forest-planting-workshop-3\/","url":"https:\/\/www.iseg.ulisboa.pt\/en\/event\/iseg-mini-forest-planting-workshop-3\/","name":"Workshop | Planting of the ISEG Mini-Forest - ISEG","isPartOf":{"@id":"https:\/\/www.iseg.ulisboa.pt\/en\/#website"},"primaryImageOfPage":{"@id":"https:\/\/www.iseg.ulisboa.pt\/en\/event\/iseg-mini-forest-planting-workshop-3\/#primaryimage"},"image":{"@id":"https:\/\/www.iseg.ulisboa.pt\/en\/event\/iseg-mini-forest-planting-workshop-3\/#primaryimage"},"thumbnailUrl":"https:\/\/www.iseg.ulisboa.pt\/wp-content\/uploads\/minifloresta.jpg","datePublished":"2026-03-05T11:26:12+00:00","dateModified":"2026-03-05T11:26:17+00:00","breadcrumb":{"@id":"https:\/\/www.iseg.ulisboa.pt\/en\/event\/iseg-mini-forest-planting-workshop-3\/#breadcrumb"},"inLanguage":"en-US","potentialAction":[{"@type":"ReadAction","target":["https:\/\/www.iseg.ulisboa.pt\/en\/event\/iseg-mini-forest-planting-workshop-3\/"]}]},{"@type":"ImageObject","inLanguage":"en-US","@id":"https:\/\/www.iseg.ulisboa.pt\/en\/event\/iseg-mini-forest-planting-workshop-3\/#primaryimage","url":"https:\/\/www.iseg.ulisboa.pt\/wp-content\/uploads\/minifloresta.jpg","contentUrl":"https:\/\/www.iseg.ulisboa.pt\/wp-content\/uploads\/minifloresta.jpg","width":2869,"height":1842},{"@type":"BreadcrumbList","@id":"https:\/\/www.iseg.ulisboa.pt\/en\/event\/iseg-mini-forest-planting-workshop-3\/#breadcrumb","itemListElement":[{"@type":"ListItem","position":1,"name":"Home","item":"https:\/\/www.iseg.ulisboa.pt\/"},{"@type":"ListItem","position":2,"name":"Workshop | Planta\u00e7\u00e3o da Mini-Floresta do ISEG"}]},{"@type":"WebSite","@id":"https:\/\/www.iseg.ulisboa.pt\/en\/#website","url":"https:\/\/www.iseg.ulisboa.pt\/en\/","name":"ISEG","description":"Lisbon School of Economics &amp; Management","publisher":{"@id":"https:\/\/www.iseg.ulisboa.pt\/en\/#organization"},"potentialAction":[{"@type":"SearchAction","target":{"@type":"EntryPoint","urlTemplate":"https:\/\/www.iseg.ulisboa.pt\/en\/?s={search_term_string}"},"query-input":"required name=search_term_string"}],"inLanguage":"en-US"},{"@type":"Organization","@id":"https:\/\/www.iseg.ulisboa.pt\/en\/#organization","name":"ISEG","url":"https:\/\/www.iseg.ulisboa.pt\/en\/","logo":{"@type":"ImageObject","inLanguage":"en-US","@id":"https:\/\/www.iseg.ulisboa.pt\/en\/#\/schema\/logo\/image\/","url":"https:\/\/www.iseg.ulisboa.pt\/wp-content\/uploads\/2021\/02\/iseg-logo-ul.svg","contentUrl":"https:\/\/www.iseg.ulisboa.pt\/wp-content\/uploads\/2021\/02\/iseg-logo-ul.svg","width":250,"height":120,"caption":"ISEG"},"image":{"@id":"https:\/\/www.iseg.ulisboa.pt\/en\/#\/schema\/logo\/image\/"},"sameAs":["https:\/\/www.facebook.com\/iseg.pt","https:\/\/x.com\/iseglisbon","https:\/\/www.instagram.com\/iseglisbon\/","https:\/\/www.linkedin.com\/school\/iseglisbon\/","https:\/\/www.youtube.com\/user\/DMREISEG"]}]}},"uagb_featured_image_src":{"full":["https:\/\/www.iseg.ulisboa.pt\/wp-content\/uploads\/minifloresta.jpg",2869,1842,false],"thumbnail":["https:\/\/www.iseg.ulisboa.pt\/wp-content\/uploads\/minifloresta-150x150.jpg",150,150,true],"medium":["https:\/\/www.iseg.ulisboa.pt\/wp-content\/uploads\/minifloresta-300x193.jpg",300,193,true],"medium_large":["https:\/\/www.iseg.ulisboa.pt\/wp-content\/uploads\/minifloresta.jpg",768,493,false],"large":["https:\/\/www.iseg.ulisboa.pt\/wp-content\/uploads\/minifloresta.jpg",1024,657,false],"1536x1536":["https:\/\/www.iseg.ulisboa.pt\/wp-content\/uploads\/minifloresta-1536x986.jpg",1536,986,true],"2048x2048":["https:\/\/www.iseg.ulisboa.pt\/wp-content\/uploads\/minifloresta-2048x1315.jpg",2048,1315,true],"trp-custom-language-flag":["https:\/\/www.iseg.ulisboa.pt\/wp-content\/uploads\/minifloresta-18x12.jpg",18,12,true]},"uagb_author_info":{"display_name":"emiliadesousa","author_link":"https:\/\/www.iseg.ulisboa.pt\/en\/author\/"},"uagb_comment_info":0,"uagb_excerpt":"Depois de uma grande az\u00e1fama na \u00faltima sess\u00e3o \u2014 pela qual deixamos desde j\u00e1 um sincero agradecimento a todos os participantes \u2014 damos continuidade aos trabalhos de planta\u00e7\u00e3o da mini-floresta&nbsp;[...]","_links":{"self":[{"href":"https:\/\/www.iseg.ulisboa.pt\/en\/wp-json\/wp\/v2\/event\/67785"}],"collection":[{"href":"https:\/\/www.iseg.ulisboa.pt\/en\/wp-json\/wp\/v2\/event"}],"about":[{"href":"https:\/\/www.iseg.ulisboa.pt\/en\/wp-json\/wp\/v2\/types\/event"}],"version-history":[{"count":0,"href":"https:\/\/www.iseg.ulisboa.pt\/en\/wp-json\/wp\/v2\/event\/67785\/revisions"}],"wp:featuredmedia":[{"embeddable":true,"href":"https:\/\/www.iseg.ulisboa.pt\/en\/wp-json\/wp\/v2\/media\/67786"}],"wp:attachment":[{"href":"https:\/\/www.iseg.ulisboa.pt\/en\/wp-json\/wp\/v2\/media?parent=67785"}],"wp:term":[{"taxonomy":"topic","embeddable":true,"href":"https:\/\/www.iseg.ulisboa.pt\/en\/wp-json\/wp\/v2\/topic?post=67785"},{"taxonomy":"event_type","embeddable":true,"href":"https:\/\/www.iseg.ulisboa.pt\/en\/wp-json\/wp\/v2\/event_type?post=67785"}],"curies":[{"name":"wp","href":"https:\/\/api.w.org\/{rel}","templated":true}]}}

<!-- This site is optimized with the Yoast SEO plugin v22.6 - https://yoast.com/wordpress/plugins/seo/ -->
<title>Workshop | Plantação da Mini-Floresta do ISEG - ISEG</title>
<meta name="robots" content="index, follow, max-snippet:-1, max-image-preview:large, max-video-preview:-1" />
<link rel="canonical" href="https://www.iseg.ulisboa.pt/en/event/iseg-mini-forest-planting-workshop-3/" />
<meta name="twitter:label1" content="Est. reading time" />
	<meta name="twitter:data1" content="2 minutes" />
<script type="application/ld+json" class="yoast-schema-graph">{"@context":"https://schema.org","@graph":[{"@type":"WebPage","@id":"https://www.iseg.ulisboa.pt/en/event/iseg-mini-forest-planting-workshop-3/","url":"https://www.iseg.ulisboa.pt/en/event/iseg-mini-forest-planting-workshop-3/","name":"Workshop | Plantação da Mini-Floresta do ISEG - ISEG","isPartOf":{"@id":"https://www.iseg.ulisboa.pt/en/#website"},"primaryImageOfPage":{"@id":"https://www.iseg.ulisboa.pt/en/event/iseg-mini-forest-planting-workshop-3/#primaryimage"},"image":{"@id":"https://www.iseg.ulisboa.pt/en/event/iseg-mini-forest-planting-workshop-3/#primaryimage"},"thumbnailUrl":"https://www.iseg.ulisboa.pt/wp-content/uploads/minifloresta.jpg","datePublished":"2026-03-05T11:26:12+00:00","dateModified":"2026-03-05T11:26:17+00:00","breadcrumb":{"@id":"https://www.iseg.ulisboa.pt/en/event/iseg-mini-forest-planting-workshop-3/#breadcrumb"},"inLanguage":"en-US","potentialAction":[{"@type":"ReadAction","target":["https://www.iseg.ulisboa.pt/en/event/iseg-mini-forest-planting-workshop-3/"]}]},{"@type":"ImageObject","inLanguage":"en-US","@id":"https://www.iseg.ulisboa.pt/en/event/iseg-mini-forest-planting-workshop-3/#primaryimage","url":"https://www.iseg.ulisboa.pt/wp-content/uploads/minifloresta.jpg","contentUrl":"https://www.iseg.ulisboa.pt/wp-content/uploads/minifloresta.jpg","width":2869,"height":1842},{"@type":"BreadcrumbList","@id":"https://www.iseg.ulisboa.pt/en/event/iseg-mini-forest-planting-workshop-3/#breadcrumb","itemListElement":[{"@type":"ListItem","position":1,"name":"Home","item":"https://www.iseg.ulisboa.pt/"},{"@type":"ListItem","position":2,"name":"Workshop | Plantação da Mini-Floresta do ISEG"}]},{"@type":"WebSite","@id":"https://www.iseg.ulisboa.pt/en/#website","url":"https://www.iseg.ulisboa.pt/en/","name":"ISEG","description":"Lisbon School of Economics &amp; Management","publisher":{"@id":"https://www.iseg.ulisboa.pt/en/#organization"},"potentialAction":[{"@type":"SearchAction","target":{"@type":"EntryPoint","urlTemplate":"https://www.iseg.ulisboa.pt/en/?s={search_term_string}"},"query-input":"required name=search_term_string"}],"inLanguage":"en-US"},{"@type":"Organization","@id":"https://www.iseg.ulisboa.pt/en/#organization","name":"ISEG","url":"https://www.iseg.ulisboa.pt/en/","logo":{"@type":"ImageObject","inLanguage":"en-US","@id":"https://www.iseg.ulisboa.pt/en/#/schema/logo/image/","url":"https://www.iseg.ulisboa.pt/wp-content/uploads/2021/02/iseg-logo-ul.svg","contentUrl":"https://www.iseg.ulisboa.pt/wp-content/uploads/2021/02/iseg-logo-ul.svg","width":250,"height":120,"caption":"ISEG"},"image":{"@id":"https://www.iseg.ulisboa.pt/en/#/schema/logo/image/"},"sameAs":["https://www.facebook.com/iseg.pt","https://x.com/iseglisbon","https://www.instagram.com/iseglisbon/","https://www.linkedin.com/school/iseglisbon/","https://www.youtube.com/user/DMREISEG"]}]}</script>
<!-- / Yoast SEO plugin. -->

Workshop | Plantação da Mini-Floresta do ISEG

Depois de uma grande azáfama na última sessão — pela qual deixamos desde já um sincero agradecimento a todos os participantes — damos continuidade aos trabalhos de plantação da mini-floresta&nbsp;[...]
