{"id":68691,"date":"2026-04-06T16:16:08","date_gmt":"2026-04-06T16:16:08","guid":{"rendered":"https:\/\/www.iseg.ulisboa.pt\/?post_type=event&#038;p=68691"},"modified":"2026-04-08T13:40:56","modified_gmt":"2026-04-08T13:40:56","slug":"economics-degree-seminar-main-challenges-facing-the-portuguese-economy","status":"publish","type":"event","link":"https:\/\/www.iseg.ulisboa.pt\/en\/event\/economics-degree-seminar-main-challenges-facing-the-portuguese-economy\/","title":{"rendered":"Economics Degree Seminar | Main challenges facing the Portuguese economy"},"content":{"rendered":"<p>On&nbsp;<strong>April 9th, 2026<\/strong>, from&nbsp;<strong>from 10:00 to 12:00<\/strong>, takes place at&nbsp;<strong>CGD Auditorium<\/strong>&nbsp;a new&nbsp;<strong>Degree in Economics<\/strong>, on the theme&nbsp;<strong>\u201cThe main challenges facing the Portuguese economy\u201d<\/strong>.<\/p>\n\n\n\n<p>The seminar will feature&nbsp;<strong>Ant\u00f3nio Costa e Silva<\/strong>,&nbsp;<strong>Emeritus Professor at the Instituto Superior T\u00e9cnico<\/strong>&nbsp;and&nbsp;<strong>Former Minister of Economy and the Sea<\/strong>.<\/p>\n\n\n\n<p>This seminar will be an opportunity to reflect on the main challenges facing the Portuguese economy, at a particularly relevant time for the debate on competitiveness, growth and economic development.<\/p>\n\n\n\n<figure class=\"wp-block-image size-full\"><img loading=\"lazy\" decoding=\"async\" width=\"842\" height=\"1191\" src=\"https:\/\/www.iseg.ulisboa.pt\/wp-content\/uploads\/Seminario-Lic-Economia_Cartaz.png\" alt=\"\" class=\"wp-image-68741\" srcset=\"https:\/\/www.iseg.ulisboa.pt\/wp-content\/uploads\/Seminario-Lic-Economia_Cartaz.png 842w, https:\/\/www.iseg.ulisboa.pt\/wp-content\/uploads\/Seminario-Lic-Economia_Cartaz-212x300.png 212w, https:\/\/www.iseg.ulisboa.pt\/wp-content\/uploads\/Seminario-Lic-Economia_Cartaz-8x12.png 8w\" sizes=\"(max-width: 842px) 100vw, 842px\" \/><\/figure>","protected":false},"excerpt":{"rendered":"On April 9, 2026, between 10:00 a.m. and 12:00 p.m., a new seminar will be held at the CGD Auditorium, on the theme \u201cMain challenges facing the Portuguese economy\u201d. [...]","protected":false},"featured_media":67917,"template":"","topic":[3424,3711],"event_type":[1155],"acf":[],"yoast_head":"<!-- This site is optimized with the Yoast SEO plugin v22.6 - https:\/\/yoast.com\/wordpress\/plugins\/seo\/ -->\n<title>Semin\u00e1rio da Licenciatura em Economia | Principais desafios que se colocam \u00e0 economia portuguesa - ISEG<\/title>\n<meta name=\"robots\" content=\"index, follow, max-snippet:-1, max-image-preview:large, max-video-preview:-1\" \/>\n<link rel=\"canonical\" href=\"https:\/\/www.iseg.ulisboa.pt\/en\/event\/economics-degree-seminar-main-challenges-facing-the-portuguese-economy\/\" \/>\n<meta name=\"twitter:label1\" content=\"Est. reading time\" \/>\n\t<meta name=\"twitter:data1\" content=\"1 minute\" \/>\n<script type=\"application\/ld+json\" class=\"yoast-schema-graph\">{\"@context\":\"https:\/\/schema.org\",\"@graph\":[{\"@type\":\"WebPage\",\"@id\":\"https:\/\/www.iseg.ulisboa.pt\/en\/event\/economics-degree-seminar-main-challenges-facing-the-portuguese-economy\/\",\"url\":\"https:\/\/www.iseg.ulisboa.pt\/en\/event\/economics-degree-seminar-main-challenges-facing-the-portuguese-economy\/\",\"name\":\"Semin\u00e1rio da Licenciatura em Economia | Principais desafios que se colocam \u00e0 economia portuguesa - ISEG\",\"isPartOf\":{\"@id\":\"https:\/\/www.iseg.ulisboa.pt\/en\/#website\"},\"primaryImageOfPage\":{\"@id\":\"https:\/\/www.iseg.ulisboa.pt\/en\/event\/economics-degree-seminar-main-challenges-facing-the-portuguese-economy\/#primaryimage\"},\"image\":{\"@id\":\"https:\/\/www.iseg.ulisboa.pt\/en\/event\/economics-degree-seminar-main-challenges-facing-the-portuguese-economy\/#primaryimage\"},\"thumbnailUrl\":\"https:\/\/www.iseg.ulisboa.pt\/wp-content\/uploads\/SeminarioLIC_ECO_Evento.png\",\"datePublished\":\"2026-04-06T16:16:08+00:00\",\"dateModified\":\"2026-04-08T13:40:56+00:00\",\"breadcrumb\":{\"@id\":\"https:\/\/www.iseg.ulisboa.pt\/en\/event\/economics-degree-seminar-main-challenges-facing-the-portuguese-economy\/#breadcrumb\"},\"inLanguage\":\"en-US\",\"potentialAction\":[{\"@type\":\"ReadAction\",\"target\":[\"https:\/\/www.iseg.ulisboa.pt\/en\/event\/economics-degree-seminar-main-challenges-facing-the-portuguese-economy\/\"]}]},{\"@type\":\"ImageObject\",\"inLanguage\":\"en-US\",\"@id\":\"https:\/\/www.iseg.ulisboa.pt\/en\/event\/economics-degree-seminar-main-challenges-facing-the-portuguese-economy\/#primaryimage\",\"url\":\"https:\/\/www.iseg.ulisboa.pt\/wp-content\/uploads\/SeminarioLIC_ECO_Evento.png\",\"contentUrl\":\"https:\/\/www.iseg.ulisboa.pt\/wp-content\/uploads\/SeminarioLIC_ECO_Evento.png\",\"width\":1200,\"height\":630},{\"@type\":\"BreadcrumbList\",\"@id\":\"https:\/\/www.iseg.ulisboa.pt\/en\/event\/economics-degree-seminar-main-challenges-facing-the-portuguese-economy\/#breadcrumb\",\"itemListElement\":[{\"@type\":\"ListItem\",\"position\":1,\"name\":\"Home\",\"item\":\"https:\/\/www.iseg.ulisboa.pt\/\"},{\"@type\":\"ListItem\",\"position\":2,\"name\":\"Semin\u00e1rio da Licenciatura em Economia | Principais desafios que se colocam \u00e0 economia portuguesa\"}]},{\"@type\":\"WebSite\",\"@id\":\"https:\/\/www.iseg.ulisboa.pt\/en\/#website\",\"url\":\"https:\/\/www.iseg.ulisboa.pt\/en\/\",\"name\":\"ISEG\",\"description\":\"Lisbon School of Economics &amp; Management\",\"publisher\":{\"@id\":\"https:\/\/www.iseg.ulisboa.pt\/en\/#organization\"},\"potentialAction\":[{\"@type\":\"SearchAction\",\"target\":{\"@type\":\"EntryPoint\",\"urlTemplate\":\"https:\/\/www.iseg.ulisboa.pt\/en\/?s={search_term_string}\"},\"query-input\":\"required name=search_term_string\"}],\"inLanguage\":\"en-US\"},{\"@type\":\"Organization\",\"@id\":\"https:\/\/www.iseg.ulisboa.pt\/en\/#organization\",\"name\":\"ISEG\",\"url\":\"https:\/\/www.iseg.ulisboa.pt\/en\/\",\"logo\":{\"@type\":\"ImageObject\",\"inLanguage\":\"en-US\",\"@id\":\"https:\/\/www.iseg.ulisboa.pt\/en\/#\/schema\/logo\/image\/\",\"url\":\"https:\/\/www.iseg.ulisboa.pt\/wp-content\/uploads\/2021\/02\/iseg-logo-ul.svg\",\"contentUrl\":\"https:\/\/www.iseg.ulisboa.pt\/wp-content\/uploads\/2021\/02\/iseg-logo-ul.svg\",\"width\":250,\"height\":120,\"caption\":\"ISEG\"},\"image\":{\"@id\":\"https:\/\/www.iseg.ulisboa.pt\/en\/#\/schema\/logo\/image\/\"},\"sameAs\":[\"https:\/\/www.facebook.com\/iseg.pt\",\"https:\/\/x.com\/iseglisbon\",\"https:\/\/www.instagram.com\/iseglisbon\/\",\"https:\/\/www.linkedin.com\/school\/iseglisbon\/\",\"https:\/\/www.youtube.com\/user\/DMREISEG\"]}]}<\/script>\n<!-- \/ Yoast SEO plugin. -->","yoast_head_json":{"title":"Economics Degree Seminar | Main challenges facing the Portuguese economy - ISEG","robots":{"index":"index","follow":"follow","max-snippet":"max-snippet:-1","max-image-preview":"max-image-preview:large","max-video-preview":"max-video-preview:-1"},"canonical":"https:\/\/www.iseg.ulisboa.pt\/en\/event\/economics-degree-seminar-main-challenges-facing-the-portuguese-economy\/","twitter_misc":{"Est. reading time":"1 minute"},"schema":{"@context":"https:\/\/schema.org","@graph":[{"@type":"WebPage","@id":"https:\/\/www.iseg.ulisboa.pt\/en\/event\/economics-degree-seminar-main-challenges-facing-the-portuguese-economy\/","url":"https:\/\/www.iseg.ulisboa.pt\/en\/event\/economics-degree-seminar-main-challenges-facing-the-portuguese-economy\/","name":"Economics Degree Seminar | Main challenges facing the Portuguese economy - ISEG","isPartOf":{"@id":"https:\/\/www.iseg.ulisboa.pt\/en\/#website"},"primaryImageOfPage":{"@id":"https:\/\/www.iseg.ulisboa.pt\/en\/event\/economics-degree-seminar-main-challenges-facing-the-portuguese-economy\/#primaryimage"},"image":{"@id":"https:\/\/www.iseg.ulisboa.pt\/en\/event\/economics-degree-seminar-main-challenges-facing-the-portuguese-economy\/#primaryimage"},"thumbnailUrl":"https:\/\/www.iseg.ulisboa.pt\/wp-content\/uploads\/SeminarioLIC_ECO_Evento.png","datePublished":"2026-04-06T16:16:08+00:00","dateModified":"2026-04-08T13:40:56+00:00","breadcrumb":{"@id":"https:\/\/www.iseg.ulisboa.pt\/en\/event\/economics-degree-seminar-main-challenges-facing-the-portuguese-economy\/#breadcrumb"},"inLanguage":"en-US","potentialAction":[{"@type":"ReadAction","target":["https:\/\/www.iseg.ulisboa.pt\/en\/event\/economics-degree-seminar-main-challenges-facing-the-portuguese-economy\/"]}]},{"@type":"ImageObject","inLanguage":"en-US","@id":"https:\/\/www.iseg.ulisboa.pt\/en\/event\/economics-degree-seminar-main-challenges-facing-the-portuguese-economy\/#primaryimage","url":"https:\/\/www.iseg.ulisboa.pt\/wp-content\/uploads\/SeminarioLIC_ECO_Evento.png","contentUrl":"https:\/\/www.iseg.ulisboa.pt\/wp-content\/uploads\/SeminarioLIC_ECO_Evento.png","width":1200,"height":630},{"@type":"BreadcrumbList","@id":"https:\/\/www.iseg.ulisboa.pt\/en\/event\/economics-degree-seminar-main-challenges-facing-the-portuguese-economy\/#breadcrumb","itemListElement":[{"@type":"ListItem","position":1,"name":"Home","item":"https:\/\/www.iseg.ulisboa.pt\/"},{"@type":"ListItem","position":2,"name":"Semin\u00e1rio da Licenciatura em Economia | Principais desafios que se colocam \u00e0 economia portuguesa"}]},{"@type":"WebSite","@id":"https:\/\/www.iseg.ulisboa.pt\/en\/#website","url":"https:\/\/www.iseg.ulisboa.pt\/en\/","name":"ISEG","description":"Lisbon School of Economics &amp; Management","publisher":{"@id":"https:\/\/www.iseg.ulisboa.pt\/en\/#organization"},"potentialAction":[{"@type":"SearchAction","target":{"@type":"EntryPoint","urlTemplate":"https:\/\/www.iseg.ulisboa.pt\/en\/?s={search_term_string}"},"query-input":"required name=search_term_string"}],"inLanguage":"en-US"},{"@type":"Organization","@id":"https:\/\/www.iseg.ulisboa.pt\/en\/#organization","name":"ISEG","url":"https:\/\/www.iseg.ulisboa.pt\/en\/","logo":{"@type":"ImageObject","inLanguage":"en-US","@id":"https:\/\/www.iseg.ulisboa.pt\/en\/#\/schema\/logo\/image\/","url":"https:\/\/www.iseg.ulisboa.pt\/wp-content\/uploads\/2021\/02\/iseg-logo-ul.svg","contentUrl":"https:\/\/www.iseg.ulisboa.pt\/wp-content\/uploads\/2021\/02\/iseg-logo-ul.svg","width":250,"height":120,"caption":"ISEG"},"image":{"@id":"https:\/\/www.iseg.ulisboa.pt\/en\/#\/schema\/logo\/image\/"},"sameAs":["https:\/\/www.facebook.com\/iseg.pt","https:\/\/x.com\/iseglisbon","https:\/\/www.instagram.com\/iseglisbon\/","https:\/\/www.linkedin.com\/school\/iseglisbon\/","https:\/\/www.youtube.com\/user\/DMREISEG"]}]}},"uagb_featured_image_src":{"full":["https:\/\/www.iseg.ulisboa.pt\/wp-content\/uploads\/SeminarioLIC_ECO_Evento.png",1200,630,false],"thumbnail":["https:\/\/www.iseg.ulisboa.pt\/wp-content\/uploads\/SeminarioLIC_ECO_Evento-150x150.png",150,150,true],"medium":["https:\/\/www.iseg.ulisboa.pt\/wp-content\/uploads\/SeminarioLIC_ECO_Evento-300x158.png",300,158,true],"medium_large":["https:\/\/www.iseg.ulisboa.pt\/wp-content\/uploads\/SeminarioLIC_ECO_Evento.png",768,403,false],"large":["https:\/\/www.iseg.ulisboa.pt\/wp-content\/uploads\/SeminarioLIC_ECO_Evento.png",1024,538,false],"1536x1536":["https:\/\/www.iseg.ulisboa.pt\/wp-content\/uploads\/SeminarioLIC_ECO_Evento.png",1200,630,false],"2048x2048":["https:\/\/www.iseg.ulisboa.pt\/wp-content\/uploads\/SeminarioLIC_ECO_Evento.png",1200,630,false],"trp-custom-language-flag":["https:\/\/www.iseg.ulisboa.pt\/wp-content\/uploads\/SeminarioLIC_ECO_Evento-18x9.png",18,9,true]},"uagb_author_info":{"display_name":"emiliadesousa","author_link":"https:\/\/www.iseg.ulisboa.pt\/en\/author\/"},"uagb_comment_info":0,"uagb_excerpt":"No pr\u00f3ximo dia&nbsp;9 de abril de 2026, entre as&nbsp;10h00 e as 12h00, realiza-se no&nbsp;Audit\u00f3rio CGD&nbsp;um novo semin\u00e1rio da&nbsp;Licenciatura em Economia, subordinado ao tema&nbsp;\u201cPrincipais desafios que se colocam \u00e0 economia portuguesa\u201d.&nbsp;[...]","_links":{"self":[{"href":"https:\/\/www.iseg.ulisboa.pt\/en\/wp-json\/wp\/v2\/event\/68691"}],"collection":[{"href":"https:\/\/www.iseg.ulisboa.pt\/en\/wp-json\/wp\/v2\/event"}],"about":[{"href":"https:\/\/www.iseg.ulisboa.pt\/en\/wp-json\/wp\/v2\/types\/event"}],"version-history":[{"count":0,"href":"https:\/\/www.iseg.ulisboa.pt\/en\/wp-json\/wp\/v2\/event\/68691\/revisions"}],"wp:featuredmedia":[{"embeddable":true,"href":"https:\/\/www.iseg.ulisboa.pt\/en\/wp-json\/wp\/v2\/media\/67917"}],"wp:attachment":[{"href":"https:\/\/www.iseg.ulisboa.pt\/en\/wp-json\/wp\/v2\/media?parent=68691"}],"wp:term":[{"taxonomy":"topic","embeddable":true,"href":"https:\/\/www.iseg.ulisboa.pt\/en\/wp-json\/wp\/v2\/topic?post=68691"},{"taxonomy":"event_type","embeddable":true,"href":"https:\/\/www.iseg.ulisboa.pt\/en\/wp-json\/wp\/v2\/event_type?post=68691"}],"curies":[{"name":"wp","href":"https:\/\/api.w.org\/{rel}","templated":true}]}}

<p>On&nbsp;<strong>April 9th, 2026</strong>, from&nbsp;<strong>from 10:00 to 12:00</strong>, takes place at&nbsp;<strong>CGD Auditorium</strong>&nbsp;a new&nbsp;<strong>Degree in Economics</strong>, on the theme&nbsp;<strong>“The main challenges facing the Portuguese economy”</strong>.</p>



<p>The seminar will feature&nbsp;<strong>António Costa e Silva</strong>,&nbsp;<strong>Emeritus Professor at the Instituto Superior Técnico</strong>&nbsp;and&nbsp;<strong>Former Minister of Economy and the Sea</strong>.</p>



<p>This seminar will be an opportunity to reflect on the main challenges facing the Portuguese economy, at a particularly relevant time for the debate on competitiveness, growth and economic development.</p>



<figure class="wp-block-image size-full"><img loading="lazy" decoding="async" width="842" height="1191" src="https://www.iseg.ulisboa.pt/wp-content/uploads/Seminario-Lic-Economia_Cartaz.png" alt="" class="wp-image-68741" srcset="https://www.iseg.ulisboa.pt/wp-content/uploads/Seminario-Lic-Economia_Cartaz.png 842w, https://www.iseg.ulisboa.pt/wp-content/uploads/Seminario-Lic-Economia_Cartaz-212x300.png 212w, https://www.iseg.ulisboa.pt/wp-content/uploads/Seminario-Lic-Economia_Cartaz-8x12.png 8w" sizes="(max-width: 842px) 100vw, 842px" /></figure>

<!-- This site is optimized with the Yoast SEO plugin v22.6 - https://yoast.com/wordpress/plugins/seo/ -->
<title>Seminário da Licenciatura em Economia | Principais desafios que se colocam à economia portuguesa - ISEG</title>
<meta name="robots" content="index, follow, max-snippet:-1, max-image-preview:large, max-video-preview:-1" />
<link rel="canonical" href="https://www.iseg.ulisboa.pt/en/event/economics-degree-seminar-main-challenges-facing-the-portuguese-economy/" />
<meta name="twitter:label1" content="Est. reading time" />
	<meta name="twitter:data1" content="1 minute" />
<script type="application/ld+json" class="yoast-schema-graph">{"@context":"https://schema.org","@graph":[{"@type":"WebPage","@id":"https://www.iseg.ulisboa.pt/en/event/economics-degree-seminar-main-challenges-facing-the-portuguese-economy/","url":"https://www.iseg.ulisboa.pt/en/event/economics-degree-seminar-main-challenges-facing-the-portuguese-economy/","name":"Seminário da Licenciatura em Economia | Principais desafios que se colocam à economia portuguesa - ISEG","isPartOf":{"@id":"https://www.iseg.ulisboa.pt/en/#website"},"primaryImageOfPage":{"@id":"https://www.iseg.ulisboa.pt/en/event/economics-degree-seminar-main-challenges-facing-the-portuguese-economy/#primaryimage"},"image":{"@id":"https://www.iseg.ulisboa.pt/en/event/economics-degree-seminar-main-challenges-facing-the-portuguese-economy/#primaryimage"},"thumbnailUrl":"https://www.iseg.ulisboa.pt/wp-content/uploads/SeminarioLIC_ECO_Evento.png","datePublished":"2026-04-06T16:16:08+00:00","dateModified":"2026-04-08T13:40:56+00:00","breadcrumb":{"@id":"https://www.iseg.ulisboa.pt/en/event/economics-degree-seminar-main-challenges-facing-the-portuguese-economy/#breadcrumb"},"inLanguage":"en-US","potentialAction":[{"@type":"ReadAction","target":["https://www.iseg.ulisboa.pt/en/event/economics-degree-seminar-main-challenges-facing-the-portuguese-economy/"]}]},{"@type":"ImageObject","inLanguage":"en-US","@id":"https://www.iseg.ulisboa.pt/en/event/economics-degree-seminar-main-challenges-facing-the-portuguese-economy/#primaryimage","url":"https://www.iseg.ulisboa.pt/wp-content/uploads/SeminarioLIC_ECO_Evento.png","contentUrl":"https://www.iseg.ulisboa.pt/wp-content/uploads/SeminarioLIC_ECO_Evento.png","width":1200,"height":630},{"@type":"BreadcrumbList","@id":"https://www.iseg.ulisboa.pt/en/event/economics-degree-seminar-main-challenges-facing-the-portuguese-economy/#breadcrumb","itemListElement":[{"@type":"ListItem","position":1,"name":"Home","item":"https://www.iseg.ulisboa.pt/"},{"@type":"ListItem","position":2,"name":"Seminário da Licenciatura em Economia | Principais desafios que se colocam à economia portuguesa"}]},{"@type":"WebSite","@id":"https://www.iseg.ulisboa.pt/en/#website","url":"https://www.iseg.ulisboa.pt/en/","name":"ISEG","description":"Lisbon School of Economics &amp; Management","publisher":{"@id":"https://www.iseg.ulisboa.pt/en/#organization"},"potentialAction":[{"@type":"SearchAction","target":{"@type":"EntryPoint","urlTemplate":"https://www.iseg.ulisboa.pt/en/?s={search_term_string}"},"query-input":"required name=search_term_string"}],"inLanguage":"en-US"},{"@type":"Organization","@id":"https://www.iseg.ulisboa.pt/en/#organization","name":"ISEG","url":"https://www.iseg.ulisboa.pt/en/","logo":{"@type":"ImageObject","inLanguage":"en-US","@id":"https://www.iseg.ulisboa.pt/en/#/schema/logo/image/","url":"https://www.iseg.ulisboa.pt/wp-content/uploads/2021/02/iseg-logo-ul.svg","contentUrl":"https://www.iseg.ulisboa.pt/wp-content/uploads/2021/02/iseg-logo-ul.svg","width":250,"height":120,"caption":"ISEG"},"image":{"@id":"https://www.iseg.ulisboa.pt/en/#/schema/logo/image/"},"sameAs":["https://www.facebook.com/iseg.pt","https://x.com/iseglisbon","https://www.instagram.com/iseglisbon/","https://www.linkedin.com/school/iseglisbon/","https://www.youtube.com/user/DMREISEG"]}]}</script>
<!-- / Yoast SEO plugin. -->

Seminário da Licenciatura em Economia | Principais desafios que se colocam à economia portuguesa

No próximo dia&nbsp;9 de abril de 2026, entre as&nbsp;10h00 e as 12h00, realiza-se no&nbsp;Auditório CGD&nbsp;um novo seminário da&nbsp;Licenciatura em Economia, subordinado ao tema&nbsp;“Principais desafios que se colocam à economia portuguesa”.&nbsp;[...]
