{"id":72054,"date":"2026-09-04T13:20:43","date_gmt":"2026-09-04T13:20:43","guid":{"rendered":"https:\/\/www.iseg.ulisboa.pt\/?post_type=event&#038;p=72054"},"modified":"2026-09-04T13:20:47","modified_gmt":"2026-09-04T13:20:47","slug":"iseg-alumni-economics-charity-gala","status":"publish","type":"event","link":"https:\/\/www.iseg.ulisboa.pt\/en\/event\/iseg-alumni-economics-charity-gala\/","title":{"rendered":"Charity Gala of ISEG Alumni Econ\u00f3micas"},"content":{"rendered":"<p>ISEG Alumni Econ\u00f3micas will hold an event on&nbsp;<strong>22 October at 7:15 p.m.<\/strong>, the&nbsp;<strong>Charity Gala of ISEG Alumni Econ\u00f3micas<\/strong>, which will take place at ISEG, in a tent set up in the P\u00e1tio das Francesinhas.<\/p>\n\n\n\n<p>The event aims to bring the ISEG community together for an evening of&nbsp;<strong>celebration, reunionss and solidarity<\/strong>, contributing to the&nbsp;<strong>Solidarity Programme of Alumni Econ\u00f3micas<\/strong>, which supports ISEG students with proven financial difficulties. Already in its 13th edition, the programme has already awarded more than a hundred grants.<\/p>\n\n\n\n<p>During the Gala, the following awards will also be presented:&nbsp;<strong>Career Awards<\/strong>&nbsp;and the&nbsp;<strong>Alumni of the Year Awards<\/strong>, recognising alumni for their achievements and professional careers.<\/p>\n\n\n\n<p>The initiative brings together ISEG alumni, faculty, students, staff and friends.<\/p>\n\n\n\n<p><strong>The <a href=\"https:\/\/docs.google.com\/forms\/d\/e\/1FAIpQLSf8_oya87BfogbRkQh6z8FEcCwxhnpAxQINLdhHNU4i2fHFtg\/viewform\" target=\"_blank\" rel=\"noreferrer noopener\">period for applications will be open<\/a> until 9 October.<\/strong><\/p>\n\n\n\n<p><strong>Success takes on even greater meaning when it creates opportunities for others.<\/strong><\/p>\n\n\n\n<figure class=\"wp-block-image size-full\"><img loading=\"lazy\" decoding=\"async\" width=\"2569\" height=\"1391\" src=\"https:\/\/www.iseg.ulisboa.pt\/wp-content\/uploads\/Gala-Solidaria_Inscricoes-site.jpg\" alt=\"\" class=\"wp-image-72055\" srcset=\"https:\/\/www.iseg.ulisboa.pt\/wp-content\/uploads\/Gala-Solidaria_Inscricoes-site.jpg 2569w, https:\/\/www.iseg.ulisboa.pt\/wp-content\/uploads\/Gala-Solidaria_Inscricoes-site-300x162.jpg 300w, https:\/\/www.iseg.ulisboa.pt\/wp-content\/uploads\/Gala-Solidaria_Inscricoes-site-1536x832.jpg 1536w, https:\/\/www.iseg.ulisboa.pt\/wp-content\/uploads\/Gala-Solidaria_Inscricoes-site-2048x1109.jpg 2048w, https:\/\/www.iseg.ulisboa.pt\/wp-content\/uploads\/Gala-Solidaria_Inscricoes-site-18x10.jpg 18w\" sizes=\"(max-width: 2569px) 100vw, 2569px\" \/><\/figure>","protected":false},"excerpt":{"rendered":"On October 22 at 7:15 p.m., ISEG Alumni Econ\u00f3micas will host the ISEG Alumni Econ\u00f3micas Charity Gala, which will take place at ISEG in a tent set up in the P\u00e1tio das Francesinhas. The event aims to [\u2026]","protected":false},"featured_media":0,"template":"","topic":[1405,3424],"event_type":[1188],"acf":{"start_date":"2026-10-22 19:15:00","end_date":"2026-10-22 23:00:00","venue":"","event_type":1188,"topic":[1405,3424]},"yoast_head":"<!-- This site is optimized with the Yoast SEO plugin v22.6 - https:\/\/yoast.com\/wordpress\/plugins\/seo\/ -->\n<title>Gala Solid\u00e1ria ISEG Alumni Econ\u00f3micas - ISEG<\/title>\n<meta name=\"robots\" content=\"index, follow, max-snippet:-1, max-image-preview:large, max-video-preview:-1\" \/>\n<link rel=\"canonical\" href=\"https:\/\/www.iseg.ulisboa.pt\/en\/event\/iseg-alumni-economics-charity-gala\/\" \/>\n<meta name=\"twitter:label1\" content=\"Est. reading time\" \/>\n\t<meta name=\"twitter:data1\" content=\"2 minutes\" \/>\n<script type=\"application\/ld+json\" class=\"yoast-schema-graph\">{\"@context\":\"https:\/\/schema.org\",\"@graph\":[{\"@type\":\"WebPage\",\"@id\":\"https:\/\/www.iseg.ulisboa.pt\/en\/event\/iseg-alumni-economics-charity-gala\/\",\"url\":\"https:\/\/www.iseg.ulisboa.pt\/en\/event\/iseg-alumni-economics-charity-gala\/\",\"name\":\"Gala Solid\u00e1ria ISEG Alumni Econ\u00f3micas - ISEG\",\"isPartOf\":{\"@id\":\"https:\/\/www.iseg.ulisboa.pt\/en\/#website\"},\"primaryImageOfPage\":{\"@id\":\"https:\/\/www.iseg.ulisboa.pt\/en\/event\/iseg-alumni-economics-charity-gala\/#primaryimage\"},\"image\":{\"@id\":\"https:\/\/www.iseg.ulisboa.pt\/en\/event\/iseg-alumni-economics-charity-gala\/#primaryimage\"},\"thumbnailUrl\":\"https:\/\/www.iseg.ulisboa.pt\/wp-content\/uploads\/Gala-Solidaria_Inscricoes-site.jpg\",\"datePublished\":\"2026-09-04T13:20:43+00:00\",\"dateModified\":\"2026-09-04T13:20:47+00:00\",\"breadcrumb\":{\"@id\":\"https:\/\/www.iseg.ulisboa.pt\/en\/event\/iseg-alumni-economics-charity-gala\/#breadcrumb\"},\"inLanguage\":\"en-US\",\"potentialAction\":[{\"@type\":\"ReadAction\",\"target\":[\"https:\/\/www.iseg.ulisboa.pt\/en\/event\/iseg-alumni-economics-charity-gala\/\"]}]},{\"@type\":\"ImageObject\",\"inLanguage\":\"en-US\",\"@id\":\"https:\/\/www.iseg.ulisboa.pt\/en\/event\/iseg-alumni-economics-charity-gala\/#primaryimage\",\"url\":\"https:\/\/www.iseg.ulisboa.pt\/wp-content\/uploads\/Gala-Solidaria_Inscricoes-site.jpg\",\"contentUrl\":\"https:\/\/www.iseg.ulisboa.pt\/wp-content\/uploads\/Gala-Solidaria_Inscricoes-site.jpg\"},{\"@type\":\"BreadcrumbList\",\"@id\":\"https:\/\/www.iseg.ulisboa.pt\/en\/event\/iseg-alumni-economics-charity-gala\/#breadcrumb\",\"itemListElement\":[{\"@type\":\"ListItem\",\"position\":1,\"name\":\"Home\",\"item\":\"https:\/\/www.iseg.ulisboa.pt\/\"},{\"@type\":\"ListItem\",\"position\":2,\"name\":\"Gala Solid\u00e1ria ISEG Alumni Econ\u00f3micas\"}]},{\"@type\":\"WebSite\",\"@id\":\"https:\/\/www.iseg.ulisboa.pt\/en\/#website\",\"url\":\"https:\/\/www.iseg.ulisboa.pt\/en\/\",\"name\":\"ISEG\",\"description\":\"Lisbon School of Economics &amp; Management\",\"publisher\":{\"@id\":\"https:\/\/www.iseg.ulisboa.pt\/en\/#organization\"},\"potentialAction\":[{\"@type\":\"SearchAction\",\"target\":{\"@type\":\"EntryPoint\",\"urlTemplate\":\"https:\/\/www.iseg.ulisboa.pt\/en\/?s={search_term_string}\"},\"query-input\":\"required name=search_term_string\"}],\"inLanguage\":\"en-US\"},{\"@type\":\"Organization\",\"@id\":\"https:\/\/www.iseg.ulisboa.pt\/en\/#organization\",\"name\":\"ISEG\",\"url\":\"https:\/\/www.iseg.ulisboa.pt\/en\/\",\"logo\":{\"@type\":\"ImageObject\",\"inLanguage\":\"en-US\",\"@id\":\"https:\/\/www.iseg.ulisboa.pt\/en\/#\/schema\/logo\/image\/\",\"url\":\"https:\/\/www.iseg.ulisboa.pt\/wp-content\/uploads\/2021\/02\/iseg-logo-ul.svg\",\"contentUrl\":\"https:\/\/www.iseg.ulisboa.pt\/wp-content\/uploads\/2021\/02\/iseg-logo-ul.svg\",\"width\":250,\"height\":120,\"caption\":\"ISEG\"},\"image\":{\"@id\":\"https:\/\/www.iseg.ulisboa.pt\/en\/#\/schema\/logo\/image\/\"},\"sameAs\":[\"https:\/\/www.facebook.com\/iseg.pt\",\"https:\/\/x.com\/iseglisbon\",\"https:\/\/www.instagram.com\/iseglisbon\/\",\"https:\/\/www.linkedin.com\/school\/iseglisbon\/\",\"https:\/\/www.youtube.com\/user\/DMREISEG\"]}]}<\/script>\n<!-- \/ Yoast SEO plugin. -->","yoast_head_json":{"title":"ISEG Alumni of the School of Economics Charity Gala - ISEG","robots":{"index":"index","follow":"follow","max-snippet":"max-snippet:-1","max-image-preview":"max-image-preview:large","max-video-preview":"max-video-preview:-1"},"canonical":"https:\/\/www.iseg.ulisboa.pt\/en\/event\/iseg-alumni-economics-charity-gala\/","twitter_misc":{"Est. reading time":"2 minutes"},"schema":{"@context":"https:\/\/schema.org","@graph":[{"@type":"WebPage","@id":"https:\/\/www.iseg.ulisboa.pt\/en\/event\/iseg-alumni-economics-charity-gala\/","url":"https:\/\/www.iseg.ulisboa.pt\/en\/event\/iseg-alumni-economics-charity-gala\/","name":"ISEG Alumni of the School of Economics Charity Gala - ISEG","isPartOf":{"@id":"https:\/\/www.iseg.ulisboa.pt\/en\/#website"},"primaryImageOfPage":{"@id":"https:\/\/www.iseg.ulisboa.pt\/en\/event\/iseg-alumni-economics-charity-gala\/#primaryimage"},"image":{"@id":"https:\/\/www.iseg.ulisboa.pt\/en\/event\/iseg-alumni-economics-charity-gala\/#primaryimage"},"thumbnailUrl":"https:\/\/www.iseg.ulisboa.pt\/wp-content\/uploads\/Gala-Solidaria_Inscricoes-site.jpg","datePublished":"2026-09-04T13:20:43+00:00","dateModified":"2026-09-04T13:20:47+00:00","breadcrumb":{"@id":"https:\/\/www.iseg.ulisboa.pt\/en\/event\/iseg-alumni-economics-charity-gala\/#breadcrumb"},"inLanguage":"en-US","potentialAction":[{"@type":"ReadAction","target":["https:\/\/www.iseg.ulisboa.pt\/en\/event\/iseg-alumni-economics-charity-gala\/"]}]},{"@type":"ImageObject","inLanguage":"en-US","@id":"https:\/\/www.iseg.ulisboa.pt\/en\/event\/iseg-alumni-economics-charity-gala\/#primaryimage","url":"https:\/\/www.iseg.ulisboa.pt\/wp-content\/uploads\/Gala-Solidaria_Inscricoes-site.jpg","contentUrl":"https:\/\/www.iseg.ulisboa.pt\/wp-content\/uploads\/Gala-Solidaria_Inscricoes-site.jpg"},{"@type":"BreadcrumbList","@id":"https:\/\/www.iseg.ulisboa.pt\/en\/event\/iseg-alumni-economics-charity-gala\/#breadcrumb","itemListElement":[{"@type":"ListItem","position":1,"name":"Home","item":"https:\/\/www.iseg.ulisboa.pt\/"},{"@type":"ListItem","position":2,"name":"Gala Solid\u00e1ria ISEG Alumni Econ\u00f3micas"}]},{"@type":"WebSite","@id":"https:\/\/www.iseg.ulisboa.pt\/en\/#website","url":"https:\/\/www.iseg.ulisboa.pt\/en\/","name":"ISEG","description":"Lisbon School of Economics &amp; Management","publisher":{"@id":"https:\/\/www.iseg.ulisboa.pt\/en\/#organization"},"potentialAction":[{"@type":"SearchAction","target":{"@type":"EntryPoint","urlTemplate":"https:\/\/www.iseg.ulisboa.pt\/en\/?s={search_term_string}"},"query-input":"required name=search_term_string"}],"inLanguage":"en-US"},{"@type":"Organization","@id":"https:\/\/www.iseg.ulisboa.pt\/en\/#organization","name":"ISEG","url":"https:\/\/www.iseg.ulisboa.pt\/en\/","logo":{"@type":"ImageObject","inLanguage":"en-US","@id":"https:\/\/www.iseg.ulisboa.pt\/en\/#\/schema\/logo\/image\/","url":"https:\/\/www.iseg.ulisboa.pt\/wp-content\/uploads\/2021\/02\/iseg-logo-ul.svg","contentUrl":"https:\/\/www.iseg.ulisboa.pt\/wp-content\/uploads\/2021\/02\/iseg-logo-ul.svg","width":250,"height":120,"caption":"ISEG"},"image":{"@id":"https:\/\/www.iseg.ulisboa.pt\/en\/#\/schema\/logo\/image\/"},"sameAs":["https:\/\/www.facebook.com\/iseg.pt","https:\/\/x.com\/iseglisbon","https:\/\/www.instagram.com\/iseglisbon\/","https:\/\/www.linkedin.com\/school\/iseglisbon\/","https:\/\/www.youtube.com\/user\/DMREISEG"]}]}},"uagb_featured_image_src":{"full":false,"thumbnail":false,"medium":false,"medium_large":false,"large":false,"1536x1536":false,"2048x2048":false,"trp-custom-language-flag":false},"uagb_author_info":{"display_name":"emiliadesousa","author_link":"https:\/\/www.iseg.ulisboa.pt\/en\/author\/"},"uagb_comment_info":0,"uagb_excerpt":"A&nbsp;ISEG Alumni Econ\u00f3micas&nbsp;promove, no pr\u00f3ximo dia&nbsp;22 de outubro, pelas 19h15, a&nbsp;Gala Solid\u00e1ria ISEG Alumni Econ\u00f3micas, que ter\u00e1 lugar no ISEG, numa tenda instalada no P\u00e1tio das Francesinhas. O evento pretende&nbsp;[...]","_links":{"self":[{"href":"https:\/\/www.iseg.ulisboa.pt\/en\/wp-json\/wp\/v2\/event\/72054"}],"collection":[{"href":"https:\/\/www.iseg.ulisboa.pt\/en\/wp-json\/wp\/v2\/event"}],"about":[{"href":"https:\/\/www.iseg.ulisboa.pt\/en\/wp-json\/wp\/v2\/types\/event"}],"version-history":[{"count":2,"href":"https:\/\/www.iseg.ulisboa.pt\/en\/wp-json\/wp\/v2\/event\/72054\/revisions"}],"predecessor-version":[{"id":72057,"href":"https:\/\/www.iseg.ulisboa.pt\/en\/wp-json\/wp\/v2\/event\/72054\/revisions\/72057"}],"acf:term":[{"embeddable":true,"taxonomy":"topic","href":"https:\/\/www.iseg.ulisboa.pt\/en\/wp-json\/wp\/v2\/topic\/3424"},{"embeddable":true,"taxonomy":"topic","href":"https:\/\/www.iseg.ulisboa.pt\/en\/wp-json\/wp\/v2\/topic\/1405"},{"embeddable":true,"taxonomy":"event_type","href":"https:\/\/www.iseg.ulisboa.pt\/en\/wp-json\/wp\/v2\/event_type\/1188"}],"wp:attachment":[{"href":"https:\/\/www.iseg.ulisboa.pt\/en\/wp-json\/wp\/v2\/media?parent=72054"}],"wp:term":[{"taxonomy":"topic","embeddable":true,"href":"https:\/\/www.iseg.ulisboa.pt\/en\/wp-json\/wp\/v2\/topic?post=72054"},{"taxonomy":"event_type","embeddable":true,"href":"https:\/\/www.iseg.ulisboa.pt\/en\/wp-json\/wp\/v2\/event_type?post=72054"}],"curies":[{"name":"wp","href":"https:\/\/api.w.org\/{rel}","templated":true}]}}

Charity Gala of ISEG Alumni Económicas

<p>ISEG Alumni Económicas will hold an event on&nbsp;<strong>22 October at 7:15 p.m.</strong>, the&nbsp;<strong>Charity Gala of ISEG Alumni Económicas</strong>, which will take place at ISEG, in a tent set up in the Pátio das Francesinhas.</p>



<p>The event aims to bring the ISEG community together for an evening of&nbsp;<strong>celebration, reunionss and solidarity</strong>, contributing to the&nbsp;<strong>Solidarity Programme of Alumni Económicas</strong>, which supports ISEG students with proven financial difficulties. Already in its 13th edition, the programme has already awarded more than a hundred grants.</p>



<p>During the Gala, the following awards will also be presented:&nbsp;<strong>Career Awards</strong>&nbsp;and the&nbsp;<strong>Alumni of the Year Awards</strong>, recognising alumni for their achievements and professional careers.</p>



<p>The initiative brings together ISEG alumni, faculty, students, staff and friends.</p>



<p><strong>The <a href="https://docs.google.com/forms/d/e/1FAIpQLSf8_oya87BfogbRkQh6z8FEcCwxhnpAxQINLdhHNU4i2fHFtg/viewform" target="_blank" rel="noreferrer noopener">period for applications will be open</a> until 9 October.</strong></p>



<p><strong>Success takes on even greater meaning when it creates opportunities for others.</strong></p>



<figure class="wp-block-image size-full"><img loading="lazy" decoding="async" width="2569" height="1391" src="https://www.iseg.ulisboa.pt/wp-content/uploads/Gala-Solidaria_Inscricoes-site.jpg" alt="" class="wp-image-72055" srcset="https://www.iseg.ulisboa.pt/wp-content/uploads/Gala-Solidaria_Inscricoes-site.jpg 2569w, https://www.iseg.ulisboa.pt/wp-content/uploads/Gala-Solidaria_Inscricoes-site-300x162.jpg 300w, https://www.iseg.ulisboa.pt/wp-content/uploads/Gala-Solidaria_Inscricoes-site-1536x832.jpg 1536w, https://www.iseg.ulisboa.pt/wp-content/uploads/Gala-Solidaria_Inscricoes-site-2048x1109.jpg 2048w, https://www.iseg.ulisboa.pt/wp-content/uploads/Gala-Solidaria_Inscricoes-site-18x10.jpg 18w" sizes="(max-width: 2569px) 100vw, 2569px" /></figure>

On October 22 at 7:15 p.m., ISEG Alumni Económicas will host the ISEG Alumni Económicas Charity Gala, which will take place at ISEG in a tent set up in the Pátio das Francesinhas. The event aims to […]

<!-- This site is optimized with the Yoast SEO plugin v22.6 - https://yoast.com/wordpress/plugins/seo/ -->
<title>Gala Solidária ISEG Alumni Económicas - ISEG</title>
<meta name="robots" content="index, follow, max-snippet:-1, max-image-preview:large, max-video-preview:-1" />
<link rel="canonical" href="https://www.iseg.ulisboa.pt/en/event/iseg-alumni-economics-charity-gala/" />
<meta name="twitter:label1" content="Est. reading time" />
	<meta name="twitter:data1" content="2 minutes" />
<script type="application/ld+json" class="yoast-schema-graph">{"@context":"https://schema.org","@graph":[{"@type":"WebPage","@id":"https://www.iseg.ulisboa.pt/en/event/iseg-alumni-economics-charity-gala/","url":"https://www.iseg.ulisboa.pt/en/event/iseg-alumni-economics-charity-gala/","name":"Gala Solidária ISEG Alumni Económicas - ISEG","isPartOf":{"@id":"https://www.iseg.ulisboa.pt/en/#website"},"primaryImageOfPage":{"@id":"https://www.iseg.ulisboa.pt/en/event/iseg-alumni-economics-charity-gala/#primaryimage"},"image":{"@id":"https://www.iseg.ulisboa.pt/en/event/iseg-alumni-economics-charity-gala/#primaryimage"},"thumbnailUrl":"https://www.iseg.ulisboa.pt/wp-content/uploads/Gala-Solidaria_Inscricoes-site.jpg","datePublished":"2026-09-04T13:20:43+00:00","dateModified":"2026-09-04T13:20:47+00:00","breadcrumb":{"@id":"https://www.iseg.ulisboa.pt/en/event/iseg-alumni-economics-charity-gala/#breadcrumb"},"inLanguage":"en-US","potentialAction":[{"@type":"ReadAction","target":["https://www.iseg.ulisboa.pt/en/event/iseg-alumni-economics-charity-gala/"]}]},{"@type":"ImageObject","inLanguage":"en-US","@id":"https://www.iseg.ulisboa.pt/en/event/iseg-alumni-economics-charity-gala/#primaryimage","url":"https://www.iseg.ulisboa.pt/wp-content/uploads/Gala-Solidaria_Inscricoes-site.jpg","contentUrl":"https://www.iseg.ulisboa.pt/wp-content/uploads/Gala-Solidaria_Inscricoes-site.jpg"},{"@type":"BreadcrumbList","@id":"https://www.iseg.ulisboa.pt/en/event/iseg-alumni-economics-charity-gala/#breadcrumb","itemListElement":[{"@type":"ListItem","position":1,"name":"Home","item":"https://www.iseg.ulisboa.pt/"},{"@type":"ListItem","position":2,"name":"Gala Solidária ISEG Alumni Económicas"}]},{"@type":"WebSite","@id":"https://www.iseg.ulisboa.pt/en/#website","url":"https://www.iseg.ulisboa.pt/en/","name":"ISEG","description":"Lisbon School of Economics &amp; Management","publisher":{"@id":"https://www.iseg.ulisboa.pt/en/#organization"},"potentialAction":[{"@type":"SearchAction","target":{"@type":"EntryPoint","urlTemplate":"https://www.iseg.ulisboa.pt/en/?s={search_term_string}"},"query-input":"required name=search_term_string"}],"inLanguage":"en-US"},{"@type":"Organization","@id":"https://www.iseg.ulisboa.pt/en/#organization","name":"ISEG","url":"https://www.iseg.ulisboa.pt/en/","logo":{"@type":"ImageObject","inLanguage":"en-US","@id":"https://www.iseg.ulisboa.pt/en/#/schema/logo/image/","url":"https://www.iseg.ulisboa.pt/wp-content/uploads/2021/02/iseg-logo-ul.svg","contentUrl":"https://www.iseg.ulisboa.pt/wp-content/uploads/2021/02/iseg-logo-ul.svg","width":250,"height":120,"caption":"ISEG"},"image":{"@id":"https://www.iseg.ulisboa.pt/en/#/schema/logo/image/"},"sameAs":["https://www.facebook.com/iseg.pt","https://x.com/iseglisbon","https://www.instagram.com/iseglisbon/","https://www.linkedin.com/school/iseglisbon/","https://www.youtube.com/user/DMREISEG"]}]}</script>
<!-- / Yoast SEO plugin. -->

Gala Solidária ISEG Alumni Económicas

A&nbsp;ISEG Alumni Económicas&nbsp;promove, no próximo dia&nbsp;22 de outubro, pelas 19h15, a&nbsp;Gala Solidária ISEG Alumni Económicas, que terá lugar no ISEG, numa tenda instalada no Pátio das Francesinhas. O evento pretende&nbsp;[...]
