{"id":16937,"date":"2021-02-05T12:10:33","date_gmt":"2021-02-05T12:10:33","guid":{"rendered":"https:\/\/www.iseg.ulisboa.pt\/?page_id=16937"},"modified":"2023-10-20T08:52:36","modified_gmt":"2023-10-20T08:52:36","slug":"professional-staff","status":"publish","type":"page","link":"https:\/\/www.iseg.ulisboa.pt\/en\/people\/professional-staff\/","title":{"rendered":"Professional Staff"},"content":{"rendered":"<p>ISEG\u2019s Professional Staff provide operational support to our academic activity, organized by the following departments or services:<\/p>\n\n\n\n<ul>\n<li><strong>Dean\u2019s staff and Advisors <\/strong><\/li>\n\n\n\n<li><strong>Academic Services<\/strong><\/li>\n\n\n\n<li><strong>Administrative and Financial Services<\/strong><\/li>\n\n\n\n<li><strong>Library and Documentation<\/strong><\/li>\n\n\n\n<li><strong>Marketing &amp; External Relations<\/strong><\/li>\n\n\n\n<li><strong>IT Department<\/strong><\/li>\n\n\n\n<li><strong>Research Units and Academic Departments staff <\/strong><\/li>\n<\/ul>","protected":false},"excerpt":{"rendered":"ISEG\u2019s Professional Staff provide operational support to our academic activity, organized by the following departments or services:","protected":false},"author":2,"featured_media":0,"parent":527,"menu_order":4,"comment_status":"closed","ping_status":"closed","template":"tpl-list-professional-staff.php","meta":{"inline_featured_image":false,"_uag_custom_page_level_css":"","footnotes":""},"acf":[],"yoast_head":"<!-- This site is optimized with the Yoast SEO plugin v22.6 - https:\/\/yoast.com\/wordpress\/plugins\/seo\/ -->\n<title>Funcion\u00e1rios - ISEG<\/title>\n<meta name=\"robots\" content=\"index, follow, max-snippet:-1, max-image-preview:large, max-video-preview:-1\" \/>\n<link rel=\"canonical\" href=\"https:\/\/www.iseg.ulisboa.pt\/en\/people\/professional-staff\/\" \/>\n<meta name=\"twitter:label1\" content=\"Est. reading time\" \/>\n\t<meta name=\"twitter:data1\" content=\"1 minute\" \/>\n<script type=\"application\/ld+json\" class=\"yoast-schema-graph\">{\"@context\":\"https:\/\/schema.org\",\"@graph\":[{\"@type\":\"WebPage\",\"@id\":\"https:\/\/www.iseg.ulisboa.pt\/en\/people\/professional-staff\/\",\"url\":\"https:\/\/www.iseg.ulisboa.pt\/en\/people\/professional-staff\/\",\"name\":\"Funcion\u00e1rios - ISEG\",\"isPartOf\":{\"@id\":\"https:\/\/www.iseg.ulisboa.pt\/en\/#website\"},\"datePublished\":\"2021-02-05T12:10:33+00:00\",\"dateModified\":\"2023-10-20T08:52:36+00:00\",\"breadcrumb\":{\"@id\":\"https:\/\/www.iseg.ulisboa.pt\/en\/people\/professional-staff\/#breadcrumb\"},\"inLanguage\":\"en-US\",\"potentialAction\":[{\"@type\":\"ReadAction\",\"target\":[\"https:\/\/www.iseg.ulisboa.pt\/en\/people\/professional-staff\/\"]}]},{\"@type\":\"BreadcrumbList\",\"@id\":\"https:\/\/www.iseg.ulisboa.pt\/en\/people\/professional-staff\/#breadcrumb\",\"itemListElement\":[{\"@type\":\"ListItem\",\"position\":1,\"name\":\"Home\",\"item\":\"https:\/\/www.iseg.ulisboa.pt\/\"},{\"@type\":\"ListItem\",\"position\":2,\"name\":\"Pessoas\",\"item\":\"https:\/\/www.iseg.ulisboa.pt\/pessoas\/\"},{\"@type\":\"ListItem\",\"position\":3,\"name\":\"Funcion\u00e1rios\"}]},{\"@type\":\"WebSite\",\"@id\":\"https:\/\/www.iseg.ulisboa.pt\/en\/#website\",\"url\":\"https:\/\/www.iseg.ulisboa.pt\/en\/\",\"name\":\"ISEG\",\"description\":\"Lisbon School of Economics &amp; Management\",\"publisher\":{\"@id\":\"https:\/\/www.iseg.ulisboa.pt\/en\/#organization\"},\"potentialAction\":[{\"@type\":\"SearchAction\",\"target\":{\"@type\":\"EntryPoint\",\"urlTemplate\":\"https:\/\/www.iseg.ulisboa.pt\/en\/?s={search_term_string}\"},\"query-input\":\"required name=search_term_string\"}],\"inLanguage\":\"en-US\"},{\"@type\":\"Organization\",\"@id\":\"https:\/\/www.iseg.ulisboa.pt\/en\/#organization\",\"name\":\"ISEG\",\"url\":\"https:\/\/www.iseg.ulisboa.pt\/en\/\",\"logo\":{\"@type\":\"ImageObject\",\"inLanguage\":\"en-US\",\"@id\":\"https:\/\/www.iseg.ulisboa.pt\/en\/#\/schema\/logo\/image\/\",\"url\":\"https:\/\/www.iseg.ulisboa.pt\/wp-content\/uploads\/2021\/02\/iseg-logo-ul.svg\",\"contentUrl\":\"https:\/\/www.iseg.ulisboa.pt\/wp-content\/uploads\/2021\/02\/iseg-logo-ul.svg\",\"width\":250,\"height\":120,\"caption\":\"ISEG\"},\"image\":{\"@id\":\"https:\/\/www.iseg.ulisboa.pt\/en\/#\/schema\/logo\/image\/\"},\"sameAs\":[\"https:\/\/www.facebook.com\/iseg.pt\",\"https:\/\/x.com\/iseglisbon\",\"https:\/\/www.instagram.com\/iseglisbon\/\",\"https:\/\/www.linkedin.com\/school\/iseglisbon\/\",\"https:\/\/www.youtube.com\/user\/DMREISEG\"]}]}<\/script>\n<!-- \/ Yoast SEO plugin. -->","yoast_head_json":{"title":"Employees - ISEG","robots":{"index":"index","follow":"follow","max-snippet":"max-snippet:-1","max-image-preview":"max-image-preview:large","max-video-preview":"max-video-preview:-1"},"canonical":"https:\/\/www.iseg.ulisboa.pt\/en\/people\/professional-staff\/","twitter_misc":{"Est. reading time":"1 minute"},"schema":{"@context":"https:\/\/schema.org","@graph":[{"@type":"WebPage","@id":"https:\/\/www.iseg.ulisboa.pt\/en\/people\/professional-staff\/","url":"https:\/\/www.iseg.ulisboa.pt\/en\/people\/professional-staff\/","name":"Employees - ISEG","isPartOf":{"@id":"https:\/\/www.iseg.ulisboa.pt\/en\/#website"},"datePublished":"2021-02-05T12:10:33+00:00","dateModified":"2023-10-20T08:52:36+00:00","breadcrumb":{"@id":"https:\/\/www.iseg.ulisboa.pt\/en\/people\/professional-staff\/#breadcrumb"},"inLanguage":"en-US","potentialAction":[{"@type":"ReadAction","target":["https:\/\/www.iseg.ulisboa.pt\/en\/people\/professional-staff\/"]}]},{"@type":"BreadcrumbList","@id":"https:\/\/www.iseg.ulisboa.pt\/en\/people\/professional-staff\/#breadcrumb","itemListElement":[{"@type":"ListItem","position":1,"name":"Home","item":"https:\/\/www.iseg.ulisboa.pt\/"},{"@type":"ListItem","position":2,"name":"Pessoas","item":"https:\/\/www.iseg.ulisboa.pt\/pessoas\/"},{"@type":"ListItem","position":3,"name":"Funcion\u00e1rios"}]},{"@type":"WebSite","@id":"https:\/\/www.iseg.ulisboa.pt\/en\/#website","url":"https:\/\/www.iseg.ulisboa.pt\/en\/","name":"ISEG","description":"Lisbon School of Economics &amp; Management","publisher":{"@id":"https:\/\/www.iseg.ulisboa.pt\/en\/#organization"},"potentialAction":[{"@type":"SearchAction","target":{"@type":"EntryPoint","urlTemplate":"https:\/\/www.iseg.ulisboa.pt\/en\/?s={search_term_string}"},"query-input":"required name=search_term_string"}],"inLanguage":"en-US"},{"@type":"Organization","@id":"https:\/\/www.iseg.ulisboa.pt\/en\/#organization","name":"ISEG","url":"https:\/\/www.iseg.ulisboa.pt\/en\/","logo":{"@type":"ImageObject","inLanguage":"en-US","@id":"https:\/\/www.iseg.ulisboa.pt\/en\/#\/schema\/logo\/image\/","url":"https:\/\/www.iseg.ulisboa.pt\/wp-content\/uploads\/2021\/02\/iseg-logo-ul.svg","contentUrl":"https:\/\/www.iseg.ulisboa.pt\/wp-content\/uploads\/2021\/02\/iseg-logo-ul.svg","width":250,"height":120,"caption":"ISEG"},"image":{"@id":"https:\/\/www.iseg.ulisboa.pt\/en\/#\/schema\/logo\/image\/"},"sameAs":["https:\/\/www.facebook.com\/iseg.pt","https:\/\/x.com\/iseglisbon","https:\/\/www.instagram.com\/iseglisbon\/","https:\/\/www.linkedin.com\/school\/iseglisbon\/","https:\/\/www.youtube.com\/user\/DMREISEG"]}]}},"uagb_featured_image_src":{"full":false,"thumbnail":false,"medium":false,"medium_large":false,"large":false,"1536x1536":false,"2048x2048":false,"trp-custom-language-flag":false},"uagb_author_info":{"display_name":"Major","author_link":"https:\/\/www.iseg.ulisboa.pt\/en\/author\/leihla\/"},"uagb_comment_info":0,"uagb_excerpt":"O Staff do ISEG fornece suporte operacional \u00e0 atividade acad\u00e9mica, e est\u00e1 organizado nos seguintes departamentos ou servi\u00e7os:","_links":{"self":[{"href":"https:\/\/www.iseg.ulisboa.pt\/en\/wp-json\/wp\/v2\/pages\/16937"}],"collection":[{"href":"https:\/\/www.iseg.ulisboa.pt\/en\/wp-json\/wp\/v2\/pages"}],"about":[{"href":"https:\/\/www.iseg.ulisboa.pt\/en\/wp-json\/wp\/v2\/types\/page"}],"author":[{"embeddable":true,"href":"https:\/\/www.iseg.ulisboa.pt\/en\/wp-json\/wp\/v2\/users\/2"}],"replies":[{"embeddable":true,"href":"https:\/\/www.iseg.ulisboa.pt\/en\/wp-json\/wp\/v2\/comments?post=16937"}],"version-history":[{"count":0,"href":"https:\/\/www.iseg.ulisboa.pt\/en\/wp-json\/wp\/v2\/pages\/16937\/revisions"}],"up":[{"embeddable":true,"href":"https:\/\/www.iseg.ulisboa.pt\/en\/wp-json\/wp\/v2\/pages\/527"}],"wp:attachment":[{"href":"https:\/\/www.iseg.ulisboa.pt\/en\/wp-json\/wp\/v2\/media?parent=16937"}],"curies":[{"name":"wp","href":"https:\/\/api.w.org\/{rel}","templated":true}]}}

<!-- This site is optimized with the Yoast SEO plugin v22.6 - https://yoast.com/wordpress/plugins/seo/ -->
<title>Funcionários - ISEG</title>
<meta name="robots" content="index, follow, max-snippet:-1, max-image-preview:large, max-video-preview:-1" />
<link rel="canonical" href="https://www.iseg.ulisboa.pt/en/people/professional-staff/" />
<meta name="twitter:label1" content="Est. reading time" />
	<meta name="twitter:data1" content="1 minute" />
<script type="application/ld+json" class="yoast-schema-graph">{"@context":"https://schema.org","@graph":[{"@type":"WebPage","@id":"https://www.iseg.ulisboa.pt/en/people/professional-staff/","url":"https://www.iseg.ulisboa.pt/en/people/professional-staff/","name":"Funcionários - ISEG","isPartOf":{"@id":"https://www.iseg.ulisboa.pt/en/#website"},"datePublished":"2021-02-05T12:10:33+00:00","dateModified":"2023-10-20T08:52:36+00:00","breadcrumb":{"@id":"https://www.iseg.ulisboa.pt/en/people/professional-staff/#breadcrumb"},"inLanguage":"en-US","potentialAction":[{"@type":"ReadAction","target":["https://www.iseg.ulisboa.pt/en/people/professional-staff/"]}]},{"@type":"BreadcrumbList","@id":"https://www.iseg.ulisboa.pt/en/people/professional-staff/#breadcrumb","itemListElement":[{"@type":"ListItem","position":1,"name":"Home","item":"https://www.iseg.ulisboa.pt/"},{"@type":"ListItem","position":2,"name":"Pessoas","item":"https://www.iseg.ulisboa.pt/pessoas/"},{"@type":"ListItem","position":3,"name":"Funcionários"}]},{"@type":"WebSite","@id":"https://www.iseg.ulisboa.pt/en/#website","url":"https://www.iseg.ulisboa.pt/en/","name":"ISEG","description":"Lisbon School of Economics &amp; Management","publisher":{"@id":"https://www.iseg.ulisboa.pt/en/#organization"},"potentialAction":[{"@type":"SearchAction","target":{"@type":"EntryPoint","urlTemplate":"https://www.iseg.ulisboa.pt/en/?s={search_term_string}"},"query-input":"required name=search_term_string"}],"inLanguage":"en-US"},{"@type":"Organization","@id":"https://www.iseg.ulisboa.pt/en/#organization","name":"ISEG","url":"https://www.iseg.ulisboa.pt/en/","logo":{"@type":"ImageObject","inLanguage":"en-US","@id":"https://www.iseg.ulisboa.pt/en/#/schema/logo/image/","url":"https://www.iseg.ulisboa.pt/wp-content/uploads/2021/02/iseg-logo-ul.svg","contentUrl":"https://www.iseg.ulisboa.pt/wp-content/uploads/2021/02/iseg-logo-ul.svg","width":250,"height":120,"caption":"ISEG"},"image":{"@id":"https://www.iseg.ulisboa.pt/en/#/schema/logo/image/"},"sameAs":["https://www.facebook.com/iseg.pt","https://x.com/iseglisbon","https://www.instagram.com/iseglisbon/","https://www.linkedin.com/school/iseglisbon/","https://www.youtube.com/user/DMREISEG"]}]}</script>
<!-- / Yoast SEO plugin. -->

Funcionários

O Staff do ISEG fornece suporte operacional à atividade académica, e está organizado nos seguintes departamentos ou serviços:
