{"id":4,"date":"2022-11-24T15:21:49","date_gmt":"2022-11-24T15:21:49","guid":{"rendered":"https:\/\/www.iseg.ulisboa.pt\/fundacao-economicas\/?page_id=4"},"modified":"2023-01-25T09:40:44","modified_gmt":"2023-01-25T09:40:44","slug":"homepage","status":"publish","type":"page","link":"https:\/\/www.iseg.ulisboa.pt\/fundacao-economicas\/","title":{"rendered":"Homepage"},"content":{"rendered":"\n<section class=\"block-hero-full-width course-hero wf-section\">\n        <div class=\"course-hero__name\">\n            <h1 class=\"course-hero__heading has-iseg-white-color\"><span class=\"course-hero__heading-span\">Funda\u00e7\u00e3o Econ\u00f3micas<\/span><\/h1>\n    <\/div>\n            <div class=\"course-hero__backdrop has-iseg-red-background\"><\/div>\n    \n    <div class=\"course-hero__image\">\n    <img decoding=\"async\" src=\"https:\/\/www.iseg.ulisboa.pt\/fundacao-economicas\/wp-content\/uploads\/sites\/7\/2022\/11\/quelhas-3.jpeg\" class=\"image-cover\" alt=\"\" srcset=\"https:\/\/www.iseg.ulisboa.pt\/fundacao-economicas\/wp-content\/uploads\/sites\/7\/2022\/11\/quelhas-3.jpeg 1450w, https:\/\/www.iseg.ulisboa.pt\/fundacao-economicas\/wp-content\/uploads\/sites\/7\/2022\/11\/quelhas-3-300x150.jpeg 300w\" sizes=\"(max-width: 1450px) 100vw, 1450px\" \/>    <\/div>\n<\/section>\n\n<div class=\"block-key-numbers\">\n\t<div class=\"container\">\n\n\t\t<div class=\"block-key-numbers-list\">\n\t\t\t\t\t\t\t<div class=\"key-number-card one\">\n\t\t\t\t\t<div class=\"key-number-card-number\">160<\/div>\n\t\t\t\t\t<div class=\"key-numbers-card-byline\">Bolsas atribu\u00eddas pela \u2028Funda\u00e7\u00e3o Econ\u00f3micas<\/div>\n\t\t\t\t<\/div>\n\t\t\t\t\t\t\t<div class=\"key-number-card two\">\n\t\t\t\t\t<div class=\"key-number-card-number\">39<\/div>\n\t\t\t\t\t<div class=\"key-numbers-card-byline\">Livros editados pela Funda\u00e7\u00e3o Econ\u00f3micas<\/div>\n\t\t\t\t<\/div>\n\t\t\t\t\t\t\t<div class=\"key-number-card three\">\n\t\t\t\t\t<div class=\"key-number-card-number\">1997<\/div>\n\t\t\t\t\t<div class=\"key-numbers-card-byline\">Ano de constitui\u00e7\u00e3o da \u2028Funda\u00e7\u00e3o Econ\u00f3micas<\/div>\n\t\t\t\t<\/div>\n\t\t\t\t\t\t\n\t\t<\/div>\n\n\t<\/div>\n<\/div>\n\n<div class=\"block-intro-text has-iseg-pink-background\">\n\t<div class=\"intro-text\">A Funda\u00e7\u00e3o Econ\u00f3micas, fundada em 1997, tem como objecto realizar, promover e patrocinar ac\u00e7\u00f5es de investiga\u00e7\u00e3o cient\u00edfica, inova\u00e7\u00e3o e desenvolvimento de estudos relativos a temas de car\u00e1cter econ\u00f3mico, financeiro ou empresarial, por si ou em colabora\u00e7\u00e3o com quaisquer entidades nacionais, estrangeiras ou internacionais.<\/div>\n\t<div class=\"intro-text-anim-left-layer\"><\/div>\n\t<div class=\"intro-text-anim-right-layer\"><\/div>\n<\/div>\n\n\n\n<!-- Media\/text -->\n<div class=\"block-media-text\">\n\t<div class=\"container\">\n\t\t<div class=\"block-media-text__container\">\n\t\t\t<img decoding=\"async\" src=\"https:\/\/www.iseg.ulisboa.pt\/fundacao-economicas\/wp-content\/themes\/iseg\/assets\/images\/red-shape.svg\" loading=\"lazy\" alt=\"shape\" class=\"block-media-text__red-shape\" \/>\n\t\t\t<figure class=\"block-media-text__media\">\n\t\t\t\t<div class=\"media-text-anim-left-layer\"><\/div>\n\t\t\t\t<div class=\"media-text-anim-right-layer\"><\/div>\n\t\t\t\t<img decoding=\"async\" src=\"https:\/\/www.iseg.ulisboa.pt\/fundacao-economicas\/wp-content\/uploads\/sites\/7\/2023\/01\/hero-bolsas.jpeg\" class=\"image-cover\" alt=\"\" srcset=\"https:\/\/www.iseg.ulisboa.pt\/fundacao-economicas\/wp-content\/uploads\/sites\/7\/2023\/01\/hero-bolsas.jpeg 1600w, https:\/\/www.iseg.ulisboa.pt\/fundacao-economicas\/wp-content\/uploads\/sites\/7\/2023\/01\/hero-bolsas-300x150.jpeg 300w, https:\/\/www.iseg.ulisboa.pt\/fundacao-economicas\/wp-content\/uploads\/sites\/7\/2023\/01\/hero-bolsas-1536x768.jpeg 1536w\" sizes=\"(max-width: 1600px) 100vw, 1600px\" \/>\t\t\t<\/figure>\n\t\t\t<div class=\"block-media-text__content\">\n\t\t\t\t<h2 class=\"block-media-text__heading\">Bolsas de Estudo<\/h2>\n\t\t\t\t<p class=\"block-media-text__paragraph\">A Funda\u00e7\u00e3o Econ\u00f3micas atribui bolsas de estudo aos 10 melhores alunos que ingressem nos cursos de licenciatura do ISEG, com uma nota de candidatura igual ou superior a dezasseis valores.<\/p>\n\t\t\t\t\t\t\t\t\t<a href=\"https:\/\/www.iseg.ulisboa.pt\/fundacao-economicas\/?megamenu=bolsas-de-estudo\" class=\"link-learnmore\" title=\"Bolsas de Estudo\" target=\"_self\">\n\t\t\t\t\t\tBolsas de Estudo\t\t\t\t\t<\/a>\n\t\t\t\t\t\t\t<\/div>\n\t\t<\/div>\n\t<\/div>\n<\/div>\n\n\n\n<!-- Media\/text -->\n<div class=\"block-media-text-inverted\">\n\t<div class=\"container\">\n\t\t<div class=\"block-media-text-inverted__container\">\n\t\t\t<img decoding=\"async\" src=\"https:\/\/www.iseg.ulisboa.pt\/fundacao-economicas\/wp-content\/themes\/iseg\/assets\/images\/red-shape-inverted.svg\" loading=\"lazy\" alt=\"shape\" class=\"block-media-text-inverted__red-shape\" \/>\n\t\t\t<figure class=\"block-media-text-inverted__media\">\n\t\t\t\t<div class=\"media-text-anim-left-layer\"><\/div>\n\t\t\t\t<div class=\"media-text-anim-right-layer\"><\/div>\n\t\t\t\t<img decoding=\"async\" src=\"https:\/\/www.iseg.ulisboa.pt\/fundacao-economicas\/wp-content\/uploads\/sites\/7\/2022\/11\/colecao-economicas.png\" class=\"image-cover\" alt=\"\" srcset=\"https:\/\/www.iseg.ulisboa.pt\/fundacao-economicas\/wp-content\/uploads\/sites\/7\/2022\/11\/colecao-economicas.png 1649w, https:\/\/www.iseg.ulisboa.pt\/fundacao-economicas\/wp-content\/uploads\/sites\/7\/2022\/11\/colecao-economicas-300x193.png 300w, https:\/\/www.iseg.ulisboa.pt\/fundacao-economicas\/wp-content\/uploads\/sites\/7\/2022\/11\/colecao-economicas-1536x987.png 1536w\" sizes=\"(max-width: 1649px) 100vw, 1649px\" \/>\t\t\t<\/figure>\n\t\t\t<div class=\"block-media-text-inverted__content\">\n\t\t\t\t<h2 class=\"block-media-text-inverted__heading\">Cole\u00e7\u00e3o Econ\u00f3micas<\/h2>\n\t\t\t\t<p class=\"block-media-text__paragraph\">A Funda\u00e7\u00e3o Econ\u00f3micas apoia a publica\u00e7\u00e3o de trabalhos desenvolvidos por docentes do ISEG atrav\u00e9s do Projecto de edi\u00e7\u00e3o de livros &quot;Colec\u00e7\u00e3o Econ\u00f3micas&quot;.<\/p>\n\t\t\t\t\t\t\t\t\t<a href=\"https:\/\/www.iseg.ulisboa.pt\/fundacao-economicas\/colecao-economicas\/\" class=\"link-learnmore\" title=\"Saiba mais\" target=\"_self\">\n\t\t\t\t\t\tSaiba mais\t\t\t\t\t<\/a>\n\t\t\t\t\t\t\t<\/div>\n\t\t<\/div>\n\t<\/div>\n<\/div>\n","protected":false},"excerpt":{"rendered":"","protected":false},"author":2,"featured_media":0,"parent":0,"menu_order":0,"comment_status":"closed","ping_status":"closed","template":"tpl-page-blocks.php","meta":{"inline_featured_image":false,"footnotes":""},"acf":[],"_links":{"self":[{"href":"https:\/\/www.iseg.ulisboa.pt\/fundacao-economicas\/wp-json\/wp\/v2\/pages\/4"}],"collection":[{"href":"https:\/\/www.iseg.ulisboa.pt\/fundacao-economicas\/wp-json\/wp\/v2\/pages"}],"about":[{"href":"https:\/\/www.iseg.ulisboa.pt\/fundacao-economicas\/wp-json\/wp\/v2\/types\/page"}],"author":[{"embeddable":true,"href":"https:\/\/www.iseg.ulisboa.pt\/fundacao-economicas\/wp-json\/wp\/v2\/users\/2"}],"replies":[{"embeddable":true,"href":"https:\/\/www.iseg.ulisboa.pt\/fundacao-economicas\/wp-json\/wp\/v2\/comments?post=4"}],"version-history":[{"count":17,"href":"https:\/\/www.iseg.ulisboa.pt\/fundacao-economicas\/wp-json\/wp\/v2\/pages\/4\/revisions"}],"predecessor-version":[{"id":204,"href":"https:\/\/www.iseg.ulisboa.pt\/fundacao-economicas\/wp-json\/wp\/v2\/pages\/4\/revisions\/204"}],"wp:attachment":[{"href":"https:\/\/www.iseg.ulisboa.pt\/fundacao-economicas\/wp-json\/wp\/v2\/media?parent=4"}],"curies":[{"name":"wp","href":"https:\/\/api.w.org\/{rel}","templated":true}]}}