{"id":143,"date":"2024-11-11T16:28:25","date_gmt":"2024-11-11T16:28:25","guid":{"rendered":"https:\/\/www.iseg.ulisboa.pt\/genero-trabalho-poder\/?page_id=143"},"modified":"2025-07-01T11:01:24","modified_gmt":"2025-07-01T11:01:24","slug":"recursos","status":"publish","type":"page","link":"https:\/\/www.iseg.ulisboa.pt\/genero-trabalho-poder\/recursos\/","title":{"rendered":"Recursos"},"content":{"rendered":"\n<p><\/p>\n\n\n\n<div class=\"wp-block-group\"><div class=\"wp-block-group__inner-container is-layout-constrained wp-block-group-is-layout-constrained\">\n<h3 class=\"wp-block-heading has-iseg-red-color has-iseg-white-background-color has-text-color has-background has-link-color wp-elements-59f26adc18fcf6d28607ca7f356f6fb2\"><sup>Normas Legais<\/sup><\/h3>\n\n\n\n<figure class=\"wp-block-table\"><table><tbody><tr><td>Estrat\u00e9gia Nacional para a Igualdade e a N\u00e3o Discrimina\u00e7\u00e3o \u2022 Planos de A\u00e7\u00e3o 2023-2026<\/td><td>Consultar <strong><a href=\"https:\/\/files.diariodarepublica.pt\/1s\/2023\/08\/15700\/0001200092.pdf\" data-type=\"link\" data-id=\"https:\/\/files.diariodarepublica.pt\/1s\/2023\/08\/15700\/0001200092.pdf\">aqui<\/a><\/strong><\/td><\/tr><tr><td>Legisla\u00e7\u00e3o e Pol\u00edticas p\u00fablicas<\/td><td>Consultar <strong><a href=\"https:\/\/womenonboards.pt\/legislacao-e-politicas-publicas\/\" data-type=\"link\" data-id=\"https:\/\/womenonboards.pt\/legislacao-e-politicas-publicas\/\">aqui<\/a><\/strong><\/td><\/tr><\/tbody><\/table><\/figure>\n<\/div><\/div>\n\n\n\n<h3 class=\"wp-block-heading has-iseg-red-color has-iseg-white-background-color has-text-color has-background has-link-color wp-elements-30b045dab2e28caa272985785e2f8163\"><sup>Guias de Apoio \/ Referenciais<\/sup><\/h3>\n\n\n\n<figure class=\"wp-block-table\"><table><tbody><tr><td>Gloss\u00e1rio adaptado \u00e0s Pol\u00edticas e Pr\u00e1ticas de Igualdade entre Mulheres e Homens no Mercado de Trabalho<\/td><td>Consultar <strong><a href=\"https:\/\/cite.gov.pt\/documents\/14333\/277248\/Glossario_Igualdade.pdf\/661a69c3-3c04-473e-9f71-b839e4891997\" data-type=\"link\" data-id=\"https:\/\/cite.gov.pt\/documents\/14333\/277248\/Glossario_Igualdade.pdf\/661a69c3-3c04-473e-9f71-b839e4891997\">aqui<\/a><\/strong><\/td><\/tr><tr><td>Guia para Avalia\u00e7\u00e3o de Postos de Trabalho, com base em crit\u00e9rios objetivos, comuns a homens e mulheres<\/td><td>Consultar <strong><a href=\"https:\/\/cite.gov.pt\/documents\/14333\/297943\/CITE+-+Guia+de+avalia%C3%A7%C3%A3o+de+diferen%C3%A7as+remunerat%C3%B3rias.pdf\/2a55800d-328a-465f-ad63-12853d3da9d6\" data-type=\"link\" data-id=\"https:\/\/cite.gov.pt\/documents\/14333\/297943\/CITE+-+Guia+de+avalia%C3%A7%C3%A3o+de+diferen%C3%A7as+remunerat%C3%B3rias.pdf\/2a55800d-328a-465f-ad63-12853d3da9d6\">aqui<\/a><\/strong><\/td><\/tr><tr><td>Instrumentos de apoio a empresas <\/td><td>Consultar <strong><a href=\"https:\/\/womenonboards.pt\/instrumentos-de-apoio-a-empresas\/\" data-type=\"link\" data-id=\"https:\/\/womenonboards.pt\/instrumentos-de-apoio-a-empresas\/\">aqui<\/a><\/strong><\/td><\/tr><\/tbody><\/table><\/figure>\n","protected":false},"excerpt":{"rendered":"Normas Legais Estrat\u00e9gia Nacional para a Igualdade e a N\u00e3o Discrimina\u00e7\u00e3o \u2022 Planos de A\u00e7\u00e3o 2023-2026Consultar aquiLegisla\u00e7\u00e3o e Pol\u00edticas p\u00fablicasConsultar aqui Guias de Apoio \/ Referenciais Gloss\u00e1rio adaptado \u00e0s Pol\u00edticas&nbsp;[&#8230;]","protected":false},"author":42,"featured_media":0,"parent":0,"menu_order":3,"comment_status":"closed","ping_status":"closed","template":"tpl-default-full-width.php","meta":{"inline_featured_image":false,"_uag_custom_page_level_css":"","footnotes":""},"acf":[],"uagb_featured_image_src":{"full":false,"thumbnail":false,"medium":false,"medium_large":false,"large":false,"1536x1536":false,"2048x2048":false,"trp-custom-language-flag":false},"uagb_author_info":{"display_name":"aribeiroadvance","author_link":"https:\/\/www.iseg.ulisboa.pt\/genero-trabalho-poder\/author\/aribeiroadvance\/"},"uagb_comment_info":0,"uagb_excerpt":"Normas Legais Estrat\u00e9gia Nacional para a Igualdade e a N\u00e3o Discrimina\u00e7\u00e3o \u2022 Planos de A\u00e7\u00e3o 2023-2026Consultar aquiLegisla\u00e7\u00e3o e Pol\u00edticas p\u00fablicasConsultar aqui Guias de Apoio \/ Referenciais Gloss\u00e1rio adaptado \u00e0s Pol\u00edticas&nbsp;[...]","_links":{"self":[{"href":"https:\/\/www.iseg.ulisboa.pt\/genero-trabalho-poder\/wp-json\/wp\/v2\/pages\/143"}],"collection":[{"href":"https:\/\/www.iseg.ulisboa.pt\/genero-trabalho-poder\/wp-json\/wp\/v2\/pages"}],"about":[{"href":"https:\/\/www.iseg.ulisboa.pt\/genero-trabalho-poder\/wp-json\/wp\/v2\/types\/page"}],"author":[{"embeddable":true,"href":"https:\/\/www.iseg.ulisboa.pt\/genero-trabalho-poder\/wp-json\/wp\/v2\/users\/42"}],"replies":[{"embeddable":true,"href":"https:\/\/www.iseg.ulisboa.pt\/genero-trabalho-poder\/wp-json\/wp\/v2\/comments?post=143"}],"version-history":[{"count":28,"href":"https:\/\/www.iseg.ulisboa.pt\/genero-trabalho-poder\/wp-json\/wp\/v2\/pages\/143\/revisions"}],"predecessor-version":[{"id":679,"href":"https:\/\/www.iseg.ulisboa.pt\/genero-trabalho-poder\/wp-json\/wp\/v2\/pages\/143\/revisions\/679"}],"wp:attachment":[{"href":"https:\/\/www.iseg.ulisboa.pt\/genero-trabalho-poder\/wp-json\/wp\/v2\/media?parent=143"}],"curies":[{"name":"wp","href":"https:\/\/api.w.org\/{rel}","templated":true}]}}